000
CXAK56 PAFG 171001
CF6BTT
PRELIMINARY LOCAL CLIMATOLOGICAL DATA (WS FORM: F-6)

                                          STATION:   BETTLES AK
                                          MONTH:     OCTOBER
                                          YEAR:      2018
                                          LATITUDE:   66 55 N
                                          LONGITUDE: 151 31 W

  TEMPERATURE IN F:       :PCPN:    SNOW:  WIND      :SUNSHINE: SKY     :PK WND
================================================================================
1   2   3   4   5  6A  6B    7    8   9   10  11  12  13   14  15   16   17  18
                                     12Z  AVG MX 2MIN
DY MAX MIN AVG DEP HDD CDD  WTR  SNW DPTH SPD SPD DIR MIN PSBL S-S WX    SPD DR
================================================================================

 1  59  21  40   8  25   0 0.00  0.0    0  6.9 17  50   M    M   1        25  40
 2  57  24  41  10  24   0 0.00  0.0    0  3.8 13  20   M    M   0        14  20
 3  54  25  40  10  25   0 0.00  0.0    0  4.9 12  50   M    M   1        19  60
 4  50  25  38   9  27   0 0.00  0.0    0  7.1 15  60   M    M   2        25  60
 5  47  14  31   3  34   0 0.00  0.0    0  0.0  3  20   M    M   1         5 140
 6  47  18  33   5  32   0 0.00  0.0    0  1.0  9 120   M    M   1         9 120
 7  36   8  22  -5  43   0 0.00  0.0    0  0.4  6  20   M    M   2         6  20
 8  33   4  19  -7  46   0 0.00  0.0    0  0.1  3 190   M    M   3         3 190
 9  42  15  29   4  36   0 0.00  0.0    0  1.9  7  10   M    M   2         7  10
10  45  27  36  12  29   0    T    T    0 10.6 21  50   M    M   5 1      40  50
11  36  29  33  10  32   0 0.09  0.6    0  0.3  5 120   M    M  10 1       5 120
12  39  32  36  14  29   0 0.03  0.0    0  2.3  9 360   M    M   8 1       9 360
13  37  31  34  12  31   0 0.36    M    0  0.8  5  20   M    M  10 1       5  20
14  34  28  31  10  34   0 0.03    T    0  1.0  6 240   M    M  10 12      6 240
15  37  25  31  11  34   0 0.00  0.0    0  6.1 17  20   M    M   5        25  20
16  38  29  34  15  31   0 0.40  1.7    2  3.3 12  30   M    M  10 1      23  20
================================================================================
SM  691  355       512   0  0.91     2.3  50.5          M       71
================================================================================
AV 43.2 22.2                               3.2 FASTST   M    M   4    MAX(MPH)
                                 MISC ---->  # 21  50               # 40   50
================================================================================
NOTES:
# LAST OF SEVERAL OCCURRENCES

COLUMN 17 PEAK WIND IN M.P.H.

PRELIMINARY LOCAL CLIMATOLOGICAL DATA (WS FORM: F-6) , PAGE 2

                                          STATION:  BETTLES AK
                                          MONTH:    OCTOBER
                                          YEAR:     2018
                                          LATITUDE:   66 55 N
                                          LONGITUDE: 151 31 W

[TEMPERATURE DATA]      [PRECIPITATION DATA]       SYMBOLS USED IN COLUMN 16

AVERAGE MONTHLY: 32.7   TOTAL FOR MONTH:   0.91    1 = FOG OR MIST
DPTR FM NORMAL:   7.2   DPTR FM NORMAL:    0.30    2 = FOG REDUCING VISIBILITY
HIGHEST:    59 ON  1    GRTST 24HR  0.40 ON 16-16      TO 1/4 MILE OR LESS
LOWEST:      4 ON  8                               3 = THUNDER
                        SNOW, ICE PELLETS, HAIL    4 = ICE PELLETS
                        TOTAL MONTH:   2.3 INCHES  5 = HAIL
                        GRTST 24HR   1.7 ON 16-16  6 = FREEZING RAIN OR DRIZZLE
                        GRTST DEPTH:   2 ON 16     7 = DUSTSTORM OR SANDSTORM:
                                                       VSBY 1/2 MILE OR LESS
                                                   8 = SMOKE OR HAZE
[NO. OF DAYS WITH]      [WEATHER - DAYS WITH]      9 = BLOWING SNOW
                                                   X = TORNADO
MAX 32 OR BELOW:   0    0.01 INCH OR MORE:   5
MAX 90 OR ABOVE:   0    0.10 INCH OR MORE:   2
MIN 32 OR BELOW:  16    0.50 INCH OR MORE:   0
MIN  0 OR BELOW:   0    1.00 INCH OR MORE:   0

[HDD (BASE 65) ]
TOTAL THIS MO.   512    CLEAR  (SCALE 0-3)   9
DPTR FM NORMAL  -122    PTCLDY (SCALE 4-7)   2
TOTAL FM JUL 1  1715    CLOUDY (SCALE 8-10)  5
DPTR FM NORMAL  -223

[CDD (BASE 65) ]
TOTAL THIS MO.     0
DPTR FM NORMAL     0    [PRESSURE DATA]
TOTAL FM JAN 1    26    HIGHEST SLP M ON M
DPTR FM NORMAL   -10    LOWEST  SLP 29.35 ON 10

[REMARKS]
