000
CXUS51 KBTV 180700
CF6BTV
PRELIMINARY LOCAL CLIMATOLOGICAL DATA (WS FORM: F-6)

                                          STATION:   BURLINGTON VT
                                          MONTH:     OCTOBER
                                          YEAR:      2018
                                          LATITUDE:   44 28 N
                                          LONGITUDE:  73  9 W

  TEMPERATURE IN F:       :PCPN:    SNOW:  WIND      :SUNSHINE: SKY     :PK WND
================================================================================
1   2   3   4   5  6A  6B    7    8   9   10  11  12  13   14  15   16   17  18
                                     12Z  AVG MX 2MIN
DY MAX MIN AVG DEP HDD CDD  WTR  SNW DPTH SPD SPD DIR MIN PSBL S-S WX    SPD DR
================================================================================

 1  55  49  52  -2  13   0 0.33  0.0    0  3.6  9 330   M    M  10 1      11 350
 2  57  50  54   1  11   0 0.89  0.0    0  4.3 13 120   M    M  10 1      16 130
 3  58  51  55   2  10   0 0.10  0.0    0  6.2 17 340   M    M   8 1      23 330
 4  71  51  61   8   4   0    T  0.0    0 15.2 29 180   M    M   6        40 170
 5  55  40  48  -4  17   0 0.00  0.0    0  5.8 14 330   M    M   4        20 360
 6  64  42  53   1  12   0    T  0.0    0  9.5 23 190   M    M   8        34 180
 7  64  48  56   5   9   0 0.15  0.0    0  8.5 15 350   M    M  10 1      19 350
 8  62  48  55   4  10   0 0.00  0.0    0  8.0 26 190   M    M  10        37 200
 9  80  62  71  21   0   6 0.00  0.0    0 14.7 24 180   M    M   4        34 180
10  82  56  69  19   0   4 0.00  0.0    0 10.6 18 190   M    M   4 1      25 190
11  73  56  65  15   0   0 1.46  0.0    0  8.8 21 190   M    M   9 1      28 170
12  61  48  55   6  10   0    T    M    0  9.5 21 320   M    M   7        26 310
13  52  39  46  -3  19   0    T    M    0  6.2 17 290   M    M   8        23 290
14  57  38  48  -1  17   0 0.00  0.0    0  3.5 10 180   M    M   5        17 220
15  59  40  50   2  15   0 0.12  0.0    0 10.4 30 290   M    M   7 1      38 280
16  53  43  48   0  17   0 0.00  0.0    0 12.0 23 270   M    M   7        40 280
17  51  38  45  -3  20   0 0.13    T    0 13.7 29 320   M    M   9 45     36 330
================================================================================
SM 1054  799       184  10  3.18    T    150.5          M      126
================================================================================
AV 62.0 47.0                               8.9 FASTST   M    M   7    MAX(MPH)
                                 MISC ---->  # 30 290               # 40  280
================================================================================
NOTES:
# LAST OF SEVERAL OCCURRENCES

COLUMN 17 PEAK WIND IN M.P.H.

PRELIMINARY LOCAL CLIMATOLOGICAL DATA (WS FORM: F-6) , PAGE 2

                                          STATION:  BURLINGTON VT
                                          MONTH:    OCTOBER
                                          YEAR:     2018
                                          LATITUDE:   44 28 N
                                          LONGITUDE:  73  9 W

[TEMPERATURE DATA]      [PRECIPITATION DATA]       SYMBOLS USED IN COLUMN 16

AVERAGE MONTHLY: 54.5   TOTAL FOR MONTH:   3.18    1 = FOG OR MIST
DPTR FM NORMAL:   3.9   DPTR FM NORMAL:    1.13    2 = FOG REDUCING VISIBILITY
HIGHEST:    82 ON 10    GRTST 24HR  1.46 ON 11-11      TO 1/4 MILE OR LESS
LOWEST:     38 ON 17,14                            3 = THUNDER
                        SNOW, ICE PELLETS, HAIL    4 = ICE PELLETS
                        TOTAL MONTH:    T          5 = HAIL
                        GRTST 24HR    T  ON 17-17  6 = FREEZING RAIN OR DRIZZLE
                        GRTST DEPTH:   0           7 = DUSTSTORM OR SANDSTORM:
                                                       VSBY 1/2 MILE OR LESS
                                                   8 = SMOKE OR HAZE
[NO. OF DAYS WITH]      [WEATHER - DAYS WITH]      9 = BLOWING SNOW
                                                   X = TORNADO
MAX 32 OR BELOW:   0    0.01 INCH OR MORE:   7
MAX 90 OR ABOVE:   0    0.10 INCH OR MORE:   7
MIN 32 OR BELOW:   0    0.50 INCH OR MORE:   2
MIN  0 OR BELOW:   0    1.00 INCH OR MORE:   1

[HDD (BASE 65) ]
TOTAL THIS MO.   184    CLEAR  (SCALE 0-3)   0
DPTR FM NORMAL   -62    PTCLDY (SCALE 4-7)   9
TOTAL FM JUL 1   284    CLOUDY (SCALE 8-10)  8
DPTR FM NORMAL  -179

[CDD (BASE 65) ]
TOTAL THIS MO.    10
DPTR FM NORMAL    10    [PRESSURE DATA]
TOTAL FM JAN 1   916    HIGHEST SLP M ON M
DPTR FM NORMAL   427    LOWEST  SLP 29.54 ON M

[REMARKS]
