000
CXUS51 KBUF 171205
CF6BUF
PRELIMINARY LOCAL CLIMATOLOGICAL DATA (WS FORM: F-6)

                                          STATION:   BUFFALO NY
                                          MONTH:     DECEMBER
                                          YEAR:      2017
                                          LATITUDE:   42 55 N
                                          LONGITUDE:  78 44 W

  TEMPERATURE IN F:       :PCPN:    SNOW:  WIND      :SUNSHINE: SKY     :PK WND
================================================================================
1   2   3   4   5  6A  6B    7    8   9   10  11  12  13   14  15   16   17  18
                                     12Z  AVG MX 2MIN
DY MAX MIN AVG DEP HDD CDD  WTR  SNW DPTH SPD SPD DIR MIN PSBL S-S WX    SPD DR
================================================================================

 1  47  33  40   5  25   0 0.00  0.0    0  6.2 15 280   M    M   7        20 300
 2  44  32  38   3  27   0 0.00  0.0    0  3.5  9 140   M    M   9        11 140
 3  47  33  40   6  25   0 0.00  0.0    0  6.1 16 230   M    M   4 18     20 230
 4  52  32  42   8  23   0    T  0.0    0  9.6 22 170   M    M   7 1      28 180
 5  53  35  44  10  21   0 0.46    T    0 22.3 40 240   M    M  10        51 260
 6  37  32  35   2  30   0 0.24  1.7    T 22.1 33 230   M    M   8 158    50 240
 7  34  27  31  -2  34   0    T    T    1 12.8 22 260   M    M   9        29 280
 8  31  24  28  -4  37   0 0.11  2.6    2 15.9 30 210   M    M   8 19     37 200
 9  33  23  28  -4  37   0    T    T    2  8.0 15 220   M    M   9        20 190
10  29  27  28  -4  37   0 0.05  2.1    1 12.7 24 270   M    M  10 13     36 260
11  28  24  26  -5  39   0 0.07  1.4    3  5.4 10 350   M    M  10 1      13 250
12  31  12  22  -9  43   0 0.27  4.0    5 12.9 25 270   M    M   8 19     34 260
13  20  10  15 -16  50   0 0.07  0.9    4 10.1 20 260   M    M   8 1      24 250
14  18  11  15 -15  50   0 0.04  0.4    5  8.7 16 260   M    M   6 1      21 330
15  25  11  18 -12  47   0 0.28  5.0    5 10.8 23 260   M    M   8 123    32 270
16  26  21  24  -6  41   0 0.03  1.8    7  8.3 21 270   M    M   9 8      28 270
================================================================================
SM  555  387       566   0  1.62    19.9 175.4          M      130
================================================================================
AV 34.7 24.2                              11.0 FASTST   M    M   8    MAX(MPH)
                                 MISC ---->  # 40 240               # 51  260
================================================================================
NOTES:
# LAST OF SEVERAL OCCURRENCES

COLUMN 17 PEAK WIND IN M.P.H.

PRELIMINARY LOCAL CLIMATOLOGICAL DATA (WS FORM: F-6) , PAGE 2

                                          STATION:  BUFFALO NY
                                          MONTH:    DECEMBER
                                          YEAR:     2017
                                          LATITUDE:   42 55 N
                                          LONGITUDE:  78 44 W

[TEMPERATURE DATA]      [PRECIPITATION DATA]       SYMBOLS USED IN COLUMN 16

AVERAGE MONTHLY: 29.4   TOTAL FOR MONTH:   1.62    1 = FOG OR MIST
DPTR FM NORMAL:  -2.9   DPTR FM NORMAL:   -0.41    2 = FOG REDUCING VISIBILITY
HIGHEST:    53 ON  5    GRTST 24HR  0.46 ON  5- 5      TO 1/4 MILE OR LESS
LOWEST:     10 ON 13                               3 = THUNDER
                        SNOW, ICE PELLETS, HAIL    4 = ICE PELLETS
                        TOTAL MONTH:  19.9 INCHES  5 = HAIL
                        GRTST 24HR   5.0 ON 15-15  6 = FREEZING RAIN OR DRIZZLE
                        GRTST DEPTH:   7 ON 16     7 = DUSTSTORM OR SANDSTORM:
                                                       VSBY 1/2 MILE OR LESS
                                                   8 = SMOKE OR HAZE
[NO. OF DAYS WITH]      [WEATHER - DAYS WITH]      9 = BLOWING SNOW
                                                   X = TORNADO
MAX 32 OR BELOW:   8    0.01 INCH OR MORE:  10
MAX 90 OR ABOVE:   0    0.10 INCH OR MORE:   5
MIN 32 OR BELOW:  13    0.50 INCH OR MORE:   0
MIN  0 OR BELOW:   0    1.00 INCH OR MORE:   0

[HDD (BASE 65) ]
TOTAL THIS MO.   566    CLEAR  (SCALE 0-3)   0
DPTR FM NORMAL    42    PTCLDY (SCALE 4-7)   8
TOTAL FM JUL 1  1681    CLOUDY (SCALE 8-10)  8
DPTR FM NORMAL  -176

[CDD (BASE 65) ]
TOTAL THIS MO.     0
DPTR FM NORMAL     0    [PRESSURE DATA]
TOTAL FM JAN 1   603    HIGHEST SLP M ON M
DPTR FM NORMAL    59    LOWEST  SLP 29.52 ON 12

[REMARKS]
