081
CXUS54 KLZK 211131
CF6BVX
PRELIMINARY LOCAL CLIMATOLOGICAL DATA (WS FORM: F-6)

                                          STATION:   Batesville Regional Airport
                                          MONTH:     OCTOBER
                                          YEAR:      2018
                                          LATITUDE:   35 43 N
                                          LONGITUDE:  91 39 W

  TEMPERATURE IN F:       :PCPN:    SNOW:  WIND      :SUNSHINE: SKY     :PK WND
================================================================================
1   2   3   4   5  6A  6B    7    8   9   10  11  12  13   14  15   16   17  18
                                     12Z  AVG MX 2MIN
DY MAX MIN AVG DEP HDD CDD  WTR  SNW DPTH SPD SPD DIR MIN PSBL S-S WX    SPD DR
================================================================================

 1  80  64  72   7   0   7 0.14    M    M  2.4  6 160   M    M   3         M  M
 2  88  67  78  13   0  13 0.00    M    M  3.7  8 210   M    M   1         M  M
 3  88  70  79  14   0  14 0.00    M    M  6.5 14 210   M    M   1        16 210
 4  89  71  80  16   0  15    T    M    M  4.0  8 210   M    M   1         M  M
 5  89  71  80  16   0  15 0.00    M    M  4.3 12 220   M    M   0        16 220
 6  88  69  79  15   0  14 0.00    M    M  3.5 10 150   M    M   1         M  M
 7  87  69  78  15   0  13 0.00    M    M  5.4 12 150   M    M   3         M  M
 8  85  67  76  13   0  11 0.00    M    M  5.7 10 170   M    M   3 8       M  M
 9  83  66  75  13   0  10 0.28    M    M  8.8 13 130   M    M   6 13     22 130
10  82  56  69   7   0   4 0.09    M    M  7.0 10 300   M    M   4        20 320
11  67  48  58  -4   7   0 0.00    M    M  5.6 10 280   M    M   0        18 320
12  58  44  51 -11  14   0    T    M    M  2.6  6 260   M    M   6         M  M
13  58  51  55  -6  10   0 0.76    M    M  6.8 12  70   M    M  10 1       M  M
14  61  52  57  -4   8   0 0.14    M    M  2.2  7  70   M    M  10 1       M  M
15  59  43  51 -10  14   0 0.88    M    M  5.0  9 330   M    M   9 1      18 340
16  50  42  46 -14  19   0    T    M    M  1.5  6 320   M    M   4         M  M
17  69  41  55  -5  10   0 0.00    M    M  2.1  5 350   M    M   0 8       M  M
18  65  45  55  -5  10   0 0.00    M    M  4.4 12  90   M    M   0 8       M  M
19  59  42  51  -8  14   0 0.71    M    M  1.6  8 300   M    M   6 1       M  M
20  69  51  60   1   5   0 0.01    M    M  5.7 10 320   M    M   2        18 320
================================================================================
SM 1474 1129       111 116  3.01    M     88.8          M       70
================================================================================
AV 73.7 56.5                               4.4 FASTST   M    M   4    MAX(MPH)
                                 MISC ---->  # 14 210               # 22  130
================================================================================
NOTES:
# LAST OF SEVERAL OCCURRENCES

COLUMN 17 PEAK WIND IN M.P.H.

PRELIMINARY LOCAL CLIMATOLOGICAL DATA (WS FORM: F-6) , PAGE 2

                                          STATION:  Batesville Regional Airport
                                          MONTH:    OCTOBER
                                          YEAR:     2018
                                          LATITUDE:   35 43 N
                                          LONGITUDE:  91 39 W

[TEMPERATURE DATA]      [PRECIPITATION DATA]       SYMBOLS USED IN COLUMN 16

AVERAGE MONTHLY: 65.1   TOTAL FOR MONTH:   3.01    1 = FOG OR MIST
DPTR FM NORMAL:   3.0   DPTR FM NORMAL:    0.40    2 = FOG REDUCING VISIBILITY
HIGHEST:    89 ON  5, 4 GRTST 24HR  0.88 ON 15-15      TO 1/4 MILE OR LESS
LOWEST:     41 ON 17                               3 = THUNDER
                        SNOW, ICE PELLETS, HAIL    4 = ICE PELLETS
                        TOTAL MONTH:    M          5 = HAIL
                        GRTST 24HR    M  ON   M    6 = FREEZING RAIN OR DRIZZLE
                        GRTST DEPTH:  M  ON   M    7 = DUSTSTORM OR SANDSTORM:
                                                       VSBY 1/2 MILE OR LESS
                                                   8 = SMOKE OR HAZE
[NO. OF DAYS WITH]      [WEATHER - DAYS WITH]      9 = BLOWING SNOW
                                                   X = TORNADO
MAX 32 OR BELOW:   0    0.01 INCH OR MORE:   8
MAX 90 OR ABOVE:   0    0.10 INCH OR MORE:   6
MIN 32 OR BELOW:   0    0.50 INCH OR MORE:   3
MIN  0 OR BELOW:   0    1.00 INCH OR MORE:   0

[HDD (BASE 65) ]
TOTAL THIS MO.   111    CLEAR  (SCALE 0-3)  11
DPTR FM NORMAL    16    PTCLDY (SCALE 4-7)   6
TOTAL FM JUL 1   113    CLOUDY (SCALE 8-10)  3
DPTR FM NORMAL    -9

[CDD (BASE 65) ]
TOTAL THIS MO.   116
DPTR FM NORMAL    79    [PRESSURE DATA]
TOTAL FM JAN 1  2192    HIGHEST SLP M ON M
DPTR FM NORMAL   461    LOWEST  SLP 29.71 ON  9

[REMARKS]
