000
CXUS54 KLZK 201130
CF6BVX
PRELIMINARY LOCAL CLIMATOLOGICAL DATA (WS FORM: F-6)

                                          STATION:   Batesville Regional Airport
                                          MONTH:     JULY
                                          YEAR:      2018
                                          LATITUDE:   35 43 N
                                          LONGITUDE:  91 39 W

  TEMPERATURE IN F:       :PCPN:    SNOW:  WIND      :SUNSHINE: SKY     :PK WND
================================================================================
1   2   3   4   5  6A  6B    7    8   9   10  11  12  13   14  15   16   17  18
                                     12Z  AVG MX 2MIN
DY MAX MIN AVG DEP HDD CDD  WTR  SNW DPTH SPD SPD DIR MIN PSBL S-S WX    SPD DR
================================================================================

 1  98  77  88   8   0  23 0.00    M    M  6.7 18 220   M    M   0        32 210
 2  95  72  84   4   0  19 0.00    M    M  4.2 10 100   M    M   0         M  M
 3  92  73  83   3   0  18 0.00    M    M  6.4 15  80   M    M   2        22  90
 4  95  74  85   5   0  20 0.00    M    M  6.7 16 100   M    M   1        22 120
 5  96  74  85   5   0  20 0.00    M    M  5.1 13 100   M    M   0        18 100
 6   M   M   M   M   M   M 0.02    M    0  3.4  9  60   M    M   1 3       M  M
 7   M   M   M   M   M   M    M    M    M   M   M   M   M    M   M         M  M
 8   M   M   M   M   M   M    M    M    M   M   M   M   M    M   M         M  M
 9   M   M   M   M   M   M    M    M    M   M   M   M   M    M   M         M  M
10  93  72  83   2   0  18 0.00  0.0    M  2.0  6 110   M    M   0         M  M
11  96  73  85   4   0  20 0.00  0.0    0  3.3  9  80   M    M   0         M  M
12  95  74  85   4   0  20 0.00  0.0    0  4.7 12 100   M    M   0 18      M  M
13  97  73  85   4   0  20 0.00  0.0    0  4.4  9 120   M    M   0 1      22 120
14 100  79  90   9   0  25    T  0.0    0  4.4  9 200   M    M   1         M  M
15  97  75  86   5   0  21 0.11  0.0    0  4.1 13 100   M    M   2 3       M  M
16  92  74  83   2   0  18 0.02  0.0    0  1.8  8 260   M    M   0 3       M  M
17  95  71  83   2   0  18 0.19  0.0    0  2.4  8  80   M    M   0 13      M  M
18  85  73  79  -2   0  14 0.07  0.0    0  2.4  7  90   M    M   7 13      M  M
19  93  72  83   2   0  18 0.20  0.0    0  4.1 10  70   M    M   6 13      M  M
================================================================================
SM 1419 1106         0 292  0.61     0.0  66.1          M       20
================================================================================
AV 94.6 73.7                               4.1 FASTST   M    M   1    MAX(MPH)
                                 MISC ---->  # 18 220               # 32  210
================================================================================
NOTES:
# LAST OF SEVERAL OCCURRENCES

COLUMN 17 PEAK WIND IN M.P.H.

PRELIMINARY LOCAL CLIMATOLOGICAL DATA (WS FORM: F-6) , PAGE 2

                                          STATION:  Batesville Regional Airport
                                          MONTH:    JULY
                                          YEAR:     2018
                                          LATITUDE:   35 43 N
                                          LONGITUDE:  91 39 W

[TEMPERATURE DATA]      [PRECIPITATION DATA]       SYMBOLS USED IN COLUMN 16

AVERAGE MONTHLY: 84.2   TOTAL FOR MONTH:   0.61    1 = FOG OR MIST
DPTR FM NORMAL:   3.6   DPTR FM NORMAL:   -1.71    2 = FOG REDUCING VISIBILITY
HIGHEST:   100 ON 14    GRTST 24HR  0.50 ON 30- 1      TO 1/4 MILE OR LESS
LOWEST:     71 ON 17                               3 = THUNDER
                        SNOW, ICE PELLETS, HAIL    4 = ICE PELLETS
                        TOTAL MONTH:   0.0 INCH    5 = HAIL
                        GRTST 24HR     0.0         6 = FREEZING RAIN OR DRIZZLE
                        GRTST DEPTH:   0           7 = DUSTSTORM OR SANDSTORM:
                                                       VSBY 1/2 MILE OR LESS
                                                   8 = SMOKE OR HAZE
[NO. OF DAYS WITH]      [WEATHER - DAYS WITH]      9 = BLOWING SNOW
                                                   X = TORNADO
MAX 32 OR BELOW:   0    0.01 INCH OR MORE:   6
MAX 90 OR ABOVE:  14    0.10 INCH OR MORE:   3
MIN 32 OR BELOW:   0    0.50 INCH OR MORE:   0
MIN  0 OR BELOW:   0    1.00 INCH OR MORE:   0

[HDD (BASE 65) ]
TOTAL THIS MO.     0    CLEAR  (SCALE 0-3)  14
DPTR FM NORMAL     0    PTCLDY (SCALE 4-7)   2
TOTAL FM JUL 1     0    CLOUDY (SCALE 8-10)  0
DPTR FM NORMAL     0

[CDD (BASE 65) ]
TOTAL THIS MO.   292
DPTR FM NORMAL    -4    [PRESSURE DATA]
TOTAL FM JAN 1  1109    HIGHEST SLP M ON M
DPTR FM NORMAL   282    LOWEST  SLP M ON M

[REMARKS]
