000
CXUS51 KLWX 190620
CF6BWI
PRELIMINARY LOCAL CLIMATOLOGICAL DATA (WS FORM: F-6)

                                          STATION:   BALTIMORE MD
                                          MONTH:     OCTOBER
                                          YEAR:      2018
                                          LATITUDE:   39 10 N
                                          LONGITUDE:  76 40 W

  TEMPERATURE IN F:       :PCPN:    SNOW:  WIND      :SUNSHINE: SKY     :PK WND
================================================================================
1   2   3   4   5  6A  6B    7    8   9   10  11  12  13   14  15   16   17  18
                                     12Z  AVG MX 2MIN
DY MAX MIN AVG DEP HDD CDD  WTR  SNW DPTH SPD SPD DIR MIN PSBL S-S WX    SPD DR
================================================================================

 1  83  60  72  10   0   7 0.00  0.0    0  3.5  9 150   M    M   5        13 220
 2  83  63  73  12   0   8 0.00  0.0    0  5.3 15 220   M    M   6        19 220
 3  84  64  74  13   0   9 0.00  0.0    0  4.4 13 280   M    M   5 1      17 360
 4  88  63  76  16   0  11 0.19  0.0    0  3.4 15 290   M    M   8 13     22 300
 5  73  63  68   8   0   3    T  0.0    0  7.2 14  50   M    M  10 1      23  30
 6  73  64  69   9   0   4    T  0.0    0  2.4  8 140   M    M   9 1      10 130
 7  84  70  77  18   0  12 0.00  0.0    0  3.0  9 200   M    M   6 18     11 170
 8  83  69  76  17   0  11 0.00  0.0    0  5.0 16  90   M    M   7 128    19 100
 9  81  67  74  16   0   9    T  0.0    0  3.7 10  80   M    M   8 1      13  70
10  83  69  76  18   0  11    T  0.0    0  3.3 12 150   M    M   7        15 140
11  83  69  76  18   0  11 0.77  0.0    0  5.5 15 340   M    M  10 13     24 350
12  69  49  59   2   6   0 0.00  0.0    0 10.1 26 300   M    M   3        36 300
13  60  44  52  -5  13   0 0.06  0.0    0  6.3 20 290   M    M   7 1      27 280
14  56  44  50  -7  15   0 0.03  0.0    0  0.9  6  50   M    M   9 1      10  40
15  71  55  63   7   2   0 0.16  0.0    0  6.4 25 310   M    M   9 1      35 310
16  64  51  58   2   7   0 0.00  0.0    0  7.3 16 300   M    M   8        25 300
17  67  45  56   0   9   0 0.00  0.0    0 10.1 30 270   M    M   5        38 270
18  57  39  48  -7  17   0 0.00  0.0    0  6.2 17 290   M    M   3        24 260
================================================================================
SM 1342 1048        69  96  1.21     0.0  94.0          M      125
================================================================================
AV 74.6 58.2                               5.2 FASTST   M    M   7    MAX(MPH)
                                 MISC ---->  # 30 270               # 38  270
================================================================================
NOTES:
# LAST OF SEVERAL OCCURRENCES

COLUMN 17 PEAK WIND IN M.P.H.

PRELIMINARY LOCAL CLIMATOLOGICAL DATA (WS FORM: F-6) , PAGE 2

                                          STATION:  BALTIMORE MD
                                          MONTH:    OCTOBER
                                          YEAR:     2018
                                          LATITUDE:   39 10 N
                                          LONGITUDE:  76 40 W

[TEMPERATURE DATA]      [PRECIPITATION DATA]       SYMBOLS USED IN COLUMN 16

AVERAGE MONTHLY: 66.4   TOTAL FOR MONTH:   1.21    1 = FOG OR MIST
DPTR FM NORMAL:   8.1   DPTR FM NORMAL:   -0.75    2 = FOG REDUCING VISIBILITY
HIGHEST:    88 ON  4    GRTST 24HR  0.77 ON 11-11      TO 1/4 MILE OR LESS
LOWEST:     39 ON 18                               3 = THUNDER
                        SNOW, ICE PELLETS, HAIL    4 = ICE PELLETS
                        TOTAL MONTH:   0.0 INCH    5 = HAIL
                        GRTST 24HR     0.0         6 = FREEZING RAIN OR DRIZZLE
                        GRTST DEPTH:   0           7 = DUSTSTORM OR SANDSTORM:
                                                       VSBY 1/2 MILE OR LESS
                                                   8 = SMOKE OR HAZE
[NO. OF DAYS WITH]      [WEATHER - DAYS WITH]      9 = BLOWING SNOW
                                                   X = TORNADO
MAX 32 OR BELOW:   0    0.01 INCH OR MORE:   5
MAX 90 OR ABOVE:   0    0.10 INCH OR MORE:   3
MIN 32 OR BELOW:   0    0.50 INCH OR MORE:   1
MIN  0 OR BELOW:   0    1.00 INCH OR MORE:   0

[HDD (BASE 65) ]
TOTAL THIS MO.    69    CLEAR  (SCALE 0-3)   1
DPTR FM NORMAL   -69    PTCLDY (SCALE 4-7)  11
TOTAL FM JUL 1    79    CLOUDY (SCALE 8-10)  6
DPTR FM NORMAL  -112

[CDD (BASE 65) ]
TOTAL THIS MO.    96
DPTR FM NORMAL    81    [PRESSURE DATA]
TOTAL FM JAN 1  1615    HIGHEST SLP M ON M
DPTR FM NORMAL   455    LOWEST  SLP 29.49 ON 11

[REMARKS]
