000
CXUS55 KRIW 160945
CF6BYG
PRELIMINARY LOCAL CLIMATOLOGICAL DATA (WS FORM: F-6)

                                          STATION:   BUFFALO WY
                                          MONTH:     JUNE
                                          YEAR:      2019
                                          LATITUDE:   44 22 N
                                          LONGITUDE: 106 43 W

  TEMPERATURE IN F:       :PCPN:    SNOW:  WIND      :SUNSHINE: SKY     :PK WND
================================================================================
1   2   3   4   5  6A  6B    7    8   9   10  11  12  13   14  15   16   17  18
                                     12Z  AVG MX 2MIN
DY MAX MIN AVG DEP HDD CDD  WTR  SNW DPTH SPD SPD DIR MIN PSBL S-S WX    SPD DR
================================================================================

 1  71  47  59   3   6   0    T    M    M  6.8 16 170   M    M   1 3      20 170
 2  78  49  64   8   1   0 0.00    M    M  4.6 10 250   M    M   0 3      14 150
 3  80  54  67  10   0   2 0.05    M    M  7.6 22 350   M    M   0 3      28 340
 4  74  56  65   8   0   0 0.00    M    M 10.4 30 340   M    M   1        39 340
 5  73  53  63   6   2   0    T    M    M 10.5 30 350   M    M   1 3      37 360
 6  86  56  71  13   0   6 0.00    M    M 10.8 24 150   M    M   0        32 140
 7  74  46  60   2   5   0 0.04    M    M 13.1 30 350   M    M   3 3      36 350
 8  47  35  41 -17  24   0 0.12    M    M 15.2 35 340   M    M   8 1      42 340
 9  61  33  47 -12  18   0    T    M    M  5.6 20 350   M    M   3        25 340
10  67  40  54  -5  11   0 0.00  0.0    M  5.9 18  10   M    M   4        23  10
11  66  45  56  -3   9   0 0.06    M    M 13.3 33 360   M    M   8        41 360
12  73  43  58  -2   7   0 0.00    M    M  5.3 12 150   M    M   0        14 170
13  76  52  64   4   1   0 0.05  0.0    M  5.8 15 350   M    M   1        19 330
14  73  53  63   3   2   0 0.02    M    M 11.2 28 350   M    M   4 3      34 350
15  73  52  63   2   2   0 0.04  0.0    M  8.1 24 310   M    M   5 3      31 310
================================================================================
SM 1072  714        88   8  0.38     0.0 134.2          M       39
================================================================================
AV 71.5 47.6                               8.9 FASTST   M    M   3    MAX(MPH)
                                 MISC ---->  # 35 340               # 42  340
================================================================================
NOTES:
# LAST OF SEVERAL OCCURRENCES

COLUMN 17 PEAK WIND IN M.P.H.

PRELIMINARY LOCAL CLIMATOLOGICAL DATA (WS FORM: F-6) , PAGE 2

                                          STATION:  BUFFALO WY
                                          MONTH:    JUNE
                                          YEAR:     2019
                                          LATITUDE:   44 22 N
                                          LONGITUDE: 106 43 W

[TEMPERATURE DATA]      [PRECIPITATION DATA]       SYMBOLS USED IN COLUMN 16

AVERAGE MONTHLY: 59.5   TOTAL FOR MONTH:   0.38    1 = FOG OR MIST
DPTR FM NORMAL:   1.2   DPTR FM NORMAL:   -0.92    2 = FOG REDUCING VISIBILITY
HIGHEST:    86 ON  6    GRTST 24HR  0.12 ON  8- 8      TO 1/4 MILE OR LESS
LOWEST:     33 ON  9                               3 = THUNDER
                        SNOW, ICE PELLETS, HAIL    4 = ICE PELLETS
                        TOTAL MONTH:   0.0 INCH    5 = HAIL
                        GRTST 24HR     0.0         6 = FREEZING RAIN OR DRIZZLE
                        GRTST DEPTH:  M  ON   M    7 = DUSTSTORM OR SANDSTORM:
                                                       VSBY 1/2 MILE OR LESS
                                                   8 = SMOKE OR HAZE
[NO. OF DAYS WITH]      [WEATHER - DAYS WITH]      9 = BLOWING SNOW
                                                   X = TORNADO
MAX 32 OR BELOW:   0    0.01 INCH OR MORE:   7
MAX 90 OR ABOVE:   0    0.10 INCH OR MORE:   1
MIN 32 OR BELOW:   0    0.50 INCH OR MORE:   0
MIN  0 OR BELOW:   0    1.00 INCH OR MORE:   0

[HDD (BASE 65) ]
TOTAL THIS MO.    88    CLEAR  (SCALE 0-3)   9
DPTR FM NORMAL   -23    PTCLDY (SCALE 4-7)   6
TOTAL FM JUL 1  7690    CLOUDY (SCALE 8-10)  0
DPTR FM NORMAL   325

[CDD (BASE 65) ]
TOTAL THIS MO.     8
DPTR FM NORMAL    -6    [PRESSURE DATA]
TOTAL FM JAN 1     8    HIGHEST SLP M ON M
DPTR FM NORMAL   -13    LOWEST  SLP 29.57 ON  7

[REMARKS]
