000
CXUS55 KRIW 220945
CF6BYG
PRELIMINARY LOCAL CLIMATOLOGICAL DATA (WS FORM: F-6)

                                          STATION:   BUFFALO WY
                                          MONTH:     OCTOBER
                                          YEAR:      2018
                                          LATITUDE:   44 22 N
                                          LONGITUDE: 106 43 W

  TEMPERATURE IN F:       :PCPN:    SNOW:  WIND      :SUNSHINE: SKY     :PK WND
================================================================================
1   2   3   4   5  6A  6B    7    8   9   10  11  12  13   14  15   16   17  18
                                     12Z  AVG MX 2MIN
DY MAX MIN AVG DEP HDD CDD  WTR  SNW DPTH SPD SPD DIR MIN PSBL S-S WX    SPD DR
================================================================================

 1  67  39  53   2  12   0 0.00    M    M  5.0 22 160   M    M   3 12     26 170
 2  82  48  65  15   0   0 0.00    M    M  8.6 20 170   M    M   3        25 170
 3  65  36  51   1  14   0    T    M    0 14.6 38 350   M    M   8 18     49 350
 4  53  37  45  -5  20   0    T    M    M 13.8 36 150   M    M   3        40 150
 5  47  34  41  -8  24   0    T    M    M 12.4 32 360   M    M   8 1      38 350
 6  55  30  43  -6  22   0 0.00    M    M  5.4 15 150   M    M   4        19 150
 7  46  34  40  -9  25   0 0.42    M    M  4.1 10 330   M    M  10 12     13 360
 8  39  32  36 -12  29   0 0.28    M    M  5.5 12  30   M    M  10 12     14  50
 9  36  31  34 -14  31   0 0.03    M    M  5.0 10  70   M    M  10 126    14  60
10  35  29  32 -16  33   0 0.06    M    M  5.2 12 140   M    M  10 1      15 140
11  45  27  36 -11  29   0 0.05    M    M  6.9 18 360   M    M   6 1      22 360
12  58  27  43  -4  22   0 0.00    M    M  8.7 20 170   M    M   0        23 180
13  47  22  35 -12  30   0 0.22    M    M 21.3 33 340   M    M   9 1289   40 350
14  26  17  22 -24  43   0    T    M    M 12.7 26 350   M    M   6 1      32 350
15  51  20  36 -10  29   0 0.00    M    M  7.7 17 310   M    M   2        22 300
16  57  37  47   1  18   0 0.00    M    M  8.8 22 360   M    M   3        26 350
17  63  38  51   5  14   0 0.00    M    M  9.1 18 150   M    M   0        23 150
18  67  36  52   7  13   0 0.00    M    M  6.9 17 300   M    M   0 8      22 330
19  60  38  49   4  16   0 0.00    M    M  8.8 26 330   M    M   0 8      35 330
20  72  39  56  11   9   0 0.00    M    M  8.7 20 160   M    M   0 8      23 160
21  71  45  58  14   7   0 0.00    M    M  7.6 15 160   M    M   0 8      20 170
================================================================================
SM 1142  696       440   0  1.06    M    186.8          M       95
================================================================================
AV 54.4 33.1                               8.9 FASTST   M    M   5    MAX(MPH)
                                 MISC ---->  # 38 350               # 49  350
================================================================================
NOTES:
# LAST OF SEVERAL OCCURRENCES

COLUMN 17 PEAK WIND IN M.P.H.

PRELIMINARY LOCAL CLIMATOLOGICAL DATA (WS FORM: F-6) , PAGE 2

                                          STATION:  BUFFALO WY
                                          MONTH:    OCTOBER
                                          YEAR:     2018
                                          LATITUDE:   44 22 N
                                          LONGITUDE: 106 43 W

[TEMPERATURE DATA]      [PRECIPITATION DATA]       SYMBOLS USED IN COLUMN 16

AVERAGE MONTHLY: 43.8   TOTAL FOR MONTH:   1.06    1 = FOG OR MIST
DPTR FM NORMAL:  -3.7   DPTR FM NORMAL:    0.29    2 = FOG REDUCING VISIBILITY
HIGHEST:    82 ON  2    GRTST 24HR  0.42 ON  7- 7      TO 1/4 MILE OR LESS
LOWEST:     17 ON 14                               3 = THUNDER
                        SNOW, ICE PELLETS, HAIL    4 = ICE PELLETS
                        TOTAL MONTH:    M          5 = HAIL
                        GRTST 24HR    M  ON   M    6 = FREEZING RAIN OR DRIZZLE
                        GRTST DEPTH:   0           7 = DUSTSTORM OR SANDSTORM:
                                                       VSBY 1/2 MILE OR LESS
                                                   8 = SMOKE OR HAZE
[NO. OF DAYS WITH]      [WEATHER - DAYS WITH]      9 = BLOWING SNOW
                                                   X = TORNADO
MAX 32 OR BELOW:   1    0.01 INCH OR MORE:   6
MAX 90 OR ABOVE:   0    0.10 INCH OR MORE:   3
MIN 32 OR BELOW:   9    0.50 INCH OR MORE:   0
MIN  0 OR BELOW:   0    1.00 INCH OR MORE:   0

[HDD (BASE 65) ]
TOTAL THIS MO.   440    CLEAR  (SCALE 0-3)   9
DPTR FM NORMAL    71    PTCLDY (SCALE 4-7)   6
TOTAL FM JUL 1   687    CLOUDY (SCALE 8-10)  6
DPTR FM NORMAL     4

[CDD (BASE 65) ]
TOTAL THIS MO.     0
DPTR FM NORMAL     0    [PRESSURE DATA]
TOTAL FM JAN 1   491    HIGHEST SLP M ON M
DPTR FM NORMAL     0    LOWEST  SLP 29.68 ON  2

[REMARKS]
