000
CXUS55 KPIH 161200
CF6BYI

PRELIMINARY LOCAL CLIMATOLOGICAL DATA (WS FORM: F-6)

                                          STATION:   BURLEY ID
                                          MONTH:     OCTOBER
                                          YEAR:      2018
                                          LATITUDE:   42 32 N
                                          LONGITUDE: 113 46 W

  TEMPERATURE IN F:       :PCPN:    SNOW:  WIND      :SUNSHINE: SKY     :PK WND
================================================================================
1   2   3   4   5  6A  6B    7    8   9   10  11  12  13   14  15   16   17  18
                                     12Z  AVG MX 2MIN
DY MAX MIN AVG DEP HDD CDD  WTR  SNW DPTH SPD SPD DIR MIN PSBL S-S WX    SPD DR
================================================================================

 1  77  39  58   5   7   0 0.00    M    M  4.8 15  60   M    M   0        18  50
 2  80  44  62  10   3   0 0.00    M    M  4.7 13 240   M    M   2        16 260
 3  73  57  65  13   0   0    T    M    M  9.2 24 200   M    M   6        29 210
 4  65  45  55   3  10   0 0.16    M    M 12.8 22 260   M    M   8 1      30 250
 5  59  43  51   0  14   0 0.00    M    M  7.5 20 270   M    M   3        28 270
 6  53  46  50  -1  15   0 0.07    M    M  4.1 10 280   M    M   9        15 270
 7  58  42  50  -1  15   0 0.00    M    M  9.8 17 270   M    M   7        24 260
 8  59  34  47  -3  18   0 0.00    M    M  4.8 13 260   M    M   2        16 270
 9  50  39  45  -5  20   0 0.76    M    M  8.3 21 200   M    M   9        27 200
10  50  42  46  -4  19   0 0.39    M    M  5.9 16 340   M    M  10        21 330
11  55  36  46  -3  19   0 0.01    M    M  4.8 13 270   M    M   6        17 270
12  60  33  47  -2  18   0 0.00    M    M  4.4 13 230   M    M   0 8      15 220
13  57  35  46  -3  19   0 0.03    M    M 14.4 30 270   M    M   3 1      40 270
14  47  25  36 -12  29   0 0.00    M    M  5.2 16  50   M    M   1        20  40
15  53  27  40  -8  25   0 0.00    M    M  5.6 14 210   M    M   0        16 220
================================================================================
SM  896  587       231   0  1.42    M    106.3          M       66
================================================================================
AV 59.7 39.1                               7.1 FASTST   M    M   4    MAX(MPH)
                                 MISC ---->  # 30 270               # 40  270
================================================================================
NOTES:
# LAST OF SEVERAL OCCURRENCES
PRECIPITATION SUSPECT DURING FREEZING/FROZEN EVENTS

COLUMN 17 PEAK WIND IN M.P.H.

PRELIMINARY LOCAL CLIMATOLOGICAL DATA (WS FORM: F-6) , PAGE 2

                                          STATION:  BURLEY ID
                                          MONTH:    OCTOBER
                                          YEAR:     2018
                                          LATITUDE:   42 32 N
                                          LONGITUDE: 113 46 W

[TEMPERATURE DATA]      [PRECIPITATION DATA]       SYMBOLS USED IN COLUMN 16

AVERAGE MONTHLY: 49.4   TOTAL FOR MONTH:   1.42    1 = FOG OR MIST
DPTR FM NORMAL:  -0.9   DPTR FM NORMAL:    1.08    2 = FOG REDUCING VISIBILITY
HIGHEST:    80 ON  2    GRTST 24HR  0.76 ON  9- 9      TO 1/4 MILE OR LESS
LOWEST:     25 ON 14                               3 = THUNDER
                        SNOW, ICE PELLETS, HAIL    4 = ICE PELLETS
                        TOTAL MONTH:    M          5 = HAIL
                        GRTST 24HR    M  ON   M    6 = FREEZING RAIN OR DRIZZLE
                        GRTST DEPTH:  M  ON   M    7 = DUSTSTORM OR SANDSTORM:
                                                       VSBY 1/2 MILE OR LESS
                                                   8 = SMOKE OR HAZE
[NO. OF DAYS WITH]      [WEATHER - DAYS WITH]      9 = BLOWING SNOW
                                                   X = TORNADO
MAX 32 OR BELOW:   0    0.01 INCH OR MORE:   6
MAX 90 OR ABOVE:   0    0.10 INCH OR MORE:   3
MIN 32 OR BELOW:   2    0.50 INCH OR MORE:   1
MIN  0 OR BELOW:   0    1.00 INCH OR MORE:   0

[HDD (BASE 65) ]
TOTAL THIS MO.   231    CLEAR  (SCALE 0-3)   7
DPTR FM NORMAL    11    PTCLDY (SCALE 4-7)   4
TOTAL FM JUL 1   350    CLOUDY (SCALE 8-10)  4
DPTR FM NORMAL  -140

[CDD (BASE 65) ]
TOTAL THIS MO.     0
DPTR FM NORMAL     0    [PRESSURE DATA]
TOTAL FM JAN 1   570    HIGHEST SLP M ON M
DPTR FM NORMAL   205    LOWEST  SLP 29.68 ON  2

[REMARKS]
