365
CXUS54 KHGX 240726
CF6BYY
PRELIMINARY LOCAL CLIMATOLOGICAL DATA (WS FORM: F-6)

                                          STATION:   Bay City
                                          MONTH:     JUNE
                                          YEAR:      2018
                                          LATITUDE:   28 58 N
                                          LONGITUDE:  95 52 W

  TEMPERATURE IN F:       :PCPN:    SNOW:  WIND      :SUNSHINE: SKY     :PK WND
================================================================================
1   2   3   4   5  6A  6B    7    8   9   10  11  12  13   14  15   16   17  18
                                     12Z  AVG MX 2MIN
DY MAX MIN AVG DEP HDD CDD  WTR  SNW DPTH SPD SPD DIR MIN PSBL S-S WX    SPD DR
================================================================================

 1  91  77  84   M   0  19 0.00  0.0    0  8.1 15 180   M    M   3 1      17 180
 2  91  75  83   M   0  18 0.00  0.0    0  7.0 13 180   M    M   2        20 170
 3  94  73  84   M   0  19 0.00  0.0    0  4.6 14 170   M    M   3 1       M  M
 4  93  77  85   M   0  20 0.00  0.0    0  7.1 15 180   M    M   4 1      16 270
 5  91  76  84   M   0  19 0.00  0.0    0  8.0 13 170   M    M   6 12     22 190
 6  92  75  84   M   0  19 0.00  0.0    0  6.6 12 180   M    M   3 1      17 170
 7  91  74  83   M   0  18 0.00  0.0    0  6.5 15 160   M    M   3 1      21 160
 8  92  73  83   M   0  18 0.00  0.0    0  4.8 13 160   M    M   3 18     17 130
 9  92  74  83   M   0  18 0.00  0.0    0  6.6 15 160   M    M   3        21 170
10  92  78  85   M   0  20 0.00  0.0    0 10.9 18 200   M    M   4 18     24 180
11  91  81  86   M   0  21 0.00  0.0    0 12.6 20 180   M    M   6 18     27 170
12  91  78  85   M   0  20 0.00  0.0    0  9.6 16 160   M    M   5 18     20 160
13  93  75  84   M   0  19 0.00  0.0    0  6.8 12 150   M    M   3 1      16 160
14  92  74  83   M   0  18 0.00  0.0    0  5.6 12 160   M    M   3 1      16 160
15  92  75  84   M   0  19 0.03  0.0    0  7.8 15 150   M    M   3        21 130
16  92  77  85   M   0  20 0.00  0.0    0  9.9 16 140   M    M   4 8      25 130
17  89  75  82   M   0  17 0.15  0.0    0  5.4 10 180   M    M   6 1      17 100
18  84  75  80   M   0  15 1.76  0.0    0  7.0 17 150   M    M   9 1      23 150
19  85  75  80   M   0  15 1.25  0.0    0  9.0 14 100   M    M   9 18     18 130
20  86  75  81   M   0  16 0.89  0.0    0  7.5 17 130   M    M   8        22 130
21  85  74  80   M   0  15 6.52  0.0    0  3.7 10  30   M    M   6 1       M  M
22  91  76  84   M   0  19 0.00  0.0    0  6.2 14 170   M    M   5 1      17 170
23  89  77  83   M   0  18 0.00  0.0    0 10.4 20 190   M    M   6        25 170
================================================================================
SM 2079 1739         0 420 10.60     0.0 171.7          M      107
================================================================================
AV 90.4 75.6                               7.5 FASTST   M    M   5    MAX(MPH)
                                 MISC ---->  # 20 180               # 27  170
================================================================================
NOTES:
# LAST OF SEVERAL OCCURRENCES

COLUMN 17 PEAK WIND IN M.P.H.

PRELIMINARY LOCAL CLIMATOLOGICAL DATA (WS FORM: F-6) , PAGE 2

                                          STATION:  Bay City
                                          MONTH:    JUNE
                                          YEAR:     2018
                                          LATITUDE:   28 58 N
                                          LONGITUDE:  95 52 W

[TEMPERATURE DATA]      [PRECIPITATION DATA]       SYMBOLS USED IN COLUMN 16

AVERAGE MONTHLY: 83.0   TOTAL FOR MONTH:  10.60    1 = FOG OR MIST
DPTR FM NORMAL:     M   DPTR FM NORMAL:       M    2 = FOG REDUCING VISIBILITY
HIGHEST:    94 ON  3    GRTST 24HR  6.52 ON 21-21      TO 1/4 MILE OR LESS
LOWEST:     73 ON  8, 3                            3 = THUNDER
                        SNOW, ICE PELLETS, HAIL    4 = ICE PELLETS
                        TOTAL MONTH:   0.0 INCH    5 = HAIL
                        GRTST 24HR     0.0         6 = FREEZING RAIN OR DRIZZLE
                        GRTST DEPTH:   0           7 = DUSTSTORM OR SANDSTORM:
                                                       VSBY 1/2 MILE OR LESS
                                                   8 = SMOKE OR HAZE
[NO. OF DAYS WITH]      [WEATHER - DAYS WITH]      9 = BLOWING SNOW
                                                   X = TORNADO
MAX 32 OR BELOW:   0    0.01 INCH OR MORE:   6
MAX 90 OR ABOVE:  17    0.10 INCH OR MORE:   5
MIN 32 OR BELOW:   0    0.50 INCH OR MORE:   4
MIN  0 OR BELOW:   0    1.00 INCH OR MORE:   3

[HDD (BASE 65) ]
TOTAL THIS MO.     0    CLEAR  (SCALE 0-3)   8
DPTR FM NORMAL     M    PTCLDY (SCALE 4-7)  13
TOTAL FM JUL 1  1038    CLOUDY (SCALE 8-10)  2
DPTR FM NORMAL     M

[CDD (BASE 65) ]
TOTAL THIS MO.   420
DPTR FM NORMAL     M    [PRESSURE DATA]
TOTAL FM JAN 1  1216    HIGHEST SLP M ON M
DPTR FM NORMAL     M    LOWEST  SLP M ON M

[REMARKS]
