000
CXUS54 KHGX 231415
CF6BYY
PRELIMINARY LOCAL CLIMATOLOGICAL DATA (WS FORM: F-6)

                                          STATION:   Bay City
                                          MONTH:     FEBRUARY
                                          YEAR:      2018
                                          LATITUDE:   28 58 N
                                          LONGITUDE:  95 52 W

  TEMPERATURE IN F:       :PCPN:    SNOW:  WIND      :SUNSHINE: SKY     :PK WND
================================================================================
1   2   3   4   5  6A  6B    7    8   9   10  11  12  13   14  15   16   17  18
                                     12Z  AVG MX 2MIN
DY MAX MIN AVG DEP HDD CDD  WTR  SNW DPTH SPD SPD DIR MIN PSBL S-S WX    SPD DR
================================================================================

 1  78  54  66   M   0   1 0.00  0.0    0  7.9 22 220   M    M   5 1      27 220
 2  62  53  58   M   7   0 0.00  0.0    0 11.0 17  60   M    M   9        25  70
 3  64  51  58   M   7   0 0.01  0.0    0  6.3 13  90   M    M  10 1      20  90
 4  73  62  68   M   0   3 0.00  0.0    0  5.9 12  50   M    M  10 1      18  50
 5  66  57  62   M   3   0 0.00  0.0    0  6.9 12  70   M    M  10 12     18  50
 6  77  59  68   M   0   3 0.05  0.0    0  7.6 21 160   M    M  10 12     27 170
 7  69  43  56   M   9   0 0.30    M    0 11.7 17 360   M    M  10 1      22 360
 8  52  44  48   M  17   0 0.00  0.0    0  4.1 10  20   M    M  10 1      16  20
 9  74  51  63   M   2   0 0.02  0.0    0  3.6 13 160   M    M  10 1       M  M
10  70  53  62   M   3   0 1.10  0.0    0  5.0 15 150   M    M  10 1      18 140
11  52  38  45   M  20   0 0.02  0.0    0 13.8 21  10   M    M  10 1      28 360
12  47  39  43   M  22   0 0.00  0.0    0  8.4 13  60   M    M  10        20  10
13  61  46  54   M  11   0 0.01    M    0  6.6 13  70   M    M  10 1       M  M
14  78  56  67   M   0   2 0.01  0.0    0  7.0 20 170   M    M   9 1      25 170
15  79  67  73   M   0   8 0.00  0.0    0 11.2 22 190   M    M   9 12     30 190
16  81  66  74   M   0   9 0.00  0.0    0  6.2 12 190   M    M   8 12     17 240
17  80  64  72   M   0   7 0.00  0.0    0  6.1 16 230   M    M   8 12     21 230
18  79  64  72   M   0   7 0.00  0.0    0  7.6 15 140   M    M   9 12     20 160
19  79  69  74   M   0   9 0.00  0.0    0 16.3 24 170   M    M   9 1      32 160
20  80  70  75   M   0  10 0.00  0.0    0 16.7 24 170   M    M   9        32 170
21  78  51  65   M   0   0 0.36  0.0    0 12.2 22 170   M    M  10 1      27 160
22  76  50  63   M   2   0 0.01  0.0    0  3.9 12 360   M    M  10 1       M  M
================================================================================
SM 1555 1207       103  59  1.89     0.0 186.0          M      205
================================================================================
AV 70.7 54.9                               8.5 FASTST   M    M   9    MAX(MPH)
                                 MISC ---->  # 24 170               # 32  160
================================================================================
NOTES:
# LAST OF SEVERAL OCCURRENCES

COLUMN 17 PEAK WIND IN M.P.H.

PRELIMINARY LOCAL CLIMATOLOGICAL DATA (WS FORM: F-6) , PAGE 2

                                          STATION:  Bay City
                                          MONTH:    FEBRUARY
                                          YEAR:     2018
                                          LATITUDE:   28 58 N
                                          LONGITUDE:  95 52 W

[TEMPERATURE DATA]      [PRECIPITATION DATA]       SYMBOLS USED IN COLUMN 16

AVERAGE MONTHLY: 62.8   TOTAL FOR MONTH:   1.89    1 = FOG OR MIST
DPTR FM NORMAL:     M   DPTR FM NORMAL:       M    2 = FOG REDUCING VISIBILITY
HIGHEST:    81 ON 16    GRTST 24HR  1.10 ON 10-10      TO 1/4 MILE OR LESS
LOWEST:     38 ON 11                               3 = THUNDER
                        SNOW, ICE PELLETS, HAIL    4 = ICE PELLETS
                        TOTAL MONTH:   0.0 INCH    5 = HAIL
                        GRTST 24HR     0.0         6 = FREEZING RAIN OR DRIZZLE
                        GRTST DEPTH:   0           7 = DUSTSTORM OR SANDSTORM:
                                                       VSBY 1/2 MILE OR LESS
                                                   8 = SMOKE OR HAZE
[NO. OF DAYS WITH]      [WEATHER - DAYS WITH]      9 = BLOWING SNOW
                                                   X = TORNADO
MAX 32 OR BELOW:   0    0.01 INCH OR MORE:  10
MAX 90 OR ABOVE:   0    0.10 INCH OR MORE:   3
MIN 32 OR BELOW:   0    0.50 INCH OR MORE:   1
MIN  0 OR BELOW:   0    1.00 INCH OR MORE:   1

[HDD (BASE 65) ]
TOTAL THIS MO.   103    CLEAR  (SCALE 0-3)   0
DPTR FM NORMAL     M    PTCLDY (SCALE 4-7)   1
TOTAL FM JUL 1   944    CLOUDY (SCALE 8-10) 21
DPTR FM NORMAL     M

[CDD (BASE 65) ]
TOTAL THIS MO.    59
DPTR FM NORMAL     M    [PRESSURE DATA]
TOTAL FM JAN 1    65    HIGHEST SLP M ON M
DPTR FM NORMAL     M    LOWEST  SLP M ON M

[REMARKS]
