000
CXUS55 KGJT 201000
CF6CAG
PRELIMINARY LOCAL CLIMATOLOGICAL DATA (WS FORM: F-6)

                                          STATION:   CRAIG CO
                                          MONTH:     NOVEMBER
                                          YEAR:      2018
                                          LATITUDE:   40 30 N
                                          LONGITUDE: 107 32 W

  TEMPERATURE IN F:       :PCPN:    SNOW:  WIND      :SUNSHINE: SKY     :PK WND
================================================================================
1   2   3   4   5  6A  6B    7    8   9   10  11  12  13   14  15   16   17  18
                                     12Z  AVG MX 2MIN
DY MAX MIN AVG DEP HDD CDD  WTR  SNW DPTH SPD SPD DIR MIN PSBL S-S WX    SPD DR
================================================================================

 1  47  31  39   2  26   0 0.02    M    M  5.4 16 260   M    M  10 1      23 260
 2  58  34  46  10  19   0    T    M    M 14.4 28 240   M    M   8        41 240
 3  48  36  42   6  23   0 0.01    M    M  7.3 18 280   M    M   9        24 340
 4  39  22  31  -5  34   0 0.08    M    M  5.5 20 230   M    M   8 1      27 260
 5  48  30  39   4  26   0 0.00    M    M  7.4 25 280   M    M   9        32 280
 6  42  27  35   0  30   0    T    M    M  4.7 20 350   M    M   9        23 350
 7  45  20  33  -1  32   0    T    M    M  4.6 21 260   M    M   6 1      31 270
 8  40  14  27  -7  38   0 0.00    M    M  4.9 21 260   M    M   5        30 260
 9  43   9  26  -8  39   0 0.00    M    M  3.1 14  70   M    M   0        17  80
10  44  13  29  -4  36   0 0.00    M    M  3.0 12  60   M    M   3        14  20
11  35   9  22 -11  43   0 0.00    M    M  3.9 25 340   M    M   6        32 320
12  32   5  19 -13  46   0 0.00    M    M  2.5 14 290   M    M   0        22 260
13  42   9  26  -6  39   0 0.00    M    M  2.0  9  60   M    M   3        13  50
14  51  11  31   0  34   0 0.00    M    M  1.4 10  60   M    M   0        13  60
15  53  13  33   2  32   0 0.00    M    M  1.1 13 230   M    M   0        16 240
16  57  12  35   5  30   0 0.00    M    M  2.9 17 280   M    M   2        22 280
17  38   6  22  -8  43   0 0.08    M    M  3.4 14 360   M    M   7 1      17 360
18  34   3  19 -10  46   0 0.00    M    M  1.7 12  90   M    M   4        16  90
19  45   5  25  -4  40   0 0.00    M    M  1.9  8  70   M    M   0        12  70
================================================================================
SM  841  309       656   0  0.19    M     81.1          M       89
================================================================================
AV 44.3 16.3                               4.3 FASTST   M    M   5    MAX(MPH)
                                 MISC ---->  # 28 240               # 41  240
================================================================================
NOTES:
# LAST OF SEVERAL OCCURRENCES

COLUMN 17 PEAK WIND IN M.P.H.

PRELIMINARY LOCAL CLIMATOLOGICAL DATA (WS FORM: F-6) , PAGE 2

                                          STATION:  CRAIG CO
                                          MONTH:    NOVEMBER
                                          YEAR:     2018
                                          LATITUDE:   40 30 N
                                          LONGITUDE: 107 32 W

[TEMPERATURE DATA]      [PRECIPITATION DATA]       SYMBOLS USED IN COLUMN 16

AVERAGE MONTHLY: 30.3   TOTAL FOR MONTH:   0.19    1 = FOG OR MIST
DPTR FM NORMAL:  -2.7   DPTR FM NORMAL:   -0.79    2 = FOG REDUCING VISIBILITY
HIGHEST:    58 ON  2    GRTST 24HR  0.08 ON 17-17      TO 1/4 MILE OR LESS
LOWEST:      3 ON 18                               3 = THUNDER
                        SNOW, ICE PELLETS, HAIL    4 = ICE PELLETS
                        TOTAL MONTH:    M          5 = HAIL
                        GRTST 24HR    M  ON   M    6 = FREEZING RAIN OR DRIZZLE
                        GRTST DEPTH:  M  ON   M    7 = DUSTSTORM OR SANDSTORM:
                                                       VSBY 1/2 MILE OR LESS
                                                   8 = SMOKE OR HAZE
[NO. OF DAYS WITH]      [WEATHER - DAYS WITH]      9 = BLOWING SNOW
                                                   X = TORNADO
MAX 32 OR BELOW:   1    0.01 INCH OR MORE:   4
MAX 90 OR ABOVE:   0    0.10 INCH OR MORE:   0
MIN 32 OR BELOW:  17    0.50 INCH OR MORE:   0
MIN  0 OR BELOW:   0    1.00 INCH OR MORE:   0

[HDD (BASE 65) ]
TOTAL THIS MO.   656    CLEAR  (SCALE 0-3)   8
DPTR FM NORMAL    48    PTCLDY (SCALE 4-7)   6
TOTAL FM JUL 1  1481    CLOUDY (SCALE 8-10)  5
DPTR FM NORMAL  -172

[CDD (BASE 65) ]
TOTAL THIS MO.     0
DPTR FM NORMAL     0    [PRESSURE DATA]
TOTAL FM JAN 1   327    HIGHEST SLP M ON M
DPTR FM NORMAL   185    LOWEST  SLP 29.77 ON M

[REMARKS]
