000
CXUS51 KCLE 200800
CF6CAK
PRELIMINARY LOCAL CLIMATOLOGICAL DATA (WS FORM: F-6)

                                          STATION:   AKRON CANTON OH
                                          MONTH:     NOVEMBER
                                          YEAR:      2018
                                          LATITUDE:   40 55 N
                                          LONGITUDE:  81 26 W

  TEMPERATURE IN F:       :PCPN:    SNOW:  WIND      :SUNSHINE: SKY     :PK WND
================================================================================
1   2   3   4   5  6A  6B    7    8   9   10  11  12  13   14  15   16   17  18
                                     12Z  AVG MX 2MIN
DY MAX MIN AVG DEP HDD CDD  WTR  SNW DPTH SPD SPD DIR MIN PSBL S-S WX    SPD DR
================================================================================

 1  58  44  51   4  14   0 1.18  0.0    0 10.1 20 290   M    M  10 1      26 280
 2  53  42  48   2  17   0 0.07  0.0    0  9.6 26 230   M    M   9 18     36 230
 3  50  37  44  -2  21   0 0.31  0.0    0  8.3 24 280   M    M   8 1      29 280
 4  56  35  46   0  19   0 0.00  0.0    0  9.4 20 140   M    M   8        24 110
 5  60  49  55   9  10   0 0.02  0.0    0 10.0 18 200   M    M  10 1      21 200
 6  61  46  54   9  11   0 0.40  0.0    0 17.2 30 240   M    M   8 18     43 240
 7  52  34  43  -2  22   0 0.00  0.0    0 10.7 21 240   M    M   4        28 290
 8  44  29  37  -7  28   0 0.00  0.0    0  6.8 14  70   M    M   7        17 330
 9  40  33  37  -7  28   0 0.43  0.4    T 11.7 23 280   M    M  10 18     31 280
10  33  23  28 -16  37   0 0.02  0.2    T 13.8 29 280   M    M   8 18     38 280
11  42  25  34  -9  31   0 0.00  0.0    0  6.4 13 220   M    M   5        20 200
12  41  26  34  -9  31   0 0.00  0.0    0  2.8  9 160   M    M   6        11 170
13  37  29  33 -10  32   0    T  0.0    0  8.9 17 310   M    M  10 18     22 290
14  33  24  29 -13  36   0 0.00  0.0    0  6.4 16 320   M    M   9        21 310
15  36  28  32 -10  33   0 0.81  1.8    1  9.3 16 110   M    M  10 146    21 110
16  35  32  34  -8  31   0 0.03  0.3    1 12.5 23 220   M    M  10 18     30 230
17  42  35  39  -2  26   0    T    T    1  6.4 13 260   M    M  10 18     16 250
18  40  35  38  -3  27   0 0.08    T    0  4.5  9 100   M    M   9 18     14 120
19  37  34  36  -4  29   0 0.22  1.4    0  3.2  9 300   M    M  10 12     12 310
================================================================================
SM  850  640       483   0  3.57     4.1 168.0          M      161
================================================================================
AV 44.7 33.7                               8.8 FASTST   M    M   8    MAX(MPH)
                                 MISC ---->  # 30 240               # 43  240
================================================================================
NOTES:
# LAST OF SEVERAL OCCURRENCES

COLUMN 17 PEAK WIND IN M.P.H.

PRELIMINARY LOCAL CLIMATOLOGICAL DATA (WS FORM: F-6) , PAGE 2

                                          STATION:  AKRON CANTON OH
                                          MONTH:    NOVEMBER
                                          YEAR:     2018
                                          LATITUDE:   40 55 N
                                          LONGITUDE:  81 26 W

[TEMPERATURE DATA]      [PRECIPITATION DATA]       SYMBOLS USED IN COLUMN 16

AVERAGE MONTHLY: 39.2   TOTAL FOR MONTH:   3.57    1 = FOG OR MIST
DPTR FM NORMAL:  -4.5   DPTR FM NORMAL:    1.49    2 = FOG REDUCING VISIBILITY
HIGHEST:    61 ON  6    GRTST 24HR  1.18 ON  1- 1      TO 1/4 MILE OR LESS
LOWEST:     23 ON 10                               3 = THUNDER
                        SNOW, ICE PELLETS, HAIL    4 = ICE PELLETS
                        TOTAL MONTH:   4.1 INCHES  5 = HAIL
                        GRTST 24HR   1.8 ON 15-15  6 = FREEZING RAIN OR DRIZZLE
                        GRTST DEPTH:   1 ON 17,16  7 = DUSTSTORM OR SANDSTORM:
                                                       VSBY 1/2 MILE OR LESS
                                                   8 = SMOKE OR HAZE
[NO. OF DAYS WITH]      [WEATHER - DAYS WITH]      9 = BLOWING SNOW
                                                   X = TORNADO
MAX 32 OR BELOW:   0    0.01 INCH OR MORE:  11
MAX 90 OR ABOVE:   0    0.10 INCH OR MORE:   6
MIN 32 OR BELOW:   8    0.50 INCH OR MORE:   2
MIN  0 OR BELOW:   0    1.00 INCH OR MORE:   1

[HDD (BASE 65) ]
TOTAL THIS MO.   483    CLEAR  (SCALE 0-3)   0
DPTR FM NORMAL    77    PTCLDY (SCALE 4-7)   5
TOTAL FM JUL 1   934    CLOUDY (SCALE 8-10) 14
DPTR FM NORMAL   -27

[CDD (BASE 65) ]
TOTAL THIS MO.     0
DPTR FM NORMAL     0    [PRESSURE DATA]
TOTAL FM JAN 1  1289    HIGHEST SLP M ON M
DPTR FM NORMAL   637    LOWEST  SLP 29.46 ON  2

[REMARKS]
