000
CXUS51 KCAR 180600
CF6CAR
PRELIMINARY LOCAL CLIMATOLOGICAL DATA (WS FORM: F-6)

                                          STATION:   CARIBOU ME
                                          MONTH:     AUGUST
                                          YEAR:      2018
                                          LATITUDE:   46 52 N
                                          LONGITUDE:  68  1 W

  TEMPERATURE IN F:       :PCPN:    SNOW:  WIND      :SUNSHINE: SKY     :PK WND
================================================================================
1   2   3   4   5  6A  6B    7    8   9   10  11  12  13   14  15   16   17  18
                                     12Z  AVG MX 2MIN
DY MAX MIN AVG DEP HDD CDD  WTR  SNW DPTH SPD SPD DIR MIN PSBL S-S WX    SPD DR
================================================================================

 1  87  59  73   7   0   8 0.00  0.0    0  6.5 17 180   M    M   1        24 160
 2  87  65  76  10   0  11 0.03  0.0    0  8.4 20 250   M    M   8 1      29 260
 3  85  65  75   9   0  10 0.00  0.0    0  5.8 14 210   M    M   2        19 190
 4  72  63  68   3   0   3 0.01  0.0    0  2.2  8 190   M    M   6 12     10 180
 5  88  62  75  10   0  10 0.00  0.0    0  2.1  9 340   M    M   4 12     13 290
 6  88  64  76  11   0  11 0.04  0.0    0  3.5 17 220   M    M   1 13     23 250
 7  85  64  75  10   0  10 0.27  0.0    0  4.2 22 310   M    M   2 13     37 320
 8  83  59  71   6   0   6    T  0.0    0  2.8 10 150   M    M   3 12     14 160
 9  80  61  71   6   0   6 2.10  0.0    0  4.3 14 310   M    M   6 13     19 310
10  75  53  64  -1   1   0 0.00  0.0    0  7.0 17 310   M    M   3 1      24 310
11  85  51  68   3   0   3 0.00  0.0    0  4.0 12 230   M    M   0        22 220
12  83  58  71   7   0   6 0.00  0.0    0  3.2 12 190   M    M   0        15 170
13  86  59  73   9   0   8 0.00  0.0    0  4.6 10 180   M    M   1 1      14 190
14  83  66  75  11   0  10    T  0.0    0  6.4 14 160   M    M   7 1      18 170
15  83  60  72   8   0   7 0.31  0.0    0  6.3 17 340   M    M   6 13     25 360
16  73  52  63  -1   2   0 0.00  0.0    0  5.3 14  10   M    M   5        19 330
17  77  48  63  -1   2   0 0.09  0.0    0  4.2 12 170   M    M   2 1      17 220
================================================================================
SM 1400 1009         5 109  2.85     0.0  80.8          M       57
================================================================================
AV 82.4 59.4                               4.8 FASTST   M    M   3    MAX(MPH)
                                 MISC ---->  # 22 310               # 37  320
================================================================================
NOTES:
# LAST OF SEVERAL OCCURRENCES

COLUMN 17 PEAK WIND IN M.P.H.

PRELIMINARY LOCAL CLIMATOLOGICAL DATA (WS FORM: F-6) , PAGE 2

                                          STATION:  CARIBOU ME
                                          MONTH:    AUGUST
                                          YEAR:     2018
                                          LATITUDE:   46 52 N
                                          LONGITUDE:  68  1 W

[TEMPERATURE DATA]      [PRECIPITATION DATA]       SYMBOLS USED IN COLUMN 16

AVERAGE MONTHLY: 70.9   TOTAL FOR MONTH:   2.85    1 = FOG OR MIST
DPTR FM NORMAL:   6.0   DPTR FM NORMAL:    0.71    2 = FOG REDUCING VISIBILITY
HIGHEST:    88 ON  6, 5 GRTST 24HR  2.10 ON  9- 9      TO 1/4 MILE OR LESS
LOWEST:     48 ON 17                               3 = THUNDER
                        SNOW, ICE PELLETS, HAIL    4 = ICE PELLETS
                        TOTAL MONTH:   0.0 INCH    5 = HAIL
                        GRTST 24HR     0.0         6 = FREEZING RAIN OR DRIZZLE
                        GRTST DEPTH:   0           7 = DUSTSTORM OR SANDSTORM:
                                                       VSBY 1/2 MILE OR LESS
                                                   8 = SMOKE OR HAZE
[NO. OF DAYS WITH]      [WEATHER - DAYS WITH]      9 = BLOWING SNOW
                                                   X = TORNADO
MAX 32 OR BELOW:   0    0.01 INCH OR MORE:   7
MAX 90 OR ABOVE:   0    0.10 INCH OR MORE:   3
MIN 32 OR BELOW:   0    0.50 INCH OR MORE:   1
MIN  0 OR BELOW:   0    1.00 INCH OR MORE:   1

[HDD (BASE 65) ]
TOTAL THIS MO.     5    CLEAR  (SCALE 0-3)   8
DPTR FM NORMAL   -33    PTCLDY (SCALE 4-7)   9
TOTAL FM JUL 1    22    CLOUDY (SCALE 8-10)  0
DPTR FM NORMAL   -74

[CDD (BASE 65) ]
TOTAL THIS MO.   109
DPTR FM NORMAL    74    [PRESSURE DATA]
TOTAL FM JAN 1   336    HIGHEST SLP M ON M
DPTR FM NORMAL   185    LOWEST  SLP 29.59 ON  9

[REMARKS]
