000
CXUS54 KLZK 201130
CF6CCA
PRELIMINARY LOCAL CLIMATOLOGICAL DATA (WS FORM: F-6)

                                          STATION:   Clinton
                                          MONTH:     NOVEMBER
                                          YEAR:      2018
                                          LATITUDE:   35 32 N
                                          LONGITUDE:  92 22 W

  TEMPERATURE IN F:       :PCPN:    SNOW:  WIND      :SUNSHINE: SKY     :PK WND
================================================================================
1   2   3   4   5  6A  6B    7    8   9   10  11  12  13   14  15   16   17  18
                                     12Z  AVG MX 2MIN
DY MAX MIN AVG DEP HDD CDD  WTR  SNW DPTH SPD SPD DIR MIN PSBL S-S WX    SPD DR
================================================================================

 1  55  45  50   M  15   0    M    M    M  3.8  7  99   M    M  10 1      14  99
 2  57  37  47   M  18   0    M    M    M  1.5 12 210   M    M   8 12     18 210
 3  64  36  50   M  15   0    M    M    M  2.2  9 140   M    M   5 12     12  99
 4  63  39  51   M  14   0    M    M    M  4.3 15 230   M    M   7 123    20 220
 5  57  37  47   M  18   0    M    M    M  0.0  M   M   M    M  10 12      M  M
 6  66  41  54   M  11   0    M    M    M  1.2  7 260   M    M   8 12      M  M
 7  61  45  53   M  12   0    M    M    M  2.0  8  40   M    M   7        16  40
 8  59  43  51   M  14   0    M    M    M  3.2  8  80   M    M   8        16  80
 9  52  32  42   M  23   0    M    M    M  5.8 13 330   M    M   5        22  99
10  43  25  34   M  31   0    M    M    M  1.6  7  99   M    M   1        12 320
11  48  34  41   M  24   0    M    M    M  0.7  5 150   M    M  10         M  M
12  45  32  39   M  26   0    M    M    M  4.2 10 330   M    M  10 1      17  99
13  39  28  34   M  31   0    M    M    M  7.1 13 320   M    M   4        23 330
14  34  27  31   M  34   0    M    M    M  4.6 10 320   M    M   8        17 330
15  52  21  37   M  28   0    M    M    M  1.2  7 180   M    M   2        12  99
16  66  27  47   M  18   0    M    M    M  0.9  6 180   M    M   0         M  M
17  68  30  49   M  16   0    M    M    M  1.3  8 150   M    M   0         M  M
18  54  36  45   M  20   0    M    M    M  2.0  8 320   M    M   7 8      12  99
19  46  28  37   M  28   0    M    M    M  3.5  7 280   M    M   7         M  M
================================================================================
SM 1029  643       396   0    M     M     51.1          M      117
================================================================================
AV 54.2 33.8                               2.7 FASTST   M    M   6    MAX(MPH)
                                 MISC ---->  # 15 230               # 23  330
================================================================================
NOTES:
# LAST OF SEVERAL OCCURRENCES

COLUMN 17 PEAK WIND IN M.P.H.

PRELIMINARY LOCAL CLIMATOLOGICAL DATA (WS FORM: F-6) , PAGE 2

                                          STATION:  Clinton
                                          MONTH:    NOVEMBER
                                          YEAR:     2018
                                          LATITUDE:   35 32 N
                                          LONGITUDE:  92 22 W

[TEMPERATURE DATA]      [PRECIPITATION DATA]       SYMBOLS USED IN COLUMN 16

AVERAGE MONTHLY: 44.0   TOTAL FOR MONTH:      M    1 = FOG OR MIST
DPTR FM NORMAL:     M   DPTR FM NORMAL:       M    2 = FOG REDUCING VISIBILITY
HIGHEST:    68 ON 17    GRTST 24HR    M  ON   M        TO 1/4 MILE OR LESS
LOWEST:     21 ON 15                               3 = THUNDER
                        SNOW, ICE PELLETS, HAIL    4 = ICE PELLETS
                        TOTAL MONTH:    M          5 = HAIL
                        GRTST 24HR    M  ON   M    6 = FREEZING RAIN OR DRIZZLE
                        GRTST DEPTH:  M  ON   M    7 = DUSTSTORM OR SANDSTORM:
                                                       VSBY 1/2 MILE OR LESS
                                                   8 = SMOKE OR HAZE
[NO. OF DAYS WITH]      [WEATHER - DAYS WITH]      9 = BLOWING SNOW
                                                   X = TORNADO
MAX 32 OR BELOW:   0    0.01 INCH OR MORE:   0
MAX 90 OR ABOVE:   0    0.10 INCH OR MORE:   0
MIN 32 OR BELOW:   9    0.50 INCH OR MORE:   0
MIN  0 OR BELOW:   0    1.00 INCH OR MORE:   0

[HDD (BASE 65) ]
TOTAL THIS MO.   396    CLEAR  (SCALE 0-3)   4
DPTR FM NORMAL     M    PTCLDY (SCALE 4-7)  10
TOTAL FM JUL 1   612    CLOUDY (SCALE 8-10)  5
DPTR FM NORMAL     M

[CDD (BASE 65) ]
TOTAL THIS MO.     0
DPTR FM NORMAL     M    [PRESSURE DATA]
TOTAL FM JAN 1  2005    HIGHEST SLP M ON M
DPTR FM NORMAL     M    LOWEST  SLP M ON M

[REMARKS]
