000
CXUS55 KBOU 161020
CF6CCU
PRELIMINARY LOCAL CLIMATOLOGICAL DATA (WS FORM: F-6)

                                          STATION:   COPPER MTN/RED CLIFF
                                          MONTH:     MARCH
                                          YEAR:      2018
                                          LATITUDE:   39 28 N
                                          LONGITUDE: 106  9 W

  TEMPERATURE IN F:       :PCPN:    SNOW:  WIND      :SUNSHINE: SKY     :PK WND
================================================================================
1   2   3   4   5  6A  6B    7    8   9   10  11  12  13   14  15   16   17  18
                                     12Z  AVG MX 2MIN
DY MAX MIN AVG DEP HDD CDD  WTR  SNW DPTH SPD SPD DIR MIN PSBL S-S WX    SPD DR
================================================================================

 1  32  14  23   M  42   0    M    M    M 12.9 23 180   M    M   4 8      33 190
 2  36  21  29   M  36   0    M    M    M 15.9 24 190   M    M   1 8      39 190
 3  37  28  33   M  32   0    M    M    M 18.9 30 170   M    M   0        41 170
 4  32   5  19   M  46   0    M    M    M 23.2 36 290   M    M   4 8      46 170
 5   9   1   5   M  60   0    M    M    M 29.3 43 260   M    M  10 8      51 290
 6  23   1  12   M  53   0    M    M    M 13.2 22 270   M    M   2        31 290
 7  30  12  21   M  44   0    M    M    M 11.9 17 250   M    M   0 8      33 290
 8  34  21  28   M  37   0    M    M    M 16.5 23 250   M    M   1        35 280
 9  32  25  29   M  36   0    M    M    M 18.9 29 290   M    M   9 8      45 270
10  27  18  23   M  42   0    M    M    M 13.8 22 270   M    M   8        33 270
11  37  18  28   M  37   0    M    M    M  6.0 15 190   M    M   1         M  M
12  34  25  30   M  35   0    M    M    M 10.3 21 300   M    M   7        30 270
13  37  23  30   M  35   0    M    M    M  6.3 13 260   M    M   5         M  M
14  41  25  33   M  32   0    M    M    M 10.4 22 150   M    M   2        36 150
15  37  19  28   M  37   0    M    M    M 13.9 25 160   M    M   6        37 160
16  25  16  21   M  44   0    M    M    M 16.3 27 290   M    M   7 8      38 290
17  34  23  29   M  36   0    M    M    M 16.0 22 170   M    M   1        29 170
18  34  12  23   M  42   0    M    M    M 13.4 27 270   M    M   6        27 150
================================================================================
SM  571  307       726   0    M     M    267.1          M       74
================================================================================
AV 31.7 17.1                              14.8 FASTST   M    M   4    MAX(MPH)
                                 MISC ---->  # 43 260               # 51  290
================================================================================
NOTES:
# LAST OF SEVERAL OCCURRENCES

COLUMN 17 PEAK WIND IN M.P.H.

PRELIMINARY LOCAL CLIMATOLOGICAL DATA (WS FORM: F-6) , PAGE 2

                                          STATION:  COPPER MTN/RED CLIFF
                                          MONTH:    MARCH
                                          YEAR:     2018
                                          LATITUDE:   39 28 N
                                          LONGITUDE: 106  9 W

[TEMPERATURE DATA]      [PRECIPITATION DATA]       SYMBOLS USED IN COLUMN 16

AVERAGE MONTHLY: 24.4   TOTAL FOR MONTH:      M    1 = FOG OR MIST
DPTR FM NORMAL:     M   DPTR FM NORMAL:       M    2 = FOG REDUCING VISIBILITY
HIGHEST:    41 ON 14    GRTST 24HR    M  ON   M        TO 1/4 MILE OR LESS
LOWEST:      1 ON  6, 5                            3 = THUNDER
                        SNOW, ICE PELLETS, HAIL    4 = ICE PELLETS
                        TOTAL MONTH:    M          5 = HAIL
                        GRTST 24HR    M  ON   M    6 = FREEZING RAIN OR DRIZZLE
                        GRTST DEPTH:  M  ON   M    7 = DUSTSTORM OR SANDSTORM:
                                                       VSBY 1/2 MILE OR LESS
                                                   8 = SMOKE OR HAZE
[NO. OF DAYS WITH]      [WEATHER - DAYS WITH]      9 = BLOWING SNOW
                                                   X = TORNADO
MAX 32 OR BELOW:   8    0.01 INCH OR MORE:   0
MAX 90 OR ABOVE:   0    0.10 INCH OR MORE:   0
MIN 32 OR BELOW:  18    0.50 INCH OR MORE:   0
MIN  0 OR BELOW:   0    1.00 INCH OR MORE:   0

[HDD (BASE 65) ]
TOTAL THIS MO.   726    CLEAR  (SCALE 0-3)   8
DPTR FM NORMAL     M    PTCLDY (SCALE 4-7)   8
TOTAL FM JUL 1  5244    CLOUDY (SCALE 8-10)  2
DPTR FM NORMAL     M

[CDD (BASE 65) ]
TOTAL THIS MO.     0
DPTR FM NORMAL     M    [PRESSURE DATA]
TOTAL FM JAN 1     0    HIGHEST SLP M ON M
DPTR FM NORMAL     M    LOWEST  SLP M ON M

[REMARKS]
