000
CXAK56 PAFC 191346
CF6CDB

PRELIMINARY LOCAL CLIMATOLOGICAL DATA (WS FORM: F-6)

                                          STATION:   COLD BAY
                                          MONTH:     JULY
                                          YEAR:      2018
                                          LATITUDE:   55 13 N
                                          LONGITUDE: 162 44 W

  TEMPERATURE IN F:       :PCPN:    SNOW:  WIND      :SUNSHINE: SKY     :PK WND
================================================================================
1   2   3   4   5  6A  6B    7    8   9   10  11  12  13   14  15   16   17  18
                                     12Z  AVG MX 2MIN
DY MAX MIN AVG DEP HDD CDD  WTR  SNW DPTH SPD SPD DIR MIN PSBL S-S WX    SPD DR
================================================================================

 1  64  39  52   3  13   0 0.00  0.0    0  6.4 14 130   M    M   6         M  M
 2  63  45  54   5  11   0 0.00  0.0    0 17.9 30 160   M    M   0        38 160
 3  56  48  52   3  13   0 0.34  0.0    0 28.3 41 150   M    M   7 1      51 140
 4  65  50  58   8   7   0    T  0.0    0  7.4 22 150   M    M  10        27 160
 5  58  48  53   3  12   0 0.00  0.0    0 12.7 21 270   M    M   9 1       M  M
 6  59  46  53   3  12   0 0.20  0.0    0 16.2 35 150   M    M   9 12     42 140
 7  54  49  52   2  13   0 0.07  0.0    0 15.1 25 260   M    M  10 1      32 140
 8  56  47  52   2  13   0 0.07  0.0    0 14.3 22 250   M    M   9 1      27 180
 9  50  44  47  -3  18   0 0.24  0.0    0 16.9 27 270   M    M  10 1      38 270
10  52  44  48  -2  17   0 0.04  0.0    0 18.7 24 270   M    M  10 1      33 270
11  57  39  48  -2  17   0    T  0.0    0  9.2 17 150   M    M   6        22 160
12  55  44  50  -1  15   0 0.37  0.0    0 25.0 43 150   M    M   8 1      56 150
13  57  47  52   1  13   0    T  0.0    0 19.5 37 140   M    M   8 1      45 140
14  52  46  49  -2  16   0 0.21  0.0    0 16.9 29 150   M    M  10 1      39 160
15  57  46  52   1  13   0    T  0.0    0  9.2 14 290   M    M   9         M  M
16  53  46  50  -1  15   0 0.03  0.0    0 14.3 18 270   M    M  10 1       M  M
17  55  45  50  -1  15   0 0.00  0.0    0 17.5 31 140   M    M   8 1      46 150
18  51  48  50  -1  15   0 0.03  0.0    0 20.4 30 140   M    M  10 1      38 130
================================================================================
SM 1014  821       248   0  1.60     0.0 285.9          M      149
================================================================================
AV 56.3 45.6                              15.9 FASTST   M    M   8    MAX(MPH)
                                 MISC ---->  # 43 150               # 56  150
================================================================================
NOTES:
# LAST OF SEVERAL OCCURRENCES

COLUMN 17 PEAK WIND IN M.P.H.

PRELIMINARY LOCAL CLIMATOLOGICAL DATA (WS FORM: F-6) , PAGE 2

                                          STATION:  COLD BAY
                                          MONTH:    JULY
                                          YEAR:     2018
                                          LATITUDE:   55 13 N
                                          LONGITUDE: 162 44 W

[TEMPERATURE DATA]      [PRECIPITATION DATA]       SYMBOLS USED IN COLUMN 16

AVERAGE MONTHLY: 51.0   TOTAL FOR MONTH:   1.60    1 = FOG OR MIST
DPTR FM NORMAL:   0.8   DPTR FM NORMAL:    0.24    2 = FOG REDUCING VISIBILITY
HIGHEST:    65 ON  4    GRTST 24HR  0.37 ON 12-12      TO 1/4 MILE OR LESS
LOWEST:     39 ON 11, 1                            3 = THUNDER
                        SNOW, ICE PELLETS, HAIL    4 = ICE PELLETS
                        TOTAL MONTH:   0.0 INCH    5 = HAIL
                        GRTST 24HR     0.0         6 = FREEZING RAIN OR DRIZZLE
                        GRTST DEPTH:   0           7 = DUSTSTORM OR SANDSTORM:
                                                       VSBY 1/2 MILE OR LESS
                                                   8 = SMOKE OR HAZE
[NO. OF DAYS WITH]      [WEATHER - DAYS WITH]      9 = BLOWING SNOW
                                                   X = TORNADO
MAX 32 OR BELOW:   0    0.01 INCH OR MORE:  10
MAX 90 OR ABOVE:   0    0.10 INCH OR MORE:   5
MIN 32 OR BELOW:   0    0.50 INCH OR MORE:   0
MIN  0 OR BELOW:   0    1.00 INCH OR MORE:   0

[HDD (BASE 65) ]
TOTAL THIS MO.   248    CLEAR  (SCALE 0-3)   1
DPTR FM NORMAL   -18    PTCLDY (SCALE 4-7)   4
TOTAL FM JUL 1   248    CLOUDY (SCALE 8-10) 13
DPTR FM NORMAL   -18

[CDD (BASE 65) ]
TOTAL THIS MO.     0
DPTR FM NORMAL     0    [PRESSURE DATA]
TOTAL FM JAN 1     0    HIGHEST SLP M ON M
DPTR FM NORMAL     0    LOWEST  SLP 29.35 ON  8

[REMARKS]
