314
CXUS56 KSLC 161243
CF6CDC
PRELIMINARY LOCAL CLIMATOLOGICAL DATA (WS FORM: F-6)

                                          STATION:   CEDAR CITY UT
                                          MONTH:     JULY
                                          YEAR:      2018
                                          LATITUDE:   37 42 N
                                          LONGITUDE: 113  6 W

  TEMPERATURE IN F:       :PCPN:    SNOW:  WIND      :SUNSHINE: SKY     :PK WND
================================================================================
1   2   3   4   5  6A  6B    7    8   9   10  11  12  13   14  15   16   17  18
                                     12Z  AVG MX 2MIN
DY MAX MIN AVG DEP HDD CDD  WTR  SNW DPTH SPD SPD DIR MIN PSBL S-S WX    SPD DR
================================================================================

 1  92  48  70  -1   0   5 0.00  0.0    0  4.4 18 200   M    M   0        23 200
 2  95  53  74   3   0   9 0.00  0.0    0  9.8 24 200   M    M   0        36 210
 3  90  60  75   4   0  10 0.00  0.0    0 12.2 29 190   M    M   0        36 200
 4  90  59  75   3   0  10 0.00  0.0    0  9.6 24 230   M    M   0        30 230
 5  96  53  75   3   0  10 0.00  0.0    0  7.9 26 180   M    M   1        33 180
 6  95  58  77   5   0  12    T  0.0    0  7.4 22  60   M    M   2 3      29  50
 7  98  66  82  10   0  17 0.04  0.0    0 10.2 31 120   M    M   3 3      41 130
 8 100  61  81   9   0  16    T  0.0    0  8.4 21  50   M    M   1 3      26 250
 9  91  63  77   4   0  12    T  0.0    0  6.8 30 120   M    M   1 3      36 120
10  93  61  77   4   0  12    T  0.0    0 10.6 26 200   M    M   1        32 200
11  89  66  78   5   0  13 0.17  0.0    0  6.8 21 120   M    M   4 3      26 190
12  85  62  74   1   0   9 0.01  0.0    0  6.5 28 340   M    M   3 3      36 350
13  86  56  71  -2   0   6    T  0.0    0  5.8 18 110   M    M   2 3      23 120
14  89  62  76   3   0  11    T  0.0    0  4.8 20 110   M    M   3 3      24 200
15  93  56  75   1   0  10 0.00  0.0    0  6.3 22 220   M    M   1        27 210
================================================================================
SM 1382  884         0 162  0.22     0.0 117.5          M       22
================================================================================
AV 92.1 58.9                               7.8 FASTST   M    M   1    MAX(MPH)
                                 MISC ---->  # 31 120               # 41  130
================================================================================
NOTES:
# LAST OF SEVERAL OCCURRENCES

COLUMN 17 PEAK WIND IN M.P.H.

PRELIMINARY LOCAL CLIMATOLOGICAL DATA (WS FORM: F-6) , PAGE 2

                                          STATION:  CEDAR CITY UT
                                          MONTH:    JULY
                                          YEAR:     2018
                                          LATITUDE:   37 42 N
                                          LONGITUDE: 113  6 W

[TEMPERATURE DATA]      [PRECIPITATION DATA]       SYMBOLS USED IN COLUMN 16

AVERAGE MONTHLY: 75.5   TOTAL FOR MONTH:   0.22    1 = FOG OR MIST
DPTR FM NORMAL:   3.2   DPTR FM NORMAL:   -0.08    2 = FOG REDUCING VISIBILITY
HIGHEST:   100 ON  8    GRTST 24HR  0.17 ON 11-11      TO 1/4 MILE OR LESS
LOWEST:     48 ON  1                               3 = THUNDER
                        SNOW, ICE PELLETS, HAIL    4 = ICE PELLETS
                        TOTAL MONTH:   0.0 INCH    5 = HAIL
                        GRTST 24HR     0.0         6 = FREEZING RAIN OR DRIZZLE
                        GRTST DEPTH:   0           7 = DUSTSTORM OR SANDSTORM:
                                                       VSBY 1/2 MILE OR LESS
                                                   8 = SMOKE OR HAZE
[NO. OF DAYS WITH]      [WEATHER - DAYS WITH]      9 = BLOWING SNOW
                                                   X = TORNADO
MAX 32 OR BELOW:   0    0.01 INCH OR MORE:   3
MAX 90 OR ABOVE:  11    0.10 INCH OR MORE:   1
MIN 32 OR BELOW:   0    0.50 INCH OR MORE:   0
MIN  0 OR BELOW:   0    1.00 INCH OR MORE:   0

[HDD (BASE 65) ]
TOTAL THIS MO.     0    CLEAR  (SCALE 0-3)  14
DPTR FM NORMAL     0    PTCLDY (SCALE 4-7)   1
TOTAL FM JUL 1     0    CLOUDY (SCALE 8-10)  0
DPTR FM NORMAL     0

[CDD (BASE 65) ]
TOTAL THIS MO.   162
DPTR FM NORMAL    51    [PRESSURE DATA]
TOTAL FM JAN 1   347    HIGHEST SLP M ON M
DPTR FM NORMAL   135    LOWEST  SLP 29.73 ON  3

[REMARKS]
