000
CXUS54 KLZK 070449
CF6CDH
PRELIMINARY LOCAL CLIMATOLOGICAL DATA (WS FORM: F-6)

                                          STATION:   Camden Airport
                                          MONTH:     JUNE
                                          YEAR:      2018
                                          LATITUDE:   33 57 N
                                          LONGITUDE:  92 46 W

  TEMPERATURE IN F:       :PCPN:    SNOW:  WIND      :SUNSHINE: SKY     :PK WND
================================================================================
1   2   3   4   5  6A  6B    7    8   9   10  11  12  13   14  15   16   17  18
                                     12Z  AVG MX 2MIN
DY MAX MIN AVG DEP HDD CDD  WTR  SNW DPTH SPD SPD DIR MIN PSBL S-S WX    SPD DR
================================================================================

 1  95  75  85   M   0  20 0.00    M    M  4.5 10 210   M    M   2 18     15 220
 2  99  73  86   M   0  21 0.00    M    M  4.5  9 240   M    M   1 18     16 190
 3  90  64  77   M   0  12 0.01    M    M  4.7 13 360   M    M   5 18     18  10
 4  90  59  75   M   0  10 0.00    M    M  1.5  7  40   M    M   0 1       M  M
 5  91  66  79   M   0  14 0.00    M    M  1.4  7 130   M    M   2         M  M
 6  95  63  79   M   0  14 0.00    M    M  1.7  7  99   M    M   0 18      M  M
 7  99  64  82   M   0  17 0.00    M    M  3.0  9 140   M    M   0 1      13  99
 8  99  68  84   M   0  19 0.00    M    M  3.2  8 180   M    M   1 18     15 180
 9  97  70  84   M   0  19 0.01    M    M  1.6  9 280   M    M   1 18     15 280
10  97  68  83   M   0  18 0.00    M    M  4.6 15 180   M    M   0 18     24 180
11  97  72  85   M   0  20 0.00    M    M  5.2 13 200   M    M   4 18     17 220
12  97  73  85   M   0  20 0.00    M    M  5.5 12 250   M    M   3 8      15 240
13  99  72  86   M   0  21 0.00    M    M  5.9 25  80   M    M   3 8      31  80
14  99  66  83   M   0  18 0.00    M    M  3.0  8 160   M    M   1 1      15 140
15  97  72  85   M   0  20 0.00    M    M  2.9  7 180   M    M   0 18     15   0
16  97  73  85   M   0  20 0.00    M    M  4.1  9 130   M    M   1 8      15  99
17  97  73  85   M   0  20 0.00    M    M  5.3 14 150   M    M   2 8      22 140
18  93  72  83   M   0  18 0.00    M    M  6.9 17 180   M    M   2 8      29 180
19  93  72  83   M   0  18 0.01    M    M  3.5 14 190   M    M   7 18     22 190
20  81  72  77   M   0  12 1.53    M    M  2.1  7 140   M    M   7 18      M  M
21  93  73  83   M   0  18 0.01    M    M  4.1 10 210   M    M   5 18     16 220
22  91  73  82   M   0  17 1.34    M    M  3.3 12 290   M    M   5 138    21 220
23  97  72  85   M   0  20 0.01    M    M  4.9 18 190   M    M   2 18     22 200
24  95  70  83   M   0  18 0.25    M    M  5.9 12 170   M    M   4 18     23 270
25  97  70  84   M   0  19 0.00    M    M  4.7 10 200   M    M   1 18     17 190
26  97  75  86   M   0  21 0.00    M    M  4.7 13 190   M    M   0 8      15 190
27  97  75  86   M   0  21 0.00    M    M  5.0 12 240   M    M   0        14 250
28  99  75  87   M   0  22 0.00    M    M  3.2  9 220   M    M   1 8      15 260
29  97  75  86   M   0  21 0.00    M    M  3.8 12  80   M    M   1 8      17  80
30  97  77  87   M   0  22 0.00    M    M  4.2  9 190   M    M   2 18     16 180
================================================================================
SM 2862 2122         0 550  3.17    M    118.9          M       63
================================================================================
AV 95.4 70.7                               4.0 FASTST   M    M   2    MAX(MPH)
                                 MISC ---->  # 25  80               # 31   80
================================================================================
NOTES:
# LAST OF SEVERAL OCCURRENCES

COLUMN 17 PEAK WIND IN M.P.H.

PRELIMINARY LOCAL CLIMATOLOGICAL DATA (WS FORM: F-6) , PAGE 2

                                          STATION:  Camden Airport
                                          MONTH:    JUNE
                                          YEAR:     2018
                                          LATITUDE:   33 57 N
                                          LONGITUDE:  92 46 W

[TEMPERATURE DATA]      [PRECIPITATION DATA]       SYMBOLS USED IN COLUMN 16

AVERAGE MONTHLY: 83.1   TOTAL FOR MONTH:   3.17    1 = FOG OR MIST
DPTR FM NORMAL:     M   DPTR FM NORMAL:       M    2 = FOG REDUCING VISIBILITY
HIGHEST:    99 ON 28,14 GRTST 24HR  1.53 ON 20-20      TO 1/4 MILE OR LESS
LOWEST:     59 ON  4                               3 = THUNDER
                        SNOW, ICE PELLETS, HAIL    4 = ICE PELLETS
                        TOTAL MONTH:    M          5 = HAIL
                        GRTST 24HR    M  ON   M    6 = FREEZING RAIN OR DRIZZLE
                        GRTST DEPTH:  M  ON   M    7 = DUSTSTORM OR SANDSTORM:
                                                       VSBY 1/2 MILE OR LESS
                                                   8 = SMOKE OR HAZE
[NO. OF DAYS WITH]      [WEATHER - DAYS WITH]      9 = BLOWING SNOW
                                                   X = TORNADO
MAX 32 OR BELOW:   0    0.01 INCH OR MORE:   8
MAX 90 OR ABOVE:  29    0.10 INCH OR MORE:   3
MIN 32 OR BELOW:   0    0.50 INCH OR MORE:   2
MIN  0 OR BELOW:   0    1.00 INCH OR MORE:   2

[HDD (BASE 65) ]
TOTAL THIS MO.     0    CLEAR  (SCALE 0-3)  23
DPTR FM NORMAL     M    PTCLDY (SCALE 4-7)   7
TOTAL FM JUL 1  2481    CLOUDY (SCALE 8-10)  0
DPTR FM NORMAL     M

[CDD (BASE 65) ]
TOTAL THIS MO.   550
DPTR FM NORMAL     M    [PRESSURE DATA]
TOTAL FM JAN 1  1042    HIGHEST SLP M ON M
DPTR FM NORMAL     M    LOWEST  SLP M ON M

[REMARKS]
#FINAL-06-18#
