258
CXUS54 KLZK 010656
CF6CDH
PRELIMINARY LOCAL CLIMATOLOGICAL DATA (WS FORM: F-6)

                                          STATION:   Camden Airport
                                          MONTH:     NOVEMBER
                                          YEAR:      2017
                                          LATITUDE:   33 57 N
                                          LONGITUDE:  92 46 W

  TEMPERATURE IN F:       :PCPN:    SNOW:  WIND      :SUNSHINE: SKY     :PK WND
================================================================================
1   2   3   4   5  6A  6B    7    8   9   10  11  12  13   14  15   16   17  18
                                     12Z  AVG MX 2MIN
DY MAX MIN AVG DEP HDD CDD  WTR  SNW DPTH SPD SPD DIR MIN PSBL S-S WX    SPD DR
================================================================================

 1  68  46  57   M   8   0 0.00    M    M  4.1 10 160   M    M  10 1      13 150
 2  86  70  78   M   0  13 0.00    M    M  7.0 14 180   M    M   8 18     23 200
 3  88  64  76   M   0  11 0.07    M    M  3.3 12 180   M    M   8 18     15  30
 4  82  64  73   M   0   8 0.00    M    M  4.0  9 200   M    M   6 1      14 230
 5  84  66  75   M   0  10 0.00    M    M  6.1 13 190   M    M   8 1      21 210
 6  82  64  73   M   0   8 0.00    M    M  2.3  8 170   M    M  10 12      M  M
 7  63  54  59   M   6   0 0.00    M    M  5.0  9  20   M    M  10 128     M  M
 8  54  46  50   M  15   0 0.41    M    M  5.8 12  10   M    M  10 1      15  40
 9  66  39  53   M  12   0 0.00    M    M  2.6  8 350   M    M   3 12     13  20
10  66  32  49   M  16   0 0.00    M    M  3.3  9  70   M    M   0 1      13 100
11  70  32  51   M  14   0 0.00    M    M  1.2  7 150   M    M   5 1      12   0
12  61  52  57   M   8   0 0.06  0.0    0  0.3  7 160   M    M  10 2       M  M
13  66  46  56   M   9   0 0.00  0.0    0  3.6 10  60   M    M   4 12     12  30
14  72  45  59   M   6   0 0.00  0.0    0  0.9  5 140   M    M   7 1       M  M
15  73  54  64   M   1   0 0.00  0.0    0  2.7  9 200   M    M  10         M  M
16  66  57  62   M   3   0 0.00  0.0    0  3.7  7  30   M    M  10         M  M
17  77  57  67   M   0   2 0.00  0.0    0  6.7 15 180   M    M   9        20 190
18  86  45  66   M   0   1 0.00  0.0    0 11.0 18 320   M    M   6        30 280
19  63  30  47   M  18   0 0.00  0.0    0  2.1 10 340   M    M   0        15 320
20  63  27  45   M  20   0 0.00  0.0    0  2.4  7 160   M    M   0         M  M
21  68  34  51   M  14   0 0.00  0.0    0  1.2  6 330   M    M   3 1       M  M
22  57  27  42   M  23   0 0.00  0.0    0  6.1 15  20   M    M   2 1      16  20
23  63  25  44   M  21   0 0.00  0.0    0  0.3  4  99   M    M   0         M  M
24  72  30  51   M  14   0 0.00  0.0    0  1.8  8 200   M    M   0        16 200
25  77  39  58   M   7   0 0.00  0.0    0  1.8  8  10   M    M   1 8       M  M
26  70  32  51   M  14   0 0.00  0.0    0  0.3  5  99   M    M   0 18      M  M
27  72  30  51   M  14   0 0.00  0.0    0  1.7  6 180   M    M   0         M  M
28  73  34  54   M  11   0 0.00  0.0    0  2.8  9 160   M    M   2        15 200
29  77  45  61   M   4   0 0.00  0.0    0  2.1  9 180   M    M   7 1      15 180
30  70  41  56   M   9   0 0.00  0.0    0  2.1  9 360   M    M   7 12     12 330
================================================================================
SM 2135 1327       267  53  0.54     0.0  98.3          M      156
================================================================================
AV 71.2 44.2                               3.3 FASTST   M    M   5    MAX(MPH)
                                 MISC ---->  # 18 320               # 30  280
================================================================================
NOTES:
# LAST OF SEVERAL OCCURRENCES

COLUMN 17 PEAK WIND IN M.P.H.

PRELIMINARY LOCAL CLIMATOLOGICAL DATA (WS FORM: F-6) , PAGE 2

                                          STATION:  Camden Airport
                                          MONTH:    NOVEMBER
                                          YEAR:     2017
                                          LATITUDE:   33 57 N
                                          LONGITUDE:  92 46 W

[TEMPERATURE DATA]      [PRECIPITATION DATA]       SYMBOLS USED IN COLUMN 16

AVERAGE MONTHLY: 57.7   TOTAL FOR MONTH:   0.54    1 = FOG OR MIST
DPTR FM NORMAL:     M   DPTR FM NORMAL:       M    2 = FOG REDUCING VISIBILITY
HIGHEST:    88 ON  3    GRTST 24HR  0.41 ON  8- 8      TO 1/4 MILE OR LESS
LOWEST:     25 ON 23                               3 = THUNDER
                        SNOW, ICE PELLETS, HAIL    4 = ICE PELLETS
                        TOTAL MONTH:   0.0 INCH    5 = HAIL
                        GRTST 24HR     0.0         6 = FREEZING RAIN OR DRIZZLE
                        GRTST DEPTH:   0           7 = DUSTSTORM OR SANDSTORM:
                                                       VSBY 1/2 MILE OR LESS
                                                   8 = SMOKE OR HAZE
[NO. OF DAYS WITH]      [WEATHER - DAYS WITH]      9 = BLOWING SNOW
                                                   X = TORNADO
MAX 32 OR BELOW:   0    0.01 INCH OR MORE:   3
MAX 90 OR ABOVE:   0    0.10 INCH OR MORE:   1
MIN 32 OR BELOW:   9    0.50 INCH OR MORE:   0
MIN  0 OR BELOW:   0    1.00 INCH OR MORE:   0

[HDD (BASE 65) ]
TOTAL THIS MO.   267    CLEAR  (SCALE 0-3)  12
DPTR FM NORMAL     M    PTCLDY (SCALE 4-7)  10
TOTAL FM JUL 1   400    CLOUDY (SCALE 8-10)  8
DPTR FM NORMAL     M

[CDD (BASE 65) ]
TOTAL THIS MO.    53
DPTR FM NORMAL     M    [PRESSURE DATA]
TOTAL FM JAN 1  2313    HIGHEST SLP M ON M
DPTR FM NORMAL     M    LOWEST  SLP M ON M

[REMARKS]
#FINAL-11-17#
