000
CXUS55 KEAX 160736
CF6CDJ
PRELIMINARY LOCAL CLIMATOLOGICAL DATA (WS FORM: F-6)

                                          STATION:   CHILLICOTHE
                                          MONTH:     OCTOBER
                                          YEAR:      2018
                                          LATITUDE:   39 49 N
                                          LONGITUDE:  93 35 W

  TEMPERATURE IN F:       :PCPN:    SNOW:  WIND      :SUNSHINE: SKY     :PK WND
================================================================================
1   2   3   4   5  6A  6B    7    8   9   10  11  12  13   14  15   16   17  18
                                     12Z  AVG MX 2MIN
DY MAX MIN AVG DEP HDD CDD  WTR  SNW DPTH SPD SPD DIR MIN PSBL S-S WX    SPD DR
================================================================================

 1  86  57  72  12   0   7 0.00    M    M  6.3 21 200   M    M   0        29 200
 2  89  62  76  16   0  11 0.00    M    M  5.1 14 200   M    M   0        22 210
 3  92  68  80  21   0  15 0.74    M    M 12.9 26 200   M    M   0        45 170
 4  68  47  58  -1   7   0 0.10    M    M  7.5 16  30   M    M   0        30 350
 5  73  54  64   5   1   0 0.39    M    M  1.7  9 290   M    M   0        12 270
 6  65  52  59   1   6   0 2.37    M    M  7.0 14  20   M    M   0        24 360
 7  68  53  61   3   4   0 2.52    M    M  2.6  8  30   M    M   0        13  50
 8  80  66  73  15   0   8 2.66    M    M  4.1 13 180   M    M   0        21 190
 9  81  66  74  17   0   9 0.74    M    M  5.8 14 140   M    M   0        25 130
10  67  47  57   0   8   0 0.00    M    M  8.1 14 300   M    M   0        27 260
11  50  38  44 -13  21   0 0.00    M    M  5.8 16 310   M    M   0        31 280
12  46  42  44 -12  21   0 0.24    M    M  1.7  6  60   M    M   0 1       8  50
13  56  42  49  -7  16   0 0.00    M    M  5.1 13 190   M    M   0        19 160
14  51  34  43 -13  22   0 0.31    M    M  5.0 17 350   M    M   0        30 350
15  47  32  40 -15  25   0 0.00    M    M  3.2 10 350   M    M   0        19 350
================================================================================
SM 1019  760       131  50 10.07    M     81.9          M        0
================================================================================
AV 67.9 50.7                               5.5 FASTST   M    M   0    MAX(MPH)
                                 MISC ---->  # 26 200               # 45  170
================================================================================
NOTES:
# LAST OF SEVERAL OCCURRENCES

COLUMN 17 PEAK WIND IN M.P.H.

PRELIMINARY LOCAL CLIMATOLOGICAL DATA (WS FORM: F-6) , PAGE 2

                                          STATION:  CHILLICOTHE
                                          MONTH:    OCTOBER
                                          YEAR:     2018
                                          LATITUDE:   39 49 N
                                          LONGITUDE:  93 35 W

[TEMPERATURE DATA]      [PRECIPITATION DATA]       SYMBOLS USED IN COLUMN 16

AVERAGE MONTHLY: 59.3   TOTAL FOR MONTH:  10.07    1 = FOG OR MIST
DPTR FM NORMAL:   1.6   DPTR FM NORMAL:    8.32    2 = FOG REDUCING VISIBILITY
HIGHEST:    92 ON  3    GRTST 24HR  2.66 ON  8- 8      TO 1/4 MILE OR LESS
LOWEST:     32 ON 15                               3 = THUNDER
                        SNOW, ICE PELLETS, HAIL    4 = ICE PELLETS
                        TOTAL MONTH:    M          5 = HAIL
                        GRTST 24HR    M  ON   M    6 = FREEZING RAIN OR DRIZZLE
                        GRTST DEPTH:  M  ON   M    7 = DUSTSTORM OR SANDSTORM:
                                                       VSBY 1/2 MILE OR LESS
                                                   8 = SMOKE OR HAZE
[NO. OF DAYS WITH]      [WEATHER - DAYS WITH]      9 = BLOWING SNOW
                                                   X = TORNADO
MAX 32 OR BELOW:   0    0.01 INCH OR MORE:   9
MAX 90 OR ABOVE:   1    0.10 INCH OR MORE:   9
MIN 32 OR BELOW:   1    0.50 INCH OR MORE:   5
MIN  0 OR BELOW:   0    1.00 INCH OR MORE:   3

[HDD (BASE 65) ]
TOTAL THIS MO.   131    CLEAR  (SCALE 0-3)  15
DPTR FM NORMAL     5    PTCLDY (SCALE 4-7)   0
TOTAL FM JUL 1   176    CLOUDY (SCALE 8-10)  0
DPTR FM NORMAL   -34

[CDD (BASE 65) ]
TOTAL THIS MO.    50
DPTR FM NORMAL    36    [PRESSURE DATA]
TOTAL FM JAN 1  1758    HIGHEST SLP  0.00 ON M
DPTR FM NORMAL   639    LOWEST  SLP  0.00 ON M

[REMARKS]
