000
CXUS55 KEAX 190736
CF6CDJ
PRELIMINARY LOCAL CLIMATOLOGICAL DATA (WS FORM: F-6)

                                          STATION:   CHILLICOTHE
                                          MONTH:     JULY
                                          YEAR:      2018
                                          LATITUDE:   39 49 N
                                          LONGITUDE:  93 35 W

  TEMPERATURE IN F:       :PCPN:    SNOW:  WIND      :SUNSHINE: SKY     :PK WND
================================================================================
1   2   3   4   5  6A  6B    7    8   9   10  11  12  13   14  15   16   17  18
                                     12Z  AVG MX 2MIN
DY MAX MIN AVG DEP HDD CDD  WTR  SNW DPTH SPD SPD DIR MIN PSBL S-S WX    SPD DR
================================================================================

 1  88  67  78   2   0  13 0.04    M    M  3.8 13 290   M    M   0        23 230
 2  88  62  75  -1   0  10 0.00    M    M  2.3 12 110   M    M   0        17 170
 3  96  70  83   7   0  18 0.00    M    M  5.8 13 150   M    M   0        21 150
 4  94  77  86  10   0  21 0.00    M    M  5.1 14 160   M    M   0        20 160
 5  96  73  85   9   0  20 0.00    M    M  3.0 12  20   M    M   0        18  10
 6  92  72  82   6   0  17 0.00    M    M  4.1 13  40   M    M   0        17  30
 7  87  63  75  -1   0  10 0.00    M    M  4.0 10 140   M    M   0        16 150
 8  91  57  74  -3   0   9 0.00    M    M  3.2 12 180   M    M   0        16 200
 9  98  63  81   4   0  16 0.00    M    M  2.0  9 210   M    M   0        16 210
10 100  68  84   7   0  19 0.00    M    M  1.9 12 190   M    M   0        16  40
11  99  71  85   8   0  20 0.00    M    M  4.4 10 120   M    M   0        17 160
12 101  72  87  10   0  22 0.00    M    M  4.4 13 170   M    M   0        18 120
13  99  75  87  10   0  22 0.22    M    M  4.9 18  40   M    M   0        29  20
14  93  70  82   5   0  17 0.00    M    M  2.5 12  20   M    M   0        18  20
15  97  69  83   6   0  18 0.00    M    M  2.1 12  10   M    M   0        17 360
16  96  69  83   6   0  18 0.00    M    M  3.9 13  20   M    M   0        22  30
17  86  67  77   0   0  12 0.01    M    M  2.4 10  20   M    M   0        18 300
18  85  66  76  -1   0  11 0.02    M    M  3.5 10 120   M    M   0        17 130
================================================================================
SM 1686 1231         0 293  0.29    M     63.3          M        0
================================================================================
AV 93.7 68.4                               3.5 FASTST   M    M   0    MAX(MPH)
                                 MISC ---->  # 18  40               # 29   20
================================================================================
NOTES:
# LAST OF SEVERAL OCCURRENCES

COLUMN 17 PEAK WIND IN M.P.H.

PRELIMINARY LOCAL CLIMATOLOGICAL DATA (WS FORM: F-6) , PAGE 2

                                          STATION:  CHILLICOTHE
                                          MONTH:    JULY
                                          YEAR:     2018
                                          LATITUDE:   39 49 N
                                          LONGITUDE:  93 35 W

[TEMPERATURE DATA]      [PRECIPITATION DATA]       SYMBOLS USED IN COLUMN 16

AVERAGE MONTHLY: 81.0   TOTAL FOR MONTH:   0.29    1 = FOG OR MIST
DPTR FM NORMAL:   4.4   DPTR FM NORMAL:   -2.05    2 = FOG REDUCING VISIBILITY
HIGHEST:   101 ON 12    GRTST 24HR  0.22 ON 13-13      TO 1/4 MILE OR LESS
LOWEST:     57 ON  8                               3 = THUNDER
                        SNOW, ICE PELLETS, HAIL    4 = ICE PELLETS
                        TOTAL MONTH:    M          5 = HAIL
                        GRTST 24HR    M  ON   M    6 = FREEZING RAIN OR DRIZZLE
                        GRTST DEPTH:  M  ON   M    7 = DUSTSTORM OR SANDSTORM:
                                                       VSBY 1/2 MILE OR LESS
                                                   8 = SMOKE OR HAZE
[NO. OF DAYS WITH]      [WEATHER - DAYS WITH]      9 = BLOWING SNOW
                                                   X = TORNADO
MAX 32 OR BELOW:   0    0.01 INCH OR MORE:   4
MAX 90 OR ABOVE:  13    0.10 INCH OR MORE:   1
MIN 32 OR BELOW:   0    0.50 INCH OR MORE:   0
MIN  0 OR BELOW:   0    1.00 INCH OR MORE:   0

[HDD (BASE 65) ]
TOTAL THIS MO.     0    CLEAR  (SCALE 0-3)  18
DPTR FM NORMAL     0    PTCLDY (SCALE 4-7)   0
TOTAL FM JUL 1     0    CLOUDY (SCALE 8-10)  0
DPTR FM NORMAL     0

[CDD (BASE 65) ]
TOTAL THIS MO.   293
DPTR FM NORMAL    84    [PRESSURE DATA]
TOTAL FM JAN 1   972    HIGHEST SLP  0.00 ON M
DPTR FM NORMAL   451    LOWEST  SLP  0.00 ON M

[REMARKS]
