000
CXUS54 KLUB 160755
CF6CDS
PRELIMINARY LOCAL CLIMATOLOGICAL DATA (WS FORM: F-6)

                                          STATION:   CHILDRESS
                                          MONTH:     OCTOBER
                                          YEAR:      2018
                                          LATITUDE:   34 25 N
                                          LONGITUDE: 100 17 W

  TEMPERATURE IN F:       :PCPN:    SNOW:  WIND      :SUNSHINE: SKY     :PK WND
================================================================================
1   2   3   4   5  6A  6B    7    8   9   10  11  12  13   14  15   16   17  18
                                     12Z  AVG MX 2MIN
DY MAX MIN AVG DEP HDD CDD  WTR  SNW DPTH SPD SPD DIR MIN PSBL S-S WX    SPD DR
================================================================================

 1  86  64  75   7   0  10 0.00  0.0    0  9.8 21 170   M    M   1        30 160
 2  87  64  76   8   0  11 0.00  0.0    0 10.5 20 190   M    M   1        25 200
 3  93  68  81  13   0  16 0.00  0.0    0 14.1 24 210   M    M   2        31 210
 4  88  67  78  11   0  13 0.54  0.0    0  6.4 32 310   M    M   3 13     45 320
 5  87  66  77  10   0  12 0.06  0.0    0 12.0 25 230   M    M   2 3      32 230
 6  71  57  64  -2   1   0 0.12  0.0    0 11.7 26 360   M    M   7 13     32 360
 7  70  54  62  -4   3   0 1.25  0.0    0  6.8 14 140   M    M   7 13     19 140
 8  73  62  68   2   0   3 1.60  0.0    0 12.0 22 180   M    M   9 13     28 180
 9  68  47  58  -7   7   0 0.90  0.0    0  9.2 22 340   M    M   7 1      27 340
10  66  42  54 -11  11   0 0.00  0.0    0  6.6 16 330   M    M   0 1      21 330
11  63  47  55 -10  10   0    T  0.0    0  7.8 13 130   M    M   5        18  60
12  71  56  64   0   1   0 0.02  0.0    0  4.0 13  10   M    M   7        15  50
13  60  53  57  -7   8   0 0.28  0.0    0  6.7 15 150   M    M  10 1      19 120
14  64  37  51 -13  14   0    T  0.0    0 19.8 33 360   M    M  10 1      43 340
15  49  35  42 -21  23   0    T  0.0    0 14.7 29  10   M    M   7        35  10
================================================================================
SM 1096  819        78  65  4.77     0.0 152.1          M       78
================================================================================
AV 73.1 54.6                              10.1 FASTST   M    M   5    MAX(MPH)
                                 MISC ---->  # 33 360               # 45  320
================================================================================
NOTES:
# LAST OF SEVERAL OCCURRENCES

COLUMN 17 PEAK WIND IN M.P.H.

PRELIMINARY LOCAL CLIMATOLOGICAL DATA (WS FORM: F-6) , PAGE 2

                                          STATION:  CHILDRESS
                                          MONTH:    OCTOBER
                                          YEAR:     2018
                                          LATITUDE:   34 25 N
                                          LONGITUDE: 100 17 W

[TEMPERATURE DATA]      [PRECIPITATION DATA]       SYMBOLS USED IN COLUMN 16

AVERAGE MONTHLY: 63.8   TOTAL FOR MONTH:   4.77    1 = FOG OR MIST
DPTR FM NORMAL:  -1.9   DPTR FM NORMAL:    3.65    2 = FOG REDUCING VISIBILITY
HIGHEST:    93 ON  3    GRTST 24HR  1.60 ON  8- 8      TO 1/4 MILE OR LESS
LOWEST:     35 ON 15                               3 = THUNDER
                        SNOW, ICE PELLETS, HAIL    4 = ICE PELLETS
                        TOTAL MONTH:   0.0 INCH    5 = HAIL
                        GRTST 24HR     0.0         6 = FREEZING RAIN OR DRIZZLE
                        GRTST DEPTH:   0           7 = DUSTSTORM OR SANDSTORM:
                                                       VSBY 1/2 MILE OR LESS
                                                   8 = SMOKE OR HAZE
[NO. OF DAYS WITH]      [WEATHER - DAYS WITH]      9 = BLOWING SNOW
                                                   X = TORNADO
MAX 32 OR BELOW:   0    0.01 INCH OR MORE:   8
MAX 90 OR ABOVE:   1    0.10 INCH OR MORE:   6
MIN 32 OR BELOW:   0    0.50 INCH OR MORE:   4
MIN  0 OR BELOW:   0    1.00 INCH OR MORE:   2

[HDD (BASE 65) ]
TOTAL THIS MO.    78    CLEAR  (SCALE 0-3)   6
DPTR FM NORMAL    36    PTCLDY (SCALE 4-7)   6
TOTAL FM JUL 1    84    CLOUDY (SCALE 8-10)  3
DPTR FM NORMAL    25

[CDD (BASE 65) ]
TOTAL THIS MO.    65
DPTR FM NORMAL    12    [PRESSURE DATA]
TOTAL FM JAN 1  2655    HIGHEST SLP M ON M
DPTR FM NORMAL   478    LOWEST  SLP 29.56 ON  9

[REMARKS]
