039
CXUS55 KGJT 221000
CF6CEZ
PRELIMINARY LOCAL CLIMATOLOGICAL DATA (WS FORM: F-6)

                                          STATION:   CORTEZ CO
                                          MONTH:     OCTOBER
                                          YEAR:      2018
                                          LATITUDE:   37 17 N
                                          LONGITUDE: 108 38 W

  TEMPERATURE IN F:       :PCPN:    SNOW:  WIND      :SUNSHINE: SKY     :PK WND
================================================================================
1   2   3   4   5  6A  6B    7    8   9   10  11  12  13   14  15   16   17  18
                                     12Z  AVG MX 2MIN
DY MAX MIN AVG DEP HDD CDD  WTR  SNW DPTH SPD SPD DIR MIN PSBL S-S WX    SPD DR
================================================================================

 1  71  50  61   7   4   0    T    M    M  5.1 15 160   M    M   8        20 170
 2  67  56  62   8   3   0 0.41    M    M  2.7 12 220   M    M  10 1      14 220
 3  75  53  64  10   1   0 0.02    M    M  4.0 13 210   M    M   3 1      18 260
 4  70  48  59   6   6   0 0.08    M    M  5.6 29 300   M    M   6 3      43 290
 5  66  41  54   1  11   0    T    M    M  5.1 14 210   M    M   5        19 220
 6  68  35  52   0  13   0    T    M    M  6.2 29 190   M    M   5 13     43 170
 7  55  42  49  -3  16   0 0.27    M    M  7.4 21 140   M    M   9 1      34 140
 8  55  38  47  -5  18   0 0.06    M    M  4.9 16 280   M    M   9        20 280
 9  55  40  48  -3  17   0 0.03    M    M  3.3 13 310   M    M   9 1      17 310
10  58  43  51   0  14   0 0.02    M    M  6.2 22 190   M    M   9        35 190
11  53  43  48  -2  17   0 0.32    M    M  3.3 13 290   M    M   9 1      18 270
12  61  37  49  -1  16   0 0.00    M    M  3.7 13 200   M    M   2        18 200
13  62  31  47  -3  18   0 0.00    M    M  5.3 16 290   M    M   0        22 300
14  54  33  44  -5  21   0 0.00    M    M  8.7 21 330   M    M   3        31 320
15  51  22  37 -12  28   0 0.00    M    M  5.0 14 200   M    M   0        17 200
16  61  24  43  -5  22   0    T    M    M  9.0 26 200   M    M   3        31 200
17  54  37  46  -2  19   0 0.08    M    M  7.3 24 130   M    M   8 1      32 120
18  59  32  46  -2  19   0 0.01    M    M 11.4 29 130   M    M   7 8      36 130
19  60  26  43  -4  22   0 0.00    M    M  5.8 14 210   M    M   0        19 210
20  70  29  50   3  15   0 0.00    M    M  4.3 17 140   M    M   0        25 170
21  71  40  56   9   9   0 0.00    M    M  4.3 17 130   M    M   3        27 190
================================================================================
SM 1296  800       309   0  1.30    M    118.6          M      108
================================================================================
AV 61.7 38.1                               5.6 FASTST   M    M   5    MAX(MPH)
                                 MISC ---->  # 29 300               # 43  290
================================================================================
NOTES:
# LAST OF SEVERAL OCCURRENCES

COLUMN 17 PEAK WIND IN M.P.H.

PRELIMINARY LOCAL CLIMATOLOGICAL DATA (WS FORM: F-6) , PAGE 2

                                          STATION:  CORTEZ CO
                                          MONTH:    OCTOBER
                                          YEAR:     2018
                                          LATITUDE:   37 17 N
                                          LONGITUDE: 108 38 W

[TEMPERATURE DATA]      [PRECIPITATION DATA]       SYMBOLS USED IN COLUMN 16

AVERAGE MONTHLY: 49.9   TOTAL FOR MONTH:   1.30    1 = FOG OR MIST
DPTR FM NORMAL:  -0.5   DPTR FM NORMAL:    0.37    2 = FOG REDUCING VISIBILITY
HIGHEST:    75 ON  3    GRTST 24HR  0.41 ON  2- 2      TO 1/4 MILE OR LESS
LOWEST:     22 ON 15                               3 = THUNDER
                        SNOW, ICE PELLETS, HAIL    4 = ICE PELLETS
                        TOTAL MONTH:    M          5 = HAIL
                        GRTST 24HR    M  ON   M    6 = FREEZING RAIN OR DRIZZLE
                        GRTST DEPTH:  M  ON   M    7 = DUSTSTORM OR SANDSTORM:
                                                       VSBY 1/2 MILE OR LESS
                                                   8 = SMOKE OR HAZE
[NO. OF DAYS WITH]      [WEATHER - DAYS WITH]      9 = BLOWING SNOW
                                                   X = TORNADO
MAX 32 OR BELOW:   0    0.01 INCH OR MORE:  10
MAX 90 OR ABOVE:   0    0.10 INCH OR MORE:   3
MIN 32 OR BELOW:   6    0.50 INCH OR MORE:   0
MIN  0 OR BELOW:   0    1.00 INCH OR MORE:   0

[HDD (BASE 65) ]
TOTAL THIS MO.   309    CLEAR  (SCALE 0-3)   9
DPTR FM NORMAL     3    PTCLDY (SCALE 4-7)   5
TOTAL FM JUL 1   374    CLOUDY (SCALE 8-10)  7
DPTR FM NORMAL  -104

[CDD (BASE 65) ]
TOTAL THIS MO.     0
DPTR FM NORMAL     0    [PRESSURE DATA]
TOTAL FM JAN 1   624    HIGHEST SLP M ON M
DPTR FM NORMAL   198    LOWEST  SLP 29.48 ON  7

[REMARKS]
