000
CXUS51 KLWX 190620
CF6CHO
PRELIMINARY LOCAL CLIMATOLOGICAL DATA (WS FORM: F-6)

                                          STATION:   CHARLOTTESVILLE VA
                                          MONTH:     OCTOBER
                                          YEAR:      2018
                                          LATITUDE:   38  7 N
                                          LONGITUDE:  78 27 W

  TEMPERATURE IN F:       :PCPN:    SNOW:  WIND      :SUNSHINE: SKY     :PK WND
================================================================================
1   2   3   4   5  6A  6B    7    8   9   10  11  12  13   14  15   16   17  18
                                     12Z  AVG MX 2MIN
DY MAX MIN AVG DEP HDD CDD  WTR  SNW DPTH SPD SPD DIR MIN PSBL S-S WX    SPD DR
================================================================================

 1  85  64  75  14   0  10 0.00    M    M  5.8 12 170   M    M   4        14 170
 2  84  64  74  13   0   9 0.00    M    M  6.2 14 180   M    M   1 12     18 190
 3  87  68  78  18   0  13 0.00    M    M  2.3  9 180   M    M   0 128    10 180
 4  90  66  78  18   0  13 0.00    M    M  2.8 12 180   M    M   1 1      14 200
 5  78  67  73  14   0   8 0.00    M    M  4.4 13  60   M    M   8        16  60
 6  77  64  71  12   0   6 0.00    M    M  3.2  9 180   M    M   7 12     14 150
 7  89  67  78  19   0  13 0.00    M    M  2.3  9 120   M    M   4 12     12  40
 8  86  69  78  20   0  13 0.00    M    M  2.7 12 170   M    M   6 128    17 200
 9  81  70  76  18   0  11 0.06    M    M  2.7 10 180   M    M   8 1      14 180
10  79  71  75  17   0  10 0.04    M    M  4.4 12 190   M    M   8 18     14 170
11  79  67  73  16   0   8 1.82    M    M  7.6 18  30   M    M   8 138    27 330
12  69  52  61   4   4   0 0.00    M    M  5.8 21 310   M    M   0        35 320
13  64  46  55  -2  10   0 0.02    M    M  2.8 12  20   M    M   4        16 300
14  55  46  51  -5  14   0 0.02    M    M  1.0  7 170   M    M   8         8 170
15  76  54  65   9   0   0 0.09    M    M  6.8 14 180   M    M   6 18     17 200
16  68  56  62   6   3   0 0.03    M    M  5.8  8 180   M    M   7         M  M
17  72  53  63   7   2   0 0.00    M    M  4.1 14 300   M    M   1 1      22 290
18  62  41  52  -3  13   0 0.00    M    M  3.5 13 330   M    M   0        17 340
================================================================================
SM 1381 1085        46 114  2.08    M     74.2          M       81
================================================================================
AV 76.7 60.3                               4.1 FASTST   M    M   5    MAX(MPH)
                                 MISC ---->  # 21 310               # 35  320
================================================================================
NOTES:
# LAST OF SEVERAL OCCURRENCES

COLUMN 17 PEAK WIND IN M.P.H.

PRELIMINARY LOCAL CLIMATOLOGICAL DATA (WS FORM: F-6) , PAGE 2

                                          STATION:  CHARLOTTESVILLE VA
                                          MONTH:    OCTOBER
                                          YEAR:     2018
                                          LATITUDE:   38  7 N
                                          LONGITUDE:  78 27 W

[TEMPERATURE DATA]      [PRECIPITATION DATA]       SYMBOLS USED IN COLUMN 16

AVERAGE MONTHLY: 68.5   TOTAL FOR MONTH:   2.08    1 = FOG OR MIST
DPTR FM NORMAL:  10.6   DPTR FM NORMAL:    0.19    2 = FOG REDUCING VISIBILITY
HIGHEST:    90 ON  4    GRTST 24HR  1.82 ON 11-11      TO 1/4 MILE OR LESS
LOWEST:     41 ON 18                               3 = THUNDER
                        SNOW, ICE PELLETS, HAIL    4 = ICE PELLETS
                        TOTAL MONTH:    M          5 = HAIL
                        GRTST 24HR    M  ON   M    6 = FREEZING RAIN OR DRIZZLE
                        GRTST DEPTH:  M  ON   M    7 = DUSTSTORM OR SANDSTORM:
                                                       VSBY 1/2 MILE OR LESS
                                                   8 = SMOKE OR HAZE
[NO. OF DAYS WITH]      [WEATHER - DAYS WITH]      9 = BLOWING SNOW
                                                   X = TORNADO
MAX 32 OR BELOW:   0    0.01 INCH OR MORE:   7
MAX 90 OR ABOVE:   1    0.10 INCH OR MORE:   1
MIN 32 OR BELOW:   0    0.50 INCH OR MORE:   1
MIN  0 OR BELOW:   0    1.00 INCH OR MORE:   1

[HDD (BASE 65) ]
TOTAL THIS MO.    46    CLEAR  (SCALE 0-3)   6
DPTR FM NORMAL   -91    PTCLDY (SCALE 4-7)  10
TOTAL FM JUL 1    52    CLOUDY (SCALE 8-10)  2
DPTR FM NORMAL  -143

[CDD (BASE 65) ]
TOTAL THIS MO.   114
DPTR FM NORMAL   102    [PRESSURE DATA]
TOTAL FM JAN 1  1810    HIGHEST SLP M ON M
DPTR FM NORMAL   777    LOWEST  SLP 29.49 ON 11

[REMARKS]
