000
CXUS52 KCHS 160715
CF6CHS
PRELIMINARY LOCAL CLIMATOLOGICAL DATA (WS FORM: F-6)

                                          STATION:   NORTH CHARLESTON SC
                                          MONTH:     OCTOBER
                                          YEAR:      2018
                                          LATITUDE:   32 54 N
                                          LONGITUDE:  80  2 W

  TEMPERATURE IN F:       :PCPN:    SNOW:  WIND      :SUNSHINE: SKY     :PK WND
================================================================================
1   2   3   4   5  6A  6B    7    8   9   10  11  12  13   14  15   16   17  18
                                     12Z  AVG MX 2MIN
DY MAX MIN AVG DEP HDD CDD  WTR  SNW DPTH SPD SPD DIR MIN PSBL S-S WX    SPD DR
================================================================================

 1  85  69  77   5   0  12 0.00  0.0    0  7.8 16 100   M    M   4        21  80
 2  88  69  79   8   0  14 0.00  0.0    0  5.9 13 150   M    M   4 1      18 100
 3  90  68  79   8   0  14 0.00  0.0    0  3.6 13 150   M    M   3 1      18 170
 4  91  67  79   8   0  14 0.00  0.0    0  3.4 10 190   M    M   2 1      13 330
 5  93  72  83  13   0  18 0.00  0.0    0  4.9 13 170   M    M   2        14 170
 6  91  72  82  12   0  17 0.03  0.0    0  3.9 13  80   M    M   4 1      15  80
 7  89  69  79   9   0  14 0.30  0.0    0  4.8 15  60   M    M   4 18     18  50
 8  87  73  80  11   0  15 0.04  0.0    0  9.4 25 110   M    M   6 1      32 100
 9  86  73  80  11   0  15 0.21  0.0    0 12.4 25 100   M    M   7 1      32 100
10  87  77  82  13   0  17 1.23  0.0    0 13.6 28 150   M    M   8 13     35 150
11  88  75  82  14   0  17 0.16  0.0    0 19.0 40 190   M    M   6 1      52 200
12  80  60  70   2   0   5 0.00  0.0    0  4.4 13  20   M    M   0        18  20
13  82  57  70   2   0   5 0.00  0.0    0  5.6 13 340   M    M   0        17 330
14  85  59  72   5   0   7 0.00  0.0    0  4.0 13 150   M    M   2        17 150
15  87  67  77  10   0  12 0.00  0.0    0  4.9 16 180   M    M   4 1      20 170
================================================================================
SM 1309 1027         0 196  1.97     0.0 107.6          M       56
================================================================================
AV 87.3 68.5                               7.2 FASTST   M    M   4    MAX(MPH)
                                 MISC ---->  # 40 190               # 52  200
================================================================================
NOTES:
# LAST OF SEVERAL OCCURRENCES

COLUMN 17 PEAK WIND IN M.P.H.

PRELIMINARY LOCAL CLIMATOLOGICAL DATA (WS FORM: F-6) , PAGE 2

                                          STATION:  NORTH CHARLESTON SC
                                          MONTH:    OCTOBER
                                          YEAR:     2018
                                          LATITUDE:   32 54 N
                                          LONGITUDE:  80  2 W

[TEMPERATURE DATA]      [PRECIPITATION DATA]       SYMBOLS USED IN COLUMN 16

AVERAGE MONTHLY: 77.9   TOTAL FOR MONTH:   1.97    1 = FOG OR MIST
DPTR FM NORMAL:   8.5   DPTR FM NORMAL:   -0.14    2 = FOG REDUCING VISIBILITY
HIGHEST:    93 ON  5    GRTST 24HR  1.23 ON 10-10      TO 1/4 MILE OR LESS
LOWEST:     57 ON 13                               3 = THUNDER
                        SNOW, ICE PELLETS, HAIL    4 = ICE PELLETS
                        TOTAL MONTH:   0.0 INCH    5 = HAIL
                        GRTST 24HR     0.0         6 = FREEZING RAIN OR DRIZZLE
                        GRTST DEPTH:   0           7 = DUSTSTORM OR SANDSTORM:
                                                       VSBY 1/2 MILE OR LESS
                                                   8 = SMOKE OR HAZE
[NO. OF DAYS WITH]      [WEATHER - DAYS WITH]      9 = BLOWING SNOW
                                                   X = TORNADO
MAX 32 OR BELOW:   0    0.01 INCH OR MORE:   6
MAX 90 OR ABOVE:   4    0.10 INCH OR MORE:   4
MIN 32 OR BELOW:   0    0.50 INCH OR MORE:   1
MIN  0 OR BELOW:   0    1.00 INCH OR MORE:   1

[HDD (BASE 65) ]
TOTAL THIS MO.     0    CLEAR  (SCALE 0-3)   6
DPTR FM NORMAL   -18    PTCLDY (SCALE 4-7)   9
TOTAL FM JUL 1     0    CLOUDY (SCALE 8-10)  0
DPTR FM NORMAL   -21

[CDD (BASE 65) ]
TOTAL THIS MO.   196
DPTR FM NORMAL   114    [PRESSURE DATA]
TOTAL FM JAN 1  2821    HIGHEST SLP M ON M
DPTR FM NORMAL   601    LOWEST  SLP 29.53 ON 11

[REMARKS]
