000
CXUS55 KDVN 161100
CF6CID
PRELIMINARY LOCAL CLIMATOLOGICAL DATA (WS FORM: F-6)

                                          STATION:   CEDAR RAPIDS IA
                                          MONTH:     OCTOBER
                                          YEAR:      2018
                                          LATITUDE:   41 52 N
                                          LONGITUDE:  91 42 W

  TEMPERATURE IN F:       :PCPN:    SNOW:  WIND      :SUNSHINE: SKY     :PK WND
================================================================================
1   2   3   4   5  6A  6B    7    8   9   10  11  12  13   14  15   16   17  18
                                     12Z  AVG MX 2MIN
DY MAX MIN AVG DEP HDD CDD  WTR  SNW DPTH SPD SPD DIR MIN PSBL S-S WX    SPD DR
================================================================================

 1  73  50  62   6   3   0 0.42    M    M  9.9 24 330   M    M   9 138    32 310
 2  62  49  56   0   9   0 0.00    M    M  6.3 13 150   M    M   8 1      18 150
 3  88  56  72  17   0   7 0.04    M    M 17.8 37 310   M    M   5 1      49 300
 4  58  40  49  -6  16   0    T    M    M 13.1 25 320   M    M   1        38 320
 5  61  49  55   0  10   0 0.77    M    M  5.8 18 120   M    M   9 13     28 130
 6  57  50  54   0  11   0 0.33    M    M 10.0 17 360   M    M   9 13     21 360
 7  55  50  53  -1  12   0 0.63    M    M 11.0 17  80   M    M  10 1      24  70
 8  77  54  66  12   0   1 0.78    M    M  8.4 16 190   M    M   7 123    22 190
 9  79  64  72  19   0   7 0.26    M    M  7.5 22 160   M    M   4 13     35 160
10  69  42  56   3   9   0 0.33    M    M 14.5 24 260   M    M  10 1      36 250
11  48  31  40 -12  25   0 0.00    M    M 16.0 28 300   M    M   6        41 300
12  44  31  38 -14  27   0 0.00    M    M  5.9 13 260   M    M   7        17 270
13  51  41  46  -6  19   0 0.00    M    M  9.5 20 190   M    M   7        30 180
14  49  34  42  -9  23   0 0.01    M    M  9.4 23 330   M    M   8 1      28 330
15  47  29  38 -13  27   0 0.00    M    M 10.5 21 300   M    M   3        28 290
================================================================================
SM  918  670       191  15  3.57    M    155.6          M      103
================================================================================
AV 61.2 44.7                              10.4 FASTST   M    M   7    MAX(MPH)
                                 MISC ---->  # 37 310               # 49  300
================================================================================
NOTES:
# LAST OF SEVERAL OCCURRENCES

COLUMN 17 PEAK WIND IN M.P.H.

PRELIMINARY LOCAL CLIMATOLOGICAL DATA (WS FORM: F-6) , PAGE 2

                                          STATION:  CEDAR RAPIDS IA
                                          MONTH:    OCTOBER
                                          YEAR:     2018
                                          LATITUDE:   41 52 N
                                          LONGITUDE:  91 42 W

[TEMPERATURE DATA]      [PRECIPITATION DATA]       SYMBOLS USED IN COLUMN 16

AVERAGE MONTHLY: 52.9   TOTAL FOR MONTH:   3.57    1 = FOG OR MIST
DPTR FM NORMAL:  -0.6   DPTR FM NORMAL:    2.24    2 = FOG REDUCING VISIBILITY
HIGHEST:    88 ON  3    GRTST 24HR  0.78 ON  8- 8      TO 1/4 MILE OR LESS
LOWEST:     29 ON 15                               3 = THUNDER
                        SNOW, ICE PELLETS, HAIL    4 = ICE PELLETS
                        TOTAL MONTH:    M          5 = HAIL
                        GRTST 24HR    M  ON   M    6 = FREEZING RAIN OR DRIZZLE
                        GRTST DEPTH:  M  ON   M    7 = DUSTSTORM OR SANDSTORM:
                                                       VSBY 1/2 MILE OR LESS
                                                   8 = SMOKE OR HAZE
[NO. OF DAYS WITH]      [WEATHER - DAYS WITH]      9 = BLOWING SNOW
                                                   X = TORNADO
MAX 32 OR BELOW:   0    0.01 INCH OR MORE:   9
MAX 90 OR ABOVE:   0    0.10 INCH OR MORE:   7
MIN 32 OR BELOW:   3    0.50 INCH OR MORE:   3
MIN  0 OR BELOW:   0    1.00 INCH OR MORE:   0

[HDD (BASE 65) ]
TOTAL THIS MO.   191    CLEAR  (SCALE 0-3)   2
DPTR FM NORMAL    11    PTCLDY (SCALE 4-7)   6
TOTAL FM JUL 1   293    CLOUDY (SCALE 8-10)  7
DPTR FM NORMAL   -44

[CDD (BASE 65) ]
TOTAL THIS MO.    15
DPTR FM NORMAL     7    [PRESSURE DATA]
TOTAL FM JAN 1  1033    HIGHEST SLP M ON M
DPTR FM NORMAL   285    LOWEST  SLP 29.58 ON 10

[REMARKS]
