000
CXUS51 KRLX 171200
CF6CKB
PRELIMINARY LOCAL CLIMATOLOGICAL DATA (WS FORM: F-6)

                                          STATION:   CLARKSBURG WV
                                          MONTH:     DECEMBER
                                          YEAR:      2017
                                          LATITUDE:   39 16 N
                                          LONGITUDE:  80 14 W

  TEMPERATURE IN F:       :PCPN:    SNOW:  WIND      :SUNSHINE: SKY     :PK WND
================================================================================
1   2   3   4   5  6A  6B    7    8   9   10  11  12  13   14  15   16   17  18
                                     12Z  AVG MX 2MIN
DY MAX MIN AVG DEP HDD CDD  WTR  SNW DPTH SPD SPD DIR MIN PSBL S-S WX    SPD DR
================================================================================

 1  45  29  37  -2  28   0 0.00    M    M  1.2  7 300   M    M   5 128     9 290
 2  50  23  37  -1  28   0 0.00    M    M  0.1  5 290   M    M   4 1       7 270
 3  55  30  43   5  22   0 0.00    M    M  0.9  8 240   M    M   2        11 260
 4  65  28  47   9  18   0 0.00    M    M  4.2 16 210   M    M   0 8      20 200
 5  59  36  48  11  17   0 0.40    M    M  8.8 25 270   M    M   8 1      35 290
 6  41  29  35  -2  30   0 0.00    M    M 10.0 18 220   M    M   1        25 240
 7  41  26  34  -3  31   0 0.02    M    M  8.2 18 250   M    M   7 1      24 240
 8  28  23  26 -10  39   0 0.00    M    M  4.4 13 240   M    M   5        16 230
 9  38  26  32  -4  33   0    T    M    M  4.5 18 240   M    M   3 1      23 240
10  35  29  32  -4  33   0    T    M    M  9.4 20 250   M    M  10        25 230
11  44  33  39   3  26   0 0.00    M    M  6.3 15 210   M    M   6        21 210
12  48  20  34  -1  31   0    T    M    M 14.1 26 310   M    M  10 8      36 310
13  41  18  30  -5  35   0    T    M    M  9.3 21 280   M    M  10        28 300
14  43  27  35   0  30   0 0.04    M    M  7.6 31 250   M    M   8 18     42 240
15  31  27  29  -5  36   0    T    M    M  7.1 18 230   M    M  10        25 230
16  47  30  39   5  26   0    T    M    M  9.1 18 250   M    M   5        24 240
================================================================================
SM  711  434       463   0  0.46    M    105.2          M       94
================================================================================
AV 44.4 27.1                               6.6 FASTST   M    M   6    MAX(MPH)
                                 MISC ---->  # 31 250               # 42  240
================================================================================
NOTES:
# LAST OF SEVERAL OCCURRENCES

COLUMN 17 PEAK WIND IN M.P.H.

PRELIMINARY LOCAL CLIMATOLOGICAL DATA (WS FORM: F-6) , PAGE 2

                                          STATION:  CLARKSBURG WV
                                          MONTH:    DECEMBER
                                          YEAR:     2017
                                          LATITUDE:   39 16 N
                                          LONGITUDE:  80 14 W

[TEMPERATURE DATA]      [PRECIPITATION DATA]       SYMBOLS USED IN COLUMN 16

AVERAGE MONTHLY: 35.8   TOTAL FOR MONTH:   0.46    1 = FOG OR MIST
DPTR FM NORMAL:  -0.5   DPTR FM NORMAL:   -1.11    2 = FOG REDUCING VISIBILITY
HIGHEST:    65 ON  4    GRTST 24HR  0.40 ON  5- 5      TO 1/4 MILE OR LESS
LOWEST:     18 ON 13                               3 = THUNDER
                        SNOW, ICE PELLETS, HAIL    4 = ICE PELLETS
                        TOTAL MONTH:    M          5 = HAIL
                        GRTST 24HR    M  ON   M    6 = FREEZING RAIN OR DRIZZLE
                        GRTST DEPTH:  M  ON   M    7 = DUSTSTORM OR SANDSTORM:
                                                       VSBY 1/2 MILE OR LESS
                                                   8 = SMOKE OR HAZE
[NO. OF DAYS WITH]      [WEATHER - DAYS WITH]      9 = BLOWING SNOW
                                                   X = TORNADO
MAX 32 OR BELOW:   2    0.01 INCH OR MORE:   3
MAX 90 OR ABOVE:   0    0.10 INCH OR MORE:   1
MIN 32 OR BELOW:  14    0.50 INCH OR MORE:   0
MIN  0 OR BELOW:   0    1.00 INCH OR MORE:   0

[HDD (BASE 65) ]
TOTAL THIS MO.   463    CLEAR  (SCALE 0-3)   4
DPTR FM NORMAL     4    PTCLDY (SCALE 4-7)   7
TOTAL FM JUL 1  1389    CLOUDY (SCALE 8-10)  5
DPTR FM NORMAL  -162

[CDD (BASE 65) ]
TOTAL THIS MO.     0
DPTR FM NORMAL     0    [PRESSURE DATA]
TOTAL FM JAN 1   808    HIGHEST SLP M ON M
DPTR FM NORMAL    64    LOWEST  SLP 29.52 ON M

[REMARKS]
