000
CXUS51 KRLX 161137
CF6CKB
PRELIMINARY LOCAL CLIMATOLOGICAL DATA (WS FORM: F-6)

                                          STATION:   CLARKSBURG WV
                                          MONTH:     OCTOBER
                                          YEAR:      2018
                                          LATITUDE:   39 16 N
                                          LONGITUDE:  80 14 W

  TEMPERATURE IN F:       :PCPN:    SNOW:  WIND      :SUNSHINE: SKY     :PK WND
================================================================================
1   2   3   4   5  6A  6B    7    8   9   10  11  12  13   14  15   16   17  18
                                     12Z  AVG MX 2MIN
DY MAX MIN AVG DEP HDD CDD  WTR  SNW DPTH SPD SPD DIR MIN PSBL S-S WX    SPD DR
================================================================================

 1  83  61  72  14   0   7 0.00    M    M  2.2 13 220   M    M   1 128    15 230
 2  79  62  71  13   0   6 0.34    M    M  5.8 16 200   M    M   7 138    21 200
 3  80  67  74  16   0   9    T    M    M  4.9 12 250   M    M   5 1      16 250
 4  83  66  75  18   0  10 0.24    M    M  6.9 23  20   M    M   5 13     29  10
 5  78  61  70  13   0   5 0.00    M    M  3.5 10  10   M    M   7 1      13  10
 6  87  63  75  18   0  10 0.05    M    M  2.3 15 260   M    M   4 12     20 270
 7  88  65  77  21   0  12 0.00    M    M  0.8  7 220   M    M   0 128    10 250
 8  87  64  76  20   0  11 0.03    M    M  1.8 15 210   M    M   2 12     20 200
 9  84  62  73  17   0   8 0.00    M    M  3.8 12 200   M    M   1 1      16 190
10  83  64  74  19   0   9 0.05    M    M  3.2 14 210   M    M   6 1      18 190
11  73  54  64   9   1   0 0.51    M    M  5.1 17 290   M    M   9 1      22 290
12  55  46  51  -4  14   0    T    M    M  6.3 15 310   M    M   7        21 310
13  50  42  46  -8  19   0 0.18    M    M  5.6 15 290   M    M  10 1      20 280
14  59  43  51  -3  14   0 0.06    M    M  1.5  7 270   M    M   8 18      9 150
15  68  51  60   6   5   0 0.33    M    M  9.3 22 220   M    M   9 1      28 230
================================================================================
SM 1137  871        53  87  1.79    M     63.0          M       81
================================================================================
AV 75.8 58.1                               4.2 FASTST   M    M   5    MAX(MPH)
                                 MISC ---->  # 23  20               # 29   10
================================================================================
NOTES:
# LAST OF SEVERAL OCCURRENCES

COLUMN 17 PEAK WIND IN M.P.H.

PRELIMINARY LOCAL CLIMATOLOGICAL DATA (WS FORM: F-6) , PAGE 2

                                          STATION:  CLARKSBURG WV
                                          MONTH:    OCTOBER
                                          YEAR:     2018
                                          LATITUDE:   39 16 N
                                          LONGITUDE:  80 14 W

[TEMPERATURE DATA]      [PRECIPITATION DATA]       SYMBOLS USED IN COLUMN 16

AVERAGE MONTHLY: 66.9   TOTAL FOR MONTH:   1.79    1 = FOG OR MIST
DPTR FM NORMAL:  10.9   DPTR FM NORMAL:    0.26    2 = FOG REDUCING VISIBILITY
HIGHEST:    88 ON  7    GRTST 24HR  0.51 ON 11-11      TO 1/4 MILE OR LESS
LOWEST:     42 ON 13                               3 = THUNDER
                        SNOW, ICE PELLETS, HAIL    4 = ICE PELLETS
                        TOTAL MONTH:    M          5 = HAIL
                        GRTST 24HR    M  ON   M    6 = FREEZING RAIN OR DRIZZLE
                        GRTST DEPTH:  M  ON   M    7 = DUSTSTORM OR SANDSTORM:
                                                       VSBY 1/2 MILE OR LESS
                                                   8 = SMOKE OR HAZE
[NO. OF DAYS WITH]      [WEATHER - DAYS WITH]      9 = BLOWING SNOW
                                                   X = TORNADO
MAX 32 OR BELOW:   0    0.01 INCH OR MORE:   9
MAX 90 OR ABOVE:   0    0.10 INCH OR MORE:   5
MIN 32 OR BELOW:   0    0.50 INCH OR MORE:   1
MIN  0 OR BELOW:   0    1.00 INCH OR MORE:   0

[HDD (BASE 65) ]
TOTAL THIS MO.    53    CLEAR  (SCALE 0-3)   4
DPTR FM NORMAL   -90    PTCLDY (SCALE 4-7)   8
TOTAL FM JUL 1    60    CLOUDY (SCALE 8-10)  3
DPTR FM NORMAL  -179

[CDD (BASE 65) ]
TOTAL THIS MO.    87
DPTR FM NORMAL    81    [PRESSURE DATA]
TOTAL FM JAN 1  1434    HIGHEST SLP M ON M
DPTR FM NORMAL   692    LOWEST  SLP 29.71 ON 11

[REMARKS]
