000
CXUS55 KOHX 281110
CF6CKV
PRELIMINARY LOCAL CLIMATOLOGICAL DATA (WS FORM: F-6)
STATION: CLARKSVILLE
MONTH: MARCH
YEAR: 2024
LATITUDE: 36 37 N
LONGITUDE: 87 25 W
TEMPERATURE IN F: :PCPN: SNOW: WIND :SUNSHINE: SKY :PK WND
================================================================================
1 2 3 4 5 6A 6B 7 8 9 10 11 12 13 14 15 16 17 18
12Z AVG MX 2MIN
DY MAX MIN AVG DEP HDD CDD WTR SNW DPTH SPD SPD DIR MIN PSBL S-S WX SPD DR
================================================================================
1 48 38 43 -1 22 0 0.14 M M 4.9 13 150 M M 10 1 17 170
2 60 42 51 6 14 0 0.00 M M 2.9 9 290 M M 6 1 11 290
3 72 38 55 10 10 0 0.00 M M 7.6 17 180 M M 1 12 24 180
4 79 56 68 23 0 3 0.00 M M 8.5 21 190 M M 3 1 29 140
5 67 59 63 17 2 0 0.13 M M 6.8 14 190 M M 7 1 17 180
6 60 52 56 10 9 0 0.00 M M 7.9 17 330 M M 10 18 21 300
7 62 53 58 12 7 0 0.00 M M 4.2 10 110 M M 8 18 13 100
8 67 54 61 15 4 0 0.37 M M 6.7 15 200 M M 9 1 21 190
9 58 39 49 2 16 0 0.03 M M 10.5 21 320 M M 8 1 27 320
10 53 33 43 -4 22 0 0.00 M M 7.7 18 340 M M 0 26 350
11 64 27 46 -1 19 0 0.00 M M 2.7 12 250 M M 0 15 260
12 71 34 53 5 12 0 0.00 M M 5.4 18 190 M M 0 26 180
13 78 45 62 14 3 0 0.00 M M 6.9 15 200 M M 3 22 200
14 81 60 71 23 0 6 0.20 M M 10.5 32 290 M M 4 13 45 290
15 65 43 54 5 11 0 0.45 M M 9.4 18 330 M M 7 13 31 150
16 67 38 53 4 12 0 0.00 M M 3.9 14 240 M M 0 1 18 250
17 58 37 48 -1 17 0 0.00 M M 8.8 18 330 M M 1 24 330
18 45 28 37 -13 28 0 0.00 M M 11.4 23 330 M M 2 39 330
19 57 22 40 -10 25 0 0.00 M M 8.9 22 200 M M 0 31 220
20 69 41 55 5 10 0 0.00 M M 7.3 14 340 M M 0 20 320
21 61 36 49 -1 16 0 0.00 M M 8.3 15 70 M M 0 20 60
22 74 48 61 10 4 0 0.01 M M 5.2 18 200 M M 7 1 25 190
23 55 38 47 -4 18 0 0.00 M M 13.3 23 10 M M 2 31 20
24 68 34 51 0 14 0 0.00 M M 9.1 17 140 M M 0 23 140
25 68 56 62 10 3 0 0.41 M M 16.1 30 140 M M 6 3 41 150
26 71 44 58 6 7 0 0.38 M M 12.5 28 140 M M 3 1 43 140
27 56 34 45 -7 20 0 0.00 M M 6.4 14 340 M M 2 20 360
================================================================================
SM 1734 1129 325 9 2.12 M 213.8 M 99
================================================================================
AV 64.2 41.8 7.9 FASTST M M 4 MAX(MPH)
MISC ----> 32 290 45 290
================================================================================
NOTES:
# LAST OF SEVERAL OCCURRENCES
COLUMN 17 PEAK WIND IN M.P.H.
PRELIMINARY LOCAL CLIMATOLOGICAL DATA (WS FORM: F-6) , PAGE 2
STATION: CLARKSVILLE
MONTH: MARCH
YEAR: 2024
LATITUDE: 36 37 N
LONGITUDE: 87 25 W
[TEMPERATURE DATA] [PRECIPITATION DATA] SYMBOLS USED IN COLUMN 16
AVERAGE MONTHLY: 53.0 TOTAL FOR MONTH: 2.12 1 = FOG OR MIST
DPTR FM NORMAL: 4.7 DPTR FM NORMAL: -1.64 2 = FOG REDUCING VISIBILITY
HIGHEST: 81 ON 14 GRTST 24HR 0.79 ON 25-26 TO 1/4 MILE OR LESS
LOWEST: 22 ON 19 3 = THUNDER
SNOW, ICE PELLETS, HAIL 4 = ICE PELLETS
TOTAL MONTH: M 5 = HAIL
GRTST 24HR M ON M 6 = FREEZING RAIN OR DRIZZLE
GRTST DEPTH: M ON M 7 = DUSTSTORM OR SANDSTORM:
VSBY 1/2 MILE OR LESS
8 = SMOKE OR HAZE
[NO. OF DAYS WITH] [WEATHER - DAYS WITH] 9 = BLOWING SNOW
X = TORNADO
MAX 32 OR BELOW: 0 0.01 INCH OR MORE: 9
MAX 90 OR ABOVE: 0 0.10 INCH OR MORE: 7
MIN 32 OR BELOW: 3 0.50 INCH OR MORE: 0
MIN 0 OR BELOW: 0 1.00 INCH OR MORE: 0
[HDD (BASE 65) ]
TOTAL THIS MO. 325 CLEAR (SCALE 0-3) 16
DPTR FM NORMAL -130 PTCLDY (SCALE 4-7) 8
TOTAL FM JUL 1 2604 CLOUDY (SCALE 8-10) 3
DPTR FM NORMAL -934
[CDD (BASE 65) ]
TOTAL THIS MO. 9
DPTR FM NORMAL 9 [PRESSURE DATA]
TOTAL FM JAN 1 15 HIGHEST SLP M ON M
DPTR FM NORMAL 14 LOWEST SLP 29.55 ON 25
[REMARKS]