000
CXUS51 KCLE 160800
CF6CLE
PRELIMINARY LOCAL CLIMATOLOGICAL DATA (WS FORM: F-6)

                                          STATION:   CLEVELAND OH
                                          MONTH:     AUGUST
                                          YEAR:      2018
                                          LATITUDE:   41 24 N
                                          LONGITUDE:  81 51 W

  TEMPERATURE IN F:       :PCPN:    SNOW:  WIND      :SUNSHINE: SKY     :PK WND
================================================================================
1   2   3   4   5  6A  6B    7    8   9   10  11  12  13   14  15   16   17  18
                                     12Z  AVG MX 2MIN
DY MAX MIN AVG DEP HDD CDD  WTR  SNW DPTH SPD SPD DIR MIN PSBL S-S WX    SPD DR
================================================================================

 1  76  70  73   0   0   8 0.00  0.0    0  9.2 16 190   M    M   9        23 170
 2  83  68  76   3   0  11 0.00  0.0    0  5.8 10 210   M    M   9        14 190
 3  87  67  77   4   0  12 0.00  0.0    0  5.6 13 200   M    M   6        16 200
 4  88  66  77   4   0  12 0.00  0.0    0  5.1 12 300   M    M   1        17 280
 5  92  70  81   8   0  16    T  0.0    0  7.8 15 240   M    M   5        22 220
 6  93  70  82   9   0  17 1.79  0.0    0  8.1 29 300   M    M   4 13     37 300
 7  83  70  77   4   0  12 0.95  0.0    0  7.4 22 240   M    M   8 13     26 260
 8  84  72  78   5   0  13 0.01  0.0    0  7.4 16 260   M    M   8        22 240
 9  85  68  77   4   0  12 0.00  0.0    0  6.9 14 240   M    M   7 1      18 230
10  83  70  77   4   0  12    T  0.0    0  6.6 16  40   M    M   8 3      20  50
11  81  62  72   0   0   7 0.00  0.0    0  5.1 13  20   M    M   3        19  10
12  81  64  73   1   0   8    T  0.0    0  6.9 15  20   M    M   5 3      19  10
13  82  64  73   1   0   8 0.00  0.0    0  5.9 17 360   M    M   4        21  20
14  86  67  77   5   0  12 0.00  0.0    0  6.4 15 290   M    M   5        22 320
15  87  68  78   6   0  13    T  0.0    0  6.1 13 250   M    M   8 1      17 220
================================================================================
SM 1271 1016         0 173  2.75     0.0 100.3          M       90
================================================================================
AV 84.7 67.7                               6.7 FASTST   M    M   6    MAX(MPH)
                                 MISC ---->  # 29 300               # 37  300
================================================================================
NOTES:
# LAST OF SEVERAL OCCURRENCES

COLUMN 17 PEAK WIND IN M.P.H.

PRELIMINARY LOCAL CLIMATOLOGICAL DATA (WS FORM: F-6) , PAGE 2

                                          STATION:  CLEVELAND OH
                                          MONTH:    AUGUST
                                          YEAR:     2018
                                          LATITUDE:   41 24 N
                                          LONGITUDE:  81 51 W

[TEMPERATURE DATA]      [PRECIPITATION DATA]       SYMBOLS USED IN COLUMN 16

AVERAGE MONTHLY: 76.2   TOTAL FOR MONTH:   2.75    1 = FOG OR MIST
DPTR FM NORMAL:   3.6   DPTR FM NORMAL:    1.02    2 = FOG REDUCING VISIBILITY
HIGHEST:    93 ON  6    GRTST 24HR  1.79 ON  6- 6      TO 1/4 MILE OR LESS
LOWEST:     62 ON 11                               3 = THUNDER
                        SNOW, ICE PELLETS, HAIL    4 = ICE PELLETS
                        TOTAL MONTH:   0.0 INCH    5 = HAIL
                        GRTST 24HR     0.0         6 = FREEZING RAIN OR DRIZZLE
                        GRTST DEPTH:   0           7 = DUSTSTORM OR SANDSTORM:
                                                       VSBY 1/2 MILE OR LESS
                                                   8 = SMOKE OR HAZE
[NO. OF DAYS WITH]      [WEATHER - DAYS WITH]      9 = BLOWING SNOW
                                                   X = TORNADO
MAX 32 OR BELOW:   0    0.01 INCH OR MORE:   3
MAX 90 OR ABOVE:   2    0.10 INCH OR MORE:   2
MIN 32 OR BELOW:   0    0.50 INCH OR MORE:   2
MIN  0 OR BELOW:   0    1.00 INCH OR MORE:   1

[HDD (BASE 65) ]
TOTAL THIS MO.     0    CLEAR  (SCALE 0-3)   1
DPTR FM NORMAL     0    PTCLDY (SCALE 4-7)  11
TOTAL FM JUL 1     0    CLOUDY (SCALE 8-10)  3
DPTR FM NORMAL    -4

[CDD (BASE 65) ]
TOTAL THIS MO.   173
DPTR FM NORMAL    54    [PRESSURE DATA]
TOTAL FM JAN 1   845    HIGHEST SLP M ON M
DPTR FM NORMAL   234    LOWEST  SLP 29.85 ON  8

[REMARKS]
