000
CXUS52 KGSP 240817
CF6CLT
PRELIMINARY LOCAL CLIMATOLOGICAL DATA (WS FORM: F-6)

                                          STATION:   CHARLOTTE NC
                                          MONTH:     JUNE
                                          YEAR:      2018
                                          LATITUDE:   35 12 N
                                          LONGITUDE:  80 57 W

  TEMPERATURE IN F:       :PCPN:    SNOW:  WIND      :SUNSHINE: SKY     :PK WND
================================================================================
1   2   3   4   5  6A  6B    7    8   9   10  11  12  13   14  15   16   17  18
                                     12Z  AVG MX 2MIN
DY MAX MIN AVG DEP HDD CDD  WTR  SNW DPTH SPD SPD DIR MIN PSBL S-S WX    SPD DR
================================================================================

 1  90  65  78   6   0  13 0.11  0.0    0  6.1 29 210   M    M   6 138    40 270
 2  86  66  76   4   0  11 0.01  0.0    0  4.3 16 270   M    M   5 13     21 280
 3  89  65  77   5   0  12 0.17  0.0    0  4.4 28 320   M    M   5 13     47 330
 4  84  66  75   2   0  10 0.00  0.0    0  6.1 13 230   M    M   2        17 340
 5  83  59  71  -2   0   6 0.00  0.0    0  3.5  9 220   M    M   5        18  80
 6  88  59  74   1   0   9 0.00  0.0    0  4.7 13 210   M    M   2 1      17 230
 7  89  65  77   4   0  12 0.00  0.0    0  6.4 13 350   M    M   3        22  40
 8  89  66  78   4   0  13 0.00  0.0    0  3.8 15 150   M    M   5 18     19 140
 9  90  67  79   5   0  14 0.05  0.0    0  3.1 13 160   M    M   5 8      22  10
10  90  69  80   6   0  15 0.00  0.0    0  4.0 12 220   M    M   4        19 210
11  92  70  81   7   0  16 0.06  0.0    0  6.9 20  60   M    M   7 13     26  30
12  73  66  70  -5   0   5    T  0.0    0  8.2 15  40   M    M  10 1      23  30
13  86  67  77   2   0  12    T  0.0    0  5.0 12 220   M    M   8 1      17 230
14  93  72  83   8   0  18 0.00  0.0    0  4.6 16 340   M    M   6 1      21 340
15  91  68  80   5   0  15 0.00  0.0    0  5.9 13  10   M    M   4        21  50
16  92  68  80   4   0  15 0.00  0.0    0  3.9 14 160   M    M   4 1      16 120
17  94  71  83   7   0  18 0.00  0.0    0  4.5 10 230   M    M   3 3      13 220
18  96  71  84   8   0  19 0.00  0.0    0  4.4 10 230   M    M   3        15 250
19  97  71  84   8   0  19 0.00  0.0    0  5.3 12 350   M    M   3        16 310
20  96  73  85   9   0  20 0.18  0.0    0  4.8 35  10   M    M   4 38     42 350
21  92  71  82   5   0  17 0.29  0.0    0  4.6 26 240   M    M   6 13     37 240
22  92  71  82   5   0  17 0.03  0.0    0  8.0 25 240   M    M   5 1      34 230
23  90  70  80   3   0  15 0.00  0.0    0  8.9 16 220   M    M   7        22 240
================================================================================
SM 2062 1556         0 321  0.90     0.0 121.4          M      112
================================================================================
AV 89.7 67.7                               5.3 FASTST   M    M   5    MAX(MPH)
                                 MISC ---->  # 35  10               # 47  330
================================================================================
NOTES:
# LAST OF SEVERAL OCCURRENCES

COLUMN 17 PEAK WIND IN M.P.H.

PRELIMINARY LOCAL CLIMATOLOGICAL DATA (WS FORM: F-6) , PAGE 2

                                          STATION:  CHARLOTTE NC
                                          MONTH:    JUNE
                                          YEAR:     2018
                                          LATITUDE:   35 12 N
                                          LONGITUDE:  80 57 W

[TEMPERATURE DATA]      [PRECIPITATION DATA]       SYMBOLS USED IN COLUMN 16

AVERAGE MONTHLY: 78.7   TOTAL FOR MONTH:   0.90    1 = FOG OR MIST
DPTR FM NORMAL:   4.1   DPTR FM NORMAL:   -2.06    2 = FOG REDUCING VISIBILITY
HIGHEST:    97 ON 19    GRTST 24HR  0.74 ON 31- 1      TO 1/4 MILE OR LESS
LOWEST:     59 ON  6, 5                            3 = THUNDER
                        SNOW, ICE PELLETS, HAIL    4 = ICE PELLETS
                        TOTAL MONTH:   0.0 INCH    5 = HAIL
                        GRTST 24HR     0.0         6 = FREEZING RAIN OR DRIZZLE
                        GRTST DEPTH:   0           7 = DUSTSTORM OR SANDSTORM:
                                                       VSBY 1/2 MILE OR LESS
                                                   8 = SMOKE OR HAZE
[NO. OF DAYS WITH]      [WEATHER - DAYS WITH]      9 = BLOWING SNOW
                                                   X = TORNADO
MAX 32 OR BELOW:   0    0.01 INCH OR MORE:   8
MAX 90 OR ABOVE:  14    0.10 INCH OR MORE:   4
MIN 32 OR BELOW:   0    0.50 INCH OR MORE:   0
MIN  0 OR BELOW:   0    1.00 INCH OR MORE:   0

[HDD (BASE 65) ]
TOTAL THIS MO.     0    CLEAR  (SCALE 0-3)   4
DPTR FM NORMAL     0    PTCLDY (SCALE 4-7)  18
TOTAL FM JUL 1  2975    CLOUDY (SCALE 8-10)  1
DPTR FM NORMAL  -410

[CDD (BASE 65) ]
TOTAL THIS MO.   321
DPTR FM NORMAL    98    [PRESSURE DATA]
TOTAL FM JAN 1   655    HIGHEST SLP M ON M
DPTR FM NORMAL   269    LOWEST  SLP 29.76 ON M

[REMARKS]
