000
CXUS51 KILN 190546
CF6CMH
PRELIMINARY LOCAL CLIMATOLOGICAL DATA (WS FORM: F-6)

                                          STATION:   COLUMBUS OH
                                          MONTH:     OCTOBER
                                          YEAR:      2018
                                          LATITUDE:   40  0 N
                                          LONGITUDE:  82 53 W

  TEMPERATURE IN F:       :PCPN:    SNOW:  WIND      :SUNSHINE: SKY     :PK WND
================================================================================
1   2   3   4   5  6A  6B    7    8   9   10  11  12  13   14  15   16   17  18
                                     12Z  AVG MX 2MIN
DY MAX MIN AVG DEP HDD CDD  WTR  SNW DPTH SPD SPD DIR MIN PSBL S-S WX    SPD DR
================================================================================

 1  85  59  72  12   0   7 0.00  0.0    0  4.8 14 240   M    M   5 1      18 240
 2  82  69  76  16   0  11 0.07  0.0    0  7.6 24 260   M    M   9 3      31 250
 3  84  66  75  15   0  10 0.01  0.0    0  6.6 17 180   M    M   7 18     22 180
 4  79  55  67   8   0   2 0.36  0.0    0 10.5 26 330   M    M   7 18     31 320
 5  74  51  63   4   2   0 0.00  0.0    0  4.7 12 160   M    M   7        14 150
 6  88  65  77  19   0  12    T  0.0    0  5.3 16 230   M    M   5 1      22 220
 7  87  67  77  19   0  12 0.00  0.0    0  4.1  9 230   M    M   3 1      12 210
 8  88  68  78  20   0  13 0.00  0.0    0  6.6 15 160   M    M   1        19 160
 9  86  69  78  21   0  13    T  0.0    0  9.0 21 140   M    M   3        26 140
10  82  68  75  18   0  10 0.17  0.0    0  9.6 21 160   M    M   6 1      27 150
11  71  46  59   2   6   0    T  0.0    0 12.1 22 300   M    M   6 1      27 300
12  55  43  49  -7  16   0 0.07  0.0    0  8.1 16 280   M    M   8 1      24 280
13  53  40  47  -9  18   0 0.02  0.0    0  7.6 21 310   M    M   9 1      26 290
14  59  42  51  -5  14   0 0.03  0.0    0  6.0 13 150   M    M  10 1      16 150
15  60  42  51  -4  14   0 0.11  0.0    0 10.2 21 290   M    M  10 1      28 290
16  56  36  46  -9  19   0 0.00  0.0    0  6.1 12 220   M    M   7        21 220
17  60  40  50  -5  15   0 0.00  0.0    0 12.8 26 280   M    M   2        33 290
18  54  33  44 -10  21   0 0.00  0.0    0  2.3 10 350   M    M   1        17 340
================================================================================
SM 1303  959       125  90  0.84     0.0 134.0          M      106
================================================================================
AV 72.4 53.3                               7.4 FASTST   M    M   6    MAX(MPH)
                                 MISC ---->  # 26 330               # 33  290
================================================================================
NOTES:
# LAST OF SEVERAL OCCURRENCES

COLUMN 17 PEAK WIND IN M.P.H.

PRELIMINARY LOCAL CLIMATOLOGICAL DATA (WS FORM: F-6) , PAGE 2

                                          STATION:  COLUMBUS OH
                                          MONTH:    OCTOBER
                                          YEAR:     2018
                                          LATITUDE:   40  0 N
                                          LONGITUDE:  82 53 W

[TEMPERATURE DATA]      [PRECIPITATION DATA]       SYMBOLS USED IN COLUMN 16

AVERAGE MONTHLY: 62.8   TOTAL FOR MONTH:   0.84    1 = FOG OR MIST
DPTR FM NORMAL:   5.6   DPTR FM NORMAL:   -0.69    2 = FOG REDUCING VISIBILITY
HIGHEST:    88 ON  8, 6 GRTST 24HR  0.36 ON  4- 4      TO 1/4 MILE OR LESS
LOWEST:     33 ON 18                               3 = THUNDER
                        SNOW, ICE PELLETS, HAIL    4 = ICE PELLETS
                        TOTAL MONTH:   0.0 INCH    5 = HAIL
                        GRTST 24HR     0.0         6 = FREEZING RAIN OR DRIZZLE
                        GRTST DEPTH:   0           7 = DUSTSTORM OR SANDSTORM:
                                                       VSBY 1/2 MILE OR LESS
                                                   8 = SMOKE OR HAZE
[NO. OF DAYS WITH]      [WEATHER - DAYS WITH]      9 = BLOWING SNOW
                                                   X = TORNADO
MAX 32 OR BELOW:   0    0.01 INCH OR MORE:   8
MAX 90 OR ABOVE:   0    0.10 INCH OR MORE:   3
MIN 32 OR BELOW:   0    0.50 INCH OR MORE:   0
MIN  0 OR BELOW:   0    1.00 INCH OR MORE:   0

[HDD (BASE 65) ]
TOTAL THIS MO.   125    CLEAR  (SCALE 0-3)   5
DPTR FM NORMAL   -29    PTCLDY (SCALE 4-7)   9
TOTAL FM JUL 1   151    CLOUDY (SCALE 8-10)  4
DPTR FM NORMAL   -72

[CDD (BASE 65) ]
TOTAL THIS MO.    90
DPTR FM NORMAL    77    [PRESSURE DATA]
TOTAL FM JAN 1  1538    HIGHEST SLP 30.56 ON 18
DPTR FM NORMAL   514    LOWEST  SLP 29.70 ON 11

[REMARKS]
