000
CXUS53 KILX 190900
CF6CMI
PRELIMINARY LOCAL CLIMATOLOGICAL DATA (WS FORM: F-6)

                                          STATION:   CHAMPAIGN IL AIRPORT
                                          MONTH:     JULY
                                          YEAR:      2018
                                          LATITUDE:   40  1 N
                                          LONGITUDE:  88 17 W

  TEMPERATURE IN F:       :PCPN:    SNOW:  WIND      :SUNSHINE: SKY     :PK WND
================================================================================
1   2   3   4   5  6A  6B    7    8   9   10  11  12  13   14  15   16   17  18
                                     12Z  AVG MX 2MIN
DY MAX MIN AVG DEP HDD CDD  WTR  SNW DPTH SPD SPD DIR MIN PSBL S-S WX    SPD DR
================================================================================

 1  90  72  81   7   0  16 1.02    M    M  9.7 29 270   M    M   2 138    37 280
 2  87  70  79   5   0  14 0.00    M    M  4.4  9  80   M    M   3 1      16  20
 3  89  70  80   6   0  15 0.00    M    M  7.2 13 140   M    M   2        18 150
 4  90  71  81   7   0  16 0.00    M    M  5.0 10 180   M    M   2 13     14 150
 5  90  70  80   6   0  15 1.22    M    M  7.0 25 290   M    M   3 13     32 290
 6  80  61  71  -3   0   6 0.00    M    M 11.1 20  40   M    M   2 1      24  50
 7  79  57  68  -6   0   3 0.00    M    M  8.6 15 110   M    M   0        20  70
 8  84  57  71  -3   0   6 0.00    M    M  4.4  9 150   M    M   0        14 100
 9  88  65  77   3   0  12 0.00    M    M  4.8 10 210   M    M   1        15 260
10  90  70  80   6   0  15 0.19    M    M  6.9 21  30   M    M   1 13     28  20
11  85  62  74   0   0   9 0.00    M    M  8.1 13  70   M    M   0        16  60
12  84  63  74   0   0   9 0.00    M    M  6.1 12 130   M    M   0        15 150
13  87  62  75   1   0  10 0.00    M    M  5.5 10 140   M    M   0        13 170
14  81  66  74   0   0   9 1.00    M    M  6.4 17 300   M    M   3 1238   21 240
15  82  68  75   1   0  10 0.93    M    M  3.8 13  80   M    M   7 1      16 280
16  87  71  79   5   0  14 0.00    M    M  6.4 15 320   M    M   4 12     20 320
17  86  65  76   2   0  11 0.00    M    M  7.7 13  30   M    M   1        21 230
18  80  59  70  -4   0   5 0.00    M    M  7.4 13  50   M    M   0        17 340
================================================================================
SM 1539 1179         0 195  4.36    M    120.5          M       31
================================================================================
AV 85.5 65.5                               6.7 FASTST   M    M   2    MAX(MPH)
                                 MISC ---->  # 29 270               # 37  280
================================================================================
NOTES:
# LAST OF SEVERAL OCCURRENCES

COLUMN 17 PEAK WIND IN M.P.H.

PRELIMINARY LOCAL CLIMATOLOGICAL DATA (WS FORM: F-6) , PAGE 2

                                          STATION:  CHAMPAIGN IL AIRPORT
                                          MONTH:    JULY
                                          YEAR:     2018
                                          LATITUDE:   40  1 N
                                          LONGITUDE:  88 17 W

[TEMPERATURE DATA]      [PRECIPITATION DATA]       SYMBOLS USED IN COLUMN 16

AVERAGE MONTHLY: 75.5   TOTAL FOR MONTH:   4.36    1 = FOG OR MIST
DPTR FM NORMAL:   1.5   DPTR FM NORMAL:    1.81    2 = FOG REDUCING VISIBILITY
HIGHEST:    90 ON 10, 5 GRTST 24HR  1.22 ON  5- 5      TO 1/4 MILE OR LESS
LOWEST:     57 ON  8, 7                            3 = THUNDER
                        SNOW, ICE PELLETS, HAIL    4 = ICE PELLETS
                        TOTAL MONTH:    M          5 = HAIL
                        GRTST 24HR    M  ON   M    6 = FREEZING RAIN OR DRIZZLE
                        GRTST DEPTH:  M  ON   M    7 = DUSTSTORM OR SANDSTORM:
                                                       VSBY 1/2 MILE OR LESS
                                                   8 = SMOKE OR HAZE
[NO. OF DAYS WITH]      [WEATHER - DAYS WITH]      9 = BLOWING SNOW
                                                   X = TORNADO
MAX 32 OR BELOW:   0    0.01 INCH OR MORE:   5
MAX 90 OR ABOVE:   4    0.10 INCH OR MORE:   5
MIN 32 OR BELOW:   0    0.50 INCH OR MORE:   4
MIN  0 OR BELOW:   0    1.00 INCH OR MORE:   3

[HDD (BASE 65) ]
TOTAL THIS MO.     0    CLEAR  (SCALE 0-3)  16
DPTR FM NORMAL     0    PTCLDY (SCALE 4-7)   2
TOTAL FM JUL 1     0    CLOUDY (SCALE 8-10)  0
DPTR FM NORMAL     0

[CDD (BASE 65) ]
TOTAL THIS MO.   195
DPTR FM NORMAL    24    [PRESSURE DATA]
TOTAL FM JAN 1   723    HIGHEST SLP M ON M
DPTR FM NORMAL   237    LOWEST  SLP 29.79 ON  1

[REMARKS]
