000
CXUS54 KMAF 211100
CF6CNM
PRELIMINARY LOCAL CLIMATOLOGICAL DATA (WS FORM: F-6)

                                          STATION:   Carlsbad
                                          MONTH:     OCTOBER
                                          YEAR:      2018
                                          LATITUDE:   32 20 N
                                          LONGITUDE: 104 15 W

  TEMPERATURE IN F:       :PCPN:    SNOW:  WIND      :SUNSHINE: SKY     :PK WND
================================================================================
1   2   3   4   5  6A  6B    7    8   9   10  11  12  13   14  15   16   17  18
                                     12Z  AVG MX 2MIN
DY MAX MIN AVG DEP HDD CDD  WTR  SNW DPTH SPD SPD DIR MIN PSBL S-S WX    SPD DR
================================================================================

 1  88  62  75   7   0  10 0.00  0.0    0 10.3 18 130   M    M   3 1      22 130
 2  90  66  78  10   0  13 0.00  0.0    0 10.0 25 160   M    M   3 8      32 180
 3  95  65  80  12   0  15 0.00  0.0    0  7.7 18 260   M    M   1        24 230
 4  93  61  77  10   0  12 0.00  0.0    0  6.2 26 160   M    M   1 8      32 160
 5  95  64  80  13   0  15 0.00  0.0    0  9.7 33 150   M    M   1 8      45 170
 6  83  63  73   6   0   8 0.45  0.0    0 12.2 30 100   M    M   4 13     39 100
 7  83  66  75   9   0  10 0.06  0.0    0 14.7 28 140   M    M   4 13     36 130
 8  76  54  65  -1   0   0 0.20  0.0    0 10.9 25 280   M    M   5 1      31 270
 9  72  50  61  -5   4   0 0.05  0.0    0 10.7 28 250   M    M   2 1      34 250
10  76  45  61  -4   4   0 0.00  0.0    0  7.0 18 160   M    M   1        25 200
11  75  53  64  -1   1   0    T  0.0    0  7.5 16 120   M    M   8        21 130
12  72  58  65   0   0   0 0.37  0.0    0  8.0 15 360   M    M   7 1      21 340
13  77  58  68   4   0   3    T  0.0    0 11.3 28 240   M    M   5        34 230
14  79  40  60  -4   5   0 0.00  0.0    0 13.2 32 330   M    M   2        38 340
15  45  37  41 -23  24   0    T  0.0    0 12.9 20  10   M    M  10        24  10
16  49  42  46 -17  19   0    T    M    0  9.9 15  20   M    M  10        21 360
17  49  43  46 -17  19   0 0.18    M    0 10.9 16 340   M    M  10 1      20 350
18  50  45  48 -15  17   0 0.49    M    0  3.8 12  30   M    M  10 1      15  30
19  66  48  57  -5   8   0 0.01    M    0  3.8 12 350   M    M   9 1      14 330
20  68  55  62   0   3   0    T  0.0    0  6.7 15 330   M    M   8        17 320
================================================================================
SM 1481 1075       104  86  1.81     0.0 187.4          M      104
================================================================================
AV 74.1 53.8                               9.4 FASTST   M    M   5    MAX(MPH)
                                 MISC ---->  # 33 150               # 45  170
================================================================================
NOTES:
# LAST OF SEVERAL OCCURRENCES

COLUMN 17 PEAK WIND IN M.P.H.

PRELIMINARY LOCAL CLIMATOLOGICAL DATA (WS FORM: F-6) , PAGE 2

                                          STATION:  Carlsbad
                                          MONTH:    OCTOBER
                                          YEAR:     2018
                                          LATITUDE:   32 20 N
                                          LONGITUDE: 104 15 W

[TEMPERATURE DATA]      [PRECIPITATION DATA]       SYMBOLS USED IN COLUMN 16

AVERAGE MONTHLY: 63.9   TOTAL FOR MONTH:   1.81    1 = FOG OR MIST
DPTR FM NORMAL:  -1.2   DPTR FM NORMAL:    1.08    2 = FOG REDUCING VISIBILITY
HIGHEST:    95 ON  5, 3 GRTST 24HR  0.49 ON 18-18      TO 1/4 MILE OR LESS
LOWEST:     37 ON 15                               3 = THUNDER
                        SNOW, ICE PELLETS, HAIL    4 = ICE PELLETS
                        TOTAL MONTH:   0.0 INCH    5 = HAIL
                        GRTST 24HR     0.0         6 = FREEZING RAIN OR DRIZZLE
                        GRTST DEPTH:   0           7 = DUSTSTORM OR SANDSTORM:
                                                       VSBY 1/2 MILE OR LESS
                                                   8 = SMOKE OR HAZE
[NO. OF DAYS WITH]      [WEATHER - DAYS WITH]      9 = BLOWING SNOW
                                                   X = TORNADO
MAX 32 OR BELOW:   0    0.01 INCH OR MORE:   8
MAX 90 OR ABOVE:   4    0.10 INCH OR MORE:   5
MIN 32 OR BELOW:   0    0.50 INCH OR MORE:   0
MIN  0 OR BELOW:   0    1.00 INCH OR MORE:   0

[HDD (BASE 65) ]
TOTAL THIS MO.   104    CLEAR  (SCALE 0-3)   7
DPTR FM NORMAL    55    PTCLDY (SCALE 4-7)   8
TOTAL FM JUL 1   105    CLOUDY (SCALE 8-10)  5
DPTR FM NORMAL    44

[CDD (BASE 65) ]
TOTAL THIS MO.    86
DPTR FM NORMAL    34    [PRESSURE DATA]
TOTAL FM JAN 1  2458    HIGHEST SLP M ON M
DPTR FM NORMAL   381    LOWEST  SLP 29.54 ON  8

[REMARKS]
