000
CXUS53 KICT 260800
CF6CNU
PRELIMINARY LOCAL CLIMATOLOGICAL DATA (WS FORM: F-6)

                                          STATION:   CHANUTE KS
                                          MONTH:     SEPTEMBER
                                          YEAR:      2018
                                          LATITUDE:   37 40 N
                                          LONGITUDE:  95 29 W

  TEMPERATURE IN F:       :PCPN:    SNOW:  WIND      :SUNSHINE: SKY     :PK WND
================================================================================
1   2   3   4   5  6A  6B    7    8   9   10  11  12  13   14  15   16   17  18
                                     12Z  AVG MX 2MIN
DY MAX MIN AVG DEP HDD CDD  WTR  SNW DPTH SPD SPD DIR MIN PSBL S-S WX    SPD DR
================================================================================

 1  91  74  83   7   0  18 0.00    M    M 11.7 20 170   M    M   0        24 190
 2  88  71  80   4   0  15 0.00    M    M  8.6 17 140   M    M   1        22 160
 3  88  73  81   6   0  16 0.00    M    M 10.3 21 150   M    M   5        27 160
 4  84  73  79   4   0  14 0.05    M    M 11.1 28 180   M    M   5 1      33 160
 5  81  70  76   2   0  11 1.76    M    M  5.0 15 160   M    M   6 13     18  30
 6  80  72  76   2   0  11 0.03    M    M  5.1 10  50   M    M   7        19  60
 7  75  68  72  -2   0   7 1.52    M    M  9.4 21  20   M    M   9 1      26  20
 8  71  64  68  -5   0   3 0.03    M    M 11.0 16  40   M    M  10 1      24  50
 9  71  58  65  -8   0   0 0.00    M    M  6.6 14  50   M    M   8        20  60
10  78  56  67  -5   0   2 0.00    M    M  3.7 13 160   M    M   5 12     17 130
11  81  58  70  -2   0   5 0.00    M    M  7.4 15 200   M    M   2 1      19 200
12  81  61  71  -1   0   6 0.00    M    M  6.9 13 160   M    M   3 1      20 130
13  83  67  75   4   0  10 0.00    M    M  7.9 16 170   M    M   5        21 180
14  89  67  78   7   0  13 0.00    M    M  5.9 12 210   M    M   1 1      16 220
15  91  68  80  10   0  15 0.00    M    M  4.6 12 110   M    M   1        15 110
16  89  64  77   7   0  12 0.00    M    M  4.4 10 140   M    M   0 1      14 140
17  89  66  78   9   0  13 0.00    M    M  4.6 12 180   M    M   2        15 190
18  92  70  81  12   0  16 0.00    M    M  7.1 20 210   M    M   0        26 210
19  92  72  82  14   0  17 0.00    M    M  9.4 18 200   M    M   0        25 180
20  91  72  82  14   0  17 0.00    M    M 11.4 24 210   M    M   0        35 210
21  79  60  70   3   0   5 0.76    M    M  8.5 20  30   M    M   3 13     29 330
22  75  53  64  -3   1   0 0.00    M    M  7.5 14  50   M    M   0        20  50
23  79  52  66   0   0   1 0.00    M    M  4.8 14 110   M    M   1 1      19 120
24  80  61  71   5   0   6 0.00    M    M  5.4 13 160   M    M   8        16 160
25  85  59  72   6   0   7 0.24    M    M 11.0 23 350   M    M   7 13     32 340
================================================================================
SM 2083 1629         1 240  4.39    M    189.3          M       89
================================================================================
AV 83.3 65.2                               7.6 FASTST   M    M   4    MAX(MPH)
                                 MISC ---->  # 28 180               # 35  210
================================================================================
NOTES:
# LAST OF SEVERAL OCCURRENCES

COLUMN 17 PEAK WIND IN M.P.H.

PRELIMINARY LOCAL CLIMATOLOGICAL DATA (WS FORM: F-6) , PAGE 2

                                          STATION:  CHANUTE KS
                                          MONTH:    SEPTEMBER
                                          YEAR:     2018
                                          LATITUDE:   37 40 N
                                          LONGITUDE:  95 29 W

[TEMPERATURE DATA]      [PRECIPITATION DATA]       SYMBOLS USED IN COLUMN 16

AVERAGE MONTHLY: 74.2   TOTAL FOR MONTH:   4.39    1 = FOG OR MIST
DPTR FM NORMAL:   3.3   DPTR FM NORMAL:    1.41    2 = FOG REDUCING VISIBILITY
HIGHEST:    92 ON 19,18 GRTST 24HR  1.76 ON  5- 5      TO 1/4 MILE OR LESS
LOWEST:     52 ON 23                               3 = THUNDER
                        SNOW, ICE PELLETS, HAIL    4 = ICE PELLETS
                        TOTAL MONTH:    M          5 = HAIL
                        GRTST 24HR    M  ON   M    6 = FREEZING RAIN OR DRIZZLE
                        GRTST DEPTH:  M  ON   M    7 = DUSTSTORM OR SANDSTORM:
                                                       VSBY 1/2 MILE OR LESS
                                                   8 = SMOKE OR HAZE
[NO. OF DAYS WITH]      [WEATHER - DAYS WITH]      9 = BLOWING SNOW
                                                   X = TORNADO
MAX 32 OR BELOW:   0    0.01 INCH OR MORE:   7
MAX 90 OR ABOVE:   5    0.10 INCH OR MORE:   4
MIN 32 OR BELOW:   0    0.50 INCH OR MORE:   3
MIN  0 OR BELOW:   0    1.00 INCH OR MORE:   2

[HDD (BASE 65) ]
TOTAL THIS MO.     1    CLEAR  (SCALE 0-3)  12
DPTR FM NORMAL   -27    PTCLDY (SCALE 4-7)  11
TOTAL FM JUL 1     1    CLOUDY (SCALE 8-10)  2
DPTR FM NORMAL   -28

[CDD (BASE 65) ]
TOTAL THIS MO.   240
DPTR FM NORMAL    61    [PRESSURE DATA]
TOTAL FM JAN 1  1821    HIGHEST SLP M ON M
DPTR FM NORMAL   338    LOWEST  SLP 29.71 ON 20

[REMARKS]
