000
CXUS53 KICT 220800
CF6CNU
PRELIMINARY LOCAL CLIMATOLOGICAL DATA (WS FORM: F-6)

                                          STATION:   CHANUTE KS
                                          MONTH:     JUNE
                                          YEAR:      2018
                                          LATITUDE:   37 40 N
                                          LONGITUDE:  95 29 W

  TEMPERATURE IN F:       :PCPN:    SNOW:  WIND      :SUNSHINE: SKY     :PK WND
================================================================================
1   2   3   4   5  6A  6B    7    8   9   10  11  12  13   14  15   16   17  18
                                     12Z  AVG MX 2MIN
DY MAX MIN AVG DEP HDD CDD  WTR  SNW DPTH SPD SPD DIR MIN PSBL S-S WX    SPD DR
================================================================================

 1  91  70  81  11   0  16 0.00  0.0    0  8.0 16 150   M    M   2 12     22 160
 2  83  63  73   2   0   8 0.21  0.0    0 11.6 32 350   M    M   2 13     42  10
 3  84  57  71   0   0   6 0.00  0.0    0  5.0 13 330   M    M   0        17 330
 4  83  57  70  -1   0   5 0.00  0.0    0  4.6 13 140   M    M   0        17 130
 5  86  61  74   2   0   9 0.00  0.0    0  6.5 13 170   M    M   0        19 220
 6  90  65  78   6   0  13 0.00  0.0    0  6.0 12 160   M    M   1        15 140
 7  82  66  74   2   0   9 0.18    M    M  6.5 18 180   M    M   1 13     23 170
 8  88  65  77   5   0  12 0.00    M    M  7.2 15 210   M    M   1        20 200
 9  90  69  80   7   0  15 0.00    M    M 10.0 21 190   M    M   0        27 190
10  93  71  82   9   0  17 0.00  0.0    0 12.6 22 190   M    M   0        28 190
11   0   0   0 -73  65   0 0.00  0.0    0  0.0  0   0   M    M   0         0   0
12  84  65  75   1   0  10 2.29  0.0    M  9.2 43 300   M    M   4 13     61 300
13  90  71  81   7   0  16    T  0.0    0  5.2 13 110   M    M   2 3      16 140
14  93  74  84  10   0  19 0.00  0.0    0 10.7 20 190   M    M   0        25 160
15  91  72  82   7   0  17 0.00  0.0    0 11.9 22 180   M    M   0        27 180
16  91  73  82   7   0  17 0.00  0.0    0 11.4 23 190   M    M   0        28 180
17  91  75  83   8   0  18 0.00  0.0    0 10.8 22 170   M    M   0        27 180
18  89  74  82   7   0  17 0.00  0.0    0 10.6 22 180   M    M   3        30 180
19  87  74  81   5   0  16 0.00  0.0    0 10.2 18 190   M    M   2        24 200
20  84  71  78   2   0  13 0.00  0.0    0  9.6 21 300   M    M   3 3      27 300
21  85  64  75  -1   0  10 0.00  0.0    0 14.8 33 300   M    M   3        47 290
================================================================================
SM 1755 1357        65 263  2.68     0.0 182.4          M       24
================================================================================
AV 83.6 64.6                               8.7 FASTST   M    M   1    MAX(MPH)
                                 MISC ---->  # 43 300               # 61  300
================================================================================
NOTES:
# LAST OF SEVERAL OCCURRENCES

COLUMN 17 PEAK WIND IN M.P.H.

PRELIMINARY LOCAL CLIMATOLOGICAL DATA (WS FORM: F-6) , PAGE 2

                                          STATION:  CHANUTE KS
                                          MONTH:    JUNE
                                          YEAR:     2018
                                          LATITUDE:   37 40 N
                                          LONGITUDE:  95 29 W

[TEMPERATURE DATA]      [PRECIPITATION DATA]       SYMBOLS USED IN COLUMN 16

AVERAGE MONTHLY: 74.1   TOTAL FOR MONTH:   2.68    1 = FOG OR MIST
DPTR FM NORMAL:   0.8   DPTR FM NORMAL:   -1.81    2 = FOG REDUCING VISIBILITY
HIGHEST:    93 ON 14,10 GRTST 24HR  2.29 ON 12-12      TO 1/4 MILE OR LESS
LOWEST:      0 ON 11                               3 = THUNDER
                        SNOW, ICE PELLETS, HAIL    4 = ICE PELLETS
                        TOTAL MONTH:   0.0 INCH    5 = HAIL
                        GRTST 24HR     0.0         6 = FREEZING RAIN OR DRIZZLE
                        GRTST DEPTH:   0           7 = DUSTSTORM OR SANDSTORM:
                                                       VSBY 1/2 MILE OR LESS
                                                   8 = SMOKE OR HAZE
[NO. OF DAYS WITH]      [WEATHER - DAYS WITH]      9 = BLOWING SNOW
                                                   X = TORNADO
MAX 32 OR BELOW:   1    0.01 INCH OR MORE:   3
MAX 90 OR ABOVE:   9    0.10 INCH OR MORE:   3
MIN 32 OR BELOW:   1    0.50 INCH OR MORE:   1
MIN  0 OR BELOW:   1    1.00 INCH OR MORE:   1

[HDD (BASE 65) ]
TOTAL THIS MO.    65    CLEAR  (SCALE 0-3)  19
DPTR FM NORMAL    61    PTCLDY (SCALE 4-7)   2
TOTAL FM JUL 1  4352    CLOUDY (SCALE 8-10)  0
DPTR FM NORMAL  -129

[CDD (BASE 65) ]
TOTAL THIS MO.   263
DPTR FM NORMAL    81    [PRESSURE DATA]
TOTAL FM JAN 1   550    HIGHEST SLP M ON M
DPTR FM NORMAL   235    LOWEST  SLP 29.61 ON 10

[REMARKS]
