000
CXUS55 KGJT 191000
CF6CNY
PRELIMINARY LOCAL CLIMATOLOGICAL DATA (WS FORM: F-6)

                                          STATION:   CANYONLANDS AIRPORT UT
                                          MONTH:     JULY
                                          YEAR:      2018
                                          LATITUDE:   38 46 N
                                          LONGITUDE: 109 45 W

  TEMPERATURE IN F:       :PCPN:    SNOW:  WIND      :SUNSHINE: SKY     :PK WND
================================================================================
1   2   3   4   5  6A  6B    7    8   9   10  11  12  13   14  15   16   17  18
                                     12Z  AVG MX 2MIN
DY MAX MIN AVG DEP HDD CDD  WTR  SNW DPTH SPD SPD DIR MIN PSBL S-S WX    SPD DR
================================================================================

 1  93  57  75  -3   0  10 0.00    M    M  4.4 18 270   M    M   0        23 280
 2  99  54  77  -1   0  12 0.00    M    M  5.1 23 220   M    M   0        33 290
 3  99  67  83   5   0  18 0.00    M    M 10.7 30 210   M    M   0        38 230
 4  98  59  79   0   0  14 0.00    M    M  7.4 25 230   M    M   0        31 240
 5 101  70  86   7   0  21    T    M    M 10.4 31 140   M    M   0        38 150
 6  99  76  88   9   0  23 0.00    M    M  8.3 29 160   M    M   0        39 140
 7 102  75  89   9   0  24 0.00    M    M 11.0 32 170   M    M   1        40 140
 8 102  73  88   8   0  23 0.00    M    M  8.1 33 170   M    M   1        41 160
 9 100  73  87   7   0  22 0.00    M    M  6.9 15 170   M    M   0        22 160
10  99  79  89   9   0  24    T    M    M 10.2 28 140   M    M   0 3      34 140
11  99  70  85   5   0  20 0.21    M    M  7.7 30 130   M    M   1 3      36 140
12  94  65  80   0   0  15 0.00    M    M  4.7 21 340   M    M   1 3      24 330
13  99  70  85   4   0  20 0.00    M    M  6.0 24 260   M    M   2 3      30 260
14  95  75  85   4   0  20 0.00    M    M 11.4 25 180   M    M   1 3      34 280
15  97  71  84   3   0  19 0.00    M    M  5.2 18 170   M    M   1        22  60
16 100  74  87   6   0  22 0.00    M    M  7.4 21 330   M    M   1 3      37 360
17 100  70  85   4   0  20 0.03    M    M  8.1 39  40   M    M   0 3      47  40
18 101  66  84   3   0  19 0.00    M    M  4.1 17 300   M    M   0        22 280
================================================================================
SM 1777 1244         0 346  0.24    M    137.1          M        9
================================================================================
AV 98.7 69.1                               7.6 FASTST   M    M   1    MAX(MPH)
                                 MISC ---->  # 39  40               # 47   40
================================================================================
NOTES:
# LAST OF SEVERAL OCCURRENCES

COLUMN 17 PEAK WIND IN M.P.H.

PRELIMINARY LOCAL CLIMATOLOGICAL DATA (WS FORM: F-6) , PAGE 2

                                          STATION:  CANYONLANDS AIRPORT UT
                                          MONTH:    JULY
                                          YEAR:     2018
                                          LATITUDE:   38 46 N
                                          LONGITUDE: 109 45 W

[TEMPERATURE DATA]      [PRECIPITATION DATA]       SYMBOLS USED IN COLUMN 16

AVERAGE MONTHLY: 83.9   TOTAL FOR MONTH:   0.24    1 = FOG OR MIST
DPTR FM NORMAL:   4.1   DPTR FM NORMAL:   -0.18    2 = FOG REDUCING VISIBILITY
HIGHEST:   102 ON  8, 7 GRTST 24HR  0.21 ON 11-11      TO 1/4 MILE OR LESS
LOWEST:     54 ON  2                               3 = THUNDER
                        SNOW, ICE PELLETS, HAIL    4 = ICE PELLETS
                        TOTAL MONTH:    M          5 = HAIL
                        GRTST 24HR    M  ON   M    6 = FREEZING RAIN OR DRIZZLE
                        GRTST DEPTH:  M  ON   M    7 = DUSTSTORM OR SANDSTORM:
                                                       VSBY 1/2 MILE OR LESS
                                                   8 = SMOKE OR HAZE
[NO. OF DAYS WITH]      [WEATHER - DAYS WITH]      9 = BLOWING SNOW
                                                   X = TORNADO
MAX 32 OR BELOW:   0    0.01 INCH OR MORE:   2
MAX 90 OR ABOVE:  18    0.10 INCH OR MORE:   1
MIN 32 OR BELOW:   0    0.50 INCH OR MORE:   0
MIN  0 OR BELOW:   0    1.00 INCH OR MORE:   0

[HDD (BASE 65) ]
TOTAL THIS MO.     0    CLEAR  (SCALE 0-3)  18
DPTR FM NORMAL     0    PTCLDY (SCALE 4-7)   0
TOTAL FM JUL 1     0    CLOUDY (SCALE 8-10)  0
DPTR FM NORMAL     0

[CDD (BASE 65) ]
TOTAL THIS MO.   346
DPTR FM NORMAL    79    [PRESSURE DATA]
TOTAL FM JAN 1   824    HIGHEST SLP M ON M
DPTR FM NORMAL   238    LOWEST  SLP 29.72 ON  3

[REMARKS]
