000
CXUS55 KPUB 161059
CF6COS
PRELIMINARY LOCAL CLIMATOLOGICAL DATA (WS FORM: F-6)

                                          STATION:   COLORADO SPRINGS CO
                                          MONTH:     OCTOBER
                                          YEAR:      2018
                                          LATITUDE:   38 49 N
                                          LONGITUDE: 104 43 W

  TEMPERATURE IN F:       :PCPN:    SNOW:  WIND      :SUNSHINE: SKY     :PK WND
================================================================================
1   2   3   4   5  6A  6B    7    8   9   10  11  12  13   14  15   16   17  18
                                     12Z  AVG MX 2MIN
DY MAX MIN AVG DEP HDD CDD  WTR  SNW DPTH SPD SPD DIR MIN PSBL S-S WX    SPD DR
================================================================================

 1  77  45  61   6   4   0 0.00  0.0    0  5.6 20 160   M    M   8 1      23 170
 2  82  51  67  13   0   2    T  0.0    0  6.6 24 170   M    M   7        31 170
 3  86  53  70  16   0   5 0.02  0.0    0  9.5 31  10   M    M   4 3      40  10
 4  66  45  56   2   9   0 0.00  0.0    0 11.7 24 200   M    M   5        32 190
 5  79  44  62   9   3   0 0.00  0.0    0 12.3 40  30   M    M   4 8      49  30
 6  52  40  46  -7  19   0 0.00  0.0    0 11.4 23 170   M    M   9        27 180
 7  49  40  45  -7  20   0 0.20  0.0    0  7.8 18 340   M    M  10 128    25 340
 8  44  38  41 -11  24   0 0.20  0.0    0  8.7 21 350   M    M  10 18     27 330
 9  41  34  38 -14  27   0 0.06  0.0    0  8.4 18 360   M    M  10 12     24 350
10  37  32  35 -16  30   0 0.24  1.4    1  8.8 16 170   M    M  10 12     21 160
11  40  33  37 -14  28   0 0.01  0.0    0  8.3 16 170   M    M   9 12     20 160
12  56  33  45  -6  20   0 0.00  0.0    0  8.7 17 160   M    M   6 12     29 150
13  67  33  50   0  15   0 0.00  0.0    0 10.9 37 350   M    M   2        51 350
14  33  20  27 -23  38   0 0.02  0.2    0 16.1 37 350   M    M   9 1      49 350
15  42  16  29 -21  36   0 0.00  0.0    T  5.0 10  30   M    M   3        15 140
================================================================================
SM  851  557       273   7  0.75     1.6 139.8          M      106
================================================================================
AV 56.7 37.1                               9.3 FASTST   M    M   7    MAX(MPH)
                                 MISC ---->  # 40  30               # 51  350
================================================================================
NOTES:
# LAST OF SEVERAL OCCURRENCES

COLUMN 17 PEAK WIND IN M.P.H.

PRELIMINARY LOCAL CLIMATOLOGICAL DATA (WS FORM: F-6) , PAGE 2

                                          STATION:  COLORADO SPRINGS CO
                                          MONTH:    OCTOBER
                                          YEAR:     2018
                                          LATITUDE:   38 49 N
                                          LONGITUDE: 104 43 W

[TEMPERATURE DATA]      [PRECIPITATION DATA]       SYMBOLS USED IN COLUMN 16

AVERAGE MONTHLY: 46.9   TOTAL FOR MONTH:   0.75    1 = FOG OR MIST
DPTR FM NORMAL:  -5.2   DPTR FM NORMAL:    0.33    2 = FOG REDUCING VISIBILITY
HIGHEST:    86 ON  3    GRTST 24HR  0.24 ON 10-10      TO 1/4 MILE OR LESS
LOWEST:     16 ON 15                               3 = THUNDER
                        SNOW, ICE PELLETS, HAIL    4 = ICE PELLETS
                        TOTAL MONTH:   1.6 INCHES  5 = HAIL
                        GRTST 24HR   1.4 ON 10-10  6 = FREEZING RAIN OR DRIZZLE
                        GRTST DEPTH:   1 ON 10     7 = DUSTSTORM OR SANDSTORM:
                                                       VSBY 1/2 MILE OR LESS
                                                   8 = SMOKE OR HAZE
[NO. OF DAYS WITH]      [WEATHER - DAYS WITH]      9 = BLOWING SNOW
                                                   X = TORNADO
MAX 32 OR BELOW:   0    0.01 INCH OR MORE:   7
MAX 90 OR ABOVE:   0    0.10 INCH OR MORE:   3
MIN 32 OR BELOW:   3    0.50 INCH OR MORE:   0
MIN  0 OR BELOW:   0    1.00 INCH OR MORE:   0

[HDD (BASE 65) ]
TOTAL THIS MO.   273    CLEAR  (SCALE 0-3)   2
DPTR FM NORMAL    79    PTCLDY (SCALE 4-7)   5
TOTAL FM JUL 1   342    CLOUDY (SCALE 8-10)  8
DPTR FM NORMAL   -42

[CDD (BASE 65) ]
TOTAL THIS MO.     7
DPTR FM NORMAL     7    [PRESSURE DATA]
TOTAL FM JAN 1   730    HIGHEST SLP M ON M
DPTR FM NORMAL   276    LOWEST  SLP 29.56 ON  7

[REMARKS]
