000
CXUS53 KLSX 221600
CF6COU
PRELIMINARY LOCAL CLIMATOLOGICAL DATA (WS FORM: F-6)

                                          STATION:   COLUMBIA ASOS
                                          MONTH:     JULY
                                          YEAR:      2018
                                          LATITUDE:   38 49 N
                                          LONGITUDE:  92 13 W

  TEMPERATURE IN F:       :PCPN:    SNOW:  WIND      :SUNSHINE: SKY     :PK WND
================================================================================
1   2   3   4   5  6A  6B    7    8   9   10  11  12  13   14  15   16   17  18
                                     12Z  AVG MX 2MIN
DY MAX MIN AVG DEP HDD CDD  WTR  SNW DPTH SPD SPD DIR MIN PSBL S-S WX    SPD DR
================================================================================

 1  89  75  82   5   0  17 0.07  0.0    0  8.2 20 290   M    M   2 1      26 290
 2  90  70  80   3   0  15 0.00  0.0    0  6.3 10  70   M    M   1        14  60
 3  95  74  85   8   0  20 0.00  0.0    0  7.0 14 160   M    M   1        17 140
 4  95  75  85   8   0  20 0.00  0.0    0  7.7 16 170   M    M   1        23 170
 5  97  74  86   9   0  21 0.00  0.0    0  5.7 25  20   M    M   0        35  20
 6  91  70  81   4   0  16 0.00  0.0    0  8.7 17  40   M    M   2        25  20
 7  86  60  73  -4   0   8 0.00  0.0    0  7.9 15  40   M    M   0        20  40
 8  90  59  75  -2   0  10 0.00  0.0    0  5.6 13 150   M    M   1        18 140
 9  94  71  83   6   0  18 0.00  0.0    0  4.0 15 200   M    M   2 3      19 190
10  98  72  85   8   0  20 0.00  0.0    0  3.1 10  20   M    M   0 1      13 320
11  96  75  86   9   0  21 0.00  0.0    0  6.6 13  60   M    M   1        18  40
12  99  69  84   7   0  19 0.00  0.0    0  7.8 14 170   M    M   0        18 170
13  99  73  86   8   0  21 0.07  0.0    0  8.5 30 280   M    M   1 3      40 270
14  96  72  84   6   0  19 0.00  0.0    0  7.2 24 230   M    M   2 38     31 220
15  95  73  84   6   0  19 0.21  0.0    0  4.7 13 320   M    M   3 1      18 330
16  96  72  84   6   0  19 0.00  0.0    0  5.6 14  30   M    M   2        18  10
17  90  71  81   3   0  16 0.00  0.0    0  7.1 13  50   M    M   0        17  50
18  89  70  80   2   0  15 0.00  0.0    0  8.8 16 140   M    M   5        22 150
19  82  70  76  -2   0  11 1.11  0.0    0  8.1 17 290   M    M   3 13     23 290
20  94  68  81   3   0  16 0.00  0.0    0  7.6 17 270   M    M   0 1      26 220
21  88  67  78   0   0  13 0.00  0.0    0  9.6 20 340   M    M   1        26 300
================================================================================
SM 1949 1480         0 354  1.46     0.0 145.8          M       28
================================================================================
AV 92.8 70.5                               6.9 FASTST   M    M   1    MAX(MPH)
                                 MISC ---->  # 30 280               # 40  270
================================================================================
NOTES:
# LAST OF SEVERAL OCCURRENCES

COLUMN 17 PEAK WIND IN M.P.H.

PRELIMINARY LOCAL CLIMATOLOGICAL DATA (WS FORM: F-6) , PAGE 2

                                          STATION:  COLUMBIA ASOS
                                          MONTH:    JULY
                                          YEAR:     2018
                                          LATITUDE:   38 49 N
                                          LONGITUDE:  92 13 W

[TEMPERATURE DATA]      [PRECIPITATION DATA]       SYMBOLS USED IN COLUMN 16

AVERAGE MONTHLY: 81.6   TOTAL FOR MONTH:   1.46    1 = FOG OR MIST
DPTR FM NORMAL:   4.2   DPTR FM NORMAL:   -1.65    2 = FOG REDUCING VISIBILITY
HIGHEST:    99 ON 13,12 GRTST 24HR  1.11 ON 19-19      TO 1/4 MILE OR LESS
LOWEST:     59 ON  8                               3 = THUNDER
                        SNOW, ICE PELLETS, HAIL    4 = ICE PELLETS
                        TOTAL MONTH:   0.0 INCH    5 = HAIL
                        GRTST 24HR     0.0         6 = FREEZING RAIN OR DRIZZLE
                        GRTST DEPTH:   0           7 = DUSTSTORM OR SANDSTORM:
                                                       VSBY 1/2 MILE OR LESS
                                                   8 = SMOKE OR HAZE
[NO. OF DAYS WITH]      [WEATHER - DAYS WITH]      9 = BLOWING SNOW
                                                   X = TORNADO
MAX 32 OR BELOW:   0    0.01 INCH OR MORE:   4
MAX 90 OR ABOVE:  16    0.10 INCH OR MORE:   2
MIN 32 OR BELOW:   0    0.50 INCH OR MORE:   1
MIN  0 OR BELOW:   0    1.00 INCH OR MORE:   1

[HDD (BASE 65) ]
TOTAL THIS MO.     0    CLEAR  (SCALE 0-3)  20
DPTR FM NORMAL     0    PTCLDY (SCALE 4-7)   1
TOTAL FM JUL 1     0    CLOUDY (SCALE 8-10)  0
DPTR FM NORMAL     0

[CDD (BASE 65) ]
TOTAL THIS MO.   354
DPTR FM NORMAL    96    [PRESSURE DATA]
TOTAL FM JAN 1  1081    HIGHEST SLP M ON M
DPTR FM NORMAL   472    LOWEST  SLP 29.73 ON 20

[REMARKS]
