778
CXUS53 KLSX 221600
CF6COU
PRELIMINARY LOCAL CLIMATOLOGICAL DATA (WS FORM: F-6)

                                          STATION:   COLUMBIA ASOS
                                          MONTH:     OCTOBER
                                          YEAR:      2018
                                          LATITUDE:   38 49 N
                                          LONGITUDE:  92 13 W

  TEMPERATURE IN F:       :PCPN:    SNOW:  WIND      :SUNSHINE: SKY     :PK WND
================================================================================
1   2   3   4   5  6A  6B    7    8   9   10  11  12  13   14  15   16   17  18
                                     12Z  AVG MX 2MIN
DY MAX MIN AVG DEP HDD CDD  WTR  SNW DPTH SPD SPD DIR MIN PSBL S-S WX    SPD DR
================================================================================

 1  85  63  74  13   0   9 0.00  0.0    0  8.5 20 190   M    M   5 8      26 180
 2  88  67  78  17   0  13 0.00  0.0    0  8.2 17 220   M    M   3        25 210
 3  89  70  80  20   0  15 0.00  0.0    0 15.7 31 210   M    M   2        42 210
 4  79  53  66   6   0   1 0.51  0.0    0 10.5 21  10   M    M   9 13     29  40
 5  87  58  73  13   0   8 0.00  0.0    0 10.0 20 230   M    M   5 12     27 220
 6  79  60  70  11   0   5 0.11  0.0    0  9.8 25 350   M    M   5 13     31 360
 7  77  61  69  10   0   4 2.08  0.0    0  7.4 24 290   M    M   9 123    33 290
 8  85  68  77  19   0  12 0.00  0.0    0 11.4 21 190   M    M   3        29 190
 9  81  66  74  16   0   9 1.38  0.0    0 12.0 24 170   M    M   5 138    36 160
10  70  49  60   2   5   0 0.12  0.0    0 15.0 25 250   M    M   9 18     35 270
11  56  41  49  -9  16   0 0.00  0.0    0 10.6 22 310   M    M   4 8      30 270
12  46  39  43 -14  22   0 0.08  0.0    0  3.1  9 350   M    M   9 1      11 350
13  50  41  46 -11  19   0 0.00  0.0    0  6.7 13 170   M    M   9        17 180
14  56  42  49  -8  16   0 0.19  0.0    0  8.1 21 330   M    M  10 1      31 330
15  49  33  41 -15  24   0 0.01  0.0    0  8.6 23 330   M    M   4 1      30 330
16  59  28  44 -12  21   0 0.00  0.0    0  8.2 16 250   M    M   0 18     20 280
17  65  39  52  -4  13   0 0.00  0.0    0  7.5 18 340   M    M   0        23 340
18  63  38  51  -4  14   0 0.00  0.0    0  5.6 13 160   M    M   0        16 160
19  57  48  53  -2  12   0    T  0.0    0 10.5 21 240   M    M   7 1      26 240
20  64  36  50  -5  15   0 0.00  0.0    0 13.5 30 310   M    M   0        38 310
21  58  29  44 -11  21   0 0.00  0.0    0  7.3 16 180   M    M   0        20 170
================================================================================
SM 1443 1029       198  76  4.48     0.0 198.2          M       98
================================================================================
AV 68.7 49.0                               9.4 FASTST   M    M   5    MAX(MPH)
                                 MISC ---->  # 31 210               # 42  210
================================================================================
NOTES:
# LAST OF SEVERAL OCCURRENCES

COLUMN 17 PEAK WIND IN M.P.H.

PRELIMINARY LOCAL CLIMATOLOGICAL DATA (WS FORM: F-6) , PAGE 2

                                          STATION:  COLUMBIA ASOS
                                          MONTH:    OCTOBER
                                          YEAR:     2018
                                          LATITUDE:   38 49 N
                                          LONGITUDE:  92 13 W

[TEMPERATURE DATA]      [PRECIPITATION DATA]       SYMBOLS USED IN COLUMN 16

AVERAGE MONTHLY: 58.9   TOTAL FOR MONTH:   4.48    1 = FOG OR MIST
DPTR FM NORMAL:   1.2   DPTR FM NORMAL:    2.13    2 = FOG REDUCING VISIBILITY
HIGHEST:    89 ON  3    GRTST 24HR  2.08 ON  7- 7      TO 1/4 MILE OR LESS
LOWEST:     28 ON 16                               3 = THUNDER
                        SNOW, ICE PELLETS, HAIL    4 = ICE PELLETS
                        TOTAL MONTH:   0.0 INCH    5 = HAIL
                        GRTST 24HR     0.0         6 = FREEZING RAIN OR DRIZZLE
                        GRTST DEPTH:   0           7 = DUSTSTORM OR SANDSTORM:
                                                       VSBY 1/2 MILE OR LESS
                                                   8 = SMOKE OR HAZE
[NO. OF DAYS WITH]      [WEATHER - DAYS WITH]      9 = BLOWING SNOW
                                                   X = TORNADO
MAX 32 OR BELOW:   0    0.01 INCH OR MORE:   8
MAX 90 OR ABOVE:   0    0.10 INCH OR MORE:   6
MIN 32 OR BELOW:   2    0.50 INCH OR MORE:   3
MIN  0 OR BELOW:   0    1.00 INCH OR MORE:   2

[HDD (BASE 65) ]
TOTAL THIS MO.   198    CLEAR  (SCALE 0-3)   8
DPTR FM NORMAL    25    PTCLDY (SCALE 4-7)   7
TOTAL FM JUL 1   219    CLOUDY (SCALE 8-10)  6
DPTR FM NORMAL   -22

[CDD (BASE 65) ]
TOTAL THIS MO.    76
DPTR FM NORMAL    61    [PRESSURE DATA]
TOTAL FM JAN 1  1950    HIGHEST SLP M ON M
DPTR FM NORMAL   708    LOWEST  SLP 29.67 ON 10

[REMARKS]
