000
CXUS55 KRIW 190945
CF6CPR
PRELIMINARY LOCAL CLIMATOLOGICAL DATA (WS FORM: F-6)

                                          STATION:   CASPER WY
                                          MONTH:     JULY
                                          YEAR:      2018
                                          LATITUDE:   42 55 N
                                          LONGITUDE: 106 28 W

  TEMPERATURE IN F:       :PCPN:    SNOW:  WIND      :SUNSHINE: SKY     :PK WND
================================================================================
1   2   3   4   5  6A  6B    7    8   9   10  11  12  13   14  15   16   17  18
                                     12Z  AVG MX 2MIN
DY MAX MIN AVG DEP HDD CDD  WTR  SNW DPTH SPD SPD DIR MIN PSBL S-S WX    SPD DR
================================================================================

 1  84  40  62  -6   3   0 0.00  0.0    0 10.8 23 300   M    M   0        33 290
 2  91  52  72   4   0   7 0.00  0.0    0 15.7 35 210   M    M   0        46 210
 3  87  55  71   3   0   6    T  0.0    0  7.2 23 320   M    M   0 3      35 320
 4  82  45  64  -5   1   0 0.00  0.0    0 11.2 25  80   M    M   0        30  80
 5  90  59  75   6   0  10 0.02  0.0    0 10.5 33 210   M    M   1 3      46 200
 6  98  51  75   6   0  10    T  0.0    0  6.0 14 220   M    M   0        20  60
 7 100  57  79  10   0  14 0.00  0.0    0 10.1 23 180   M    M   0 3      27 170
 8  98  65  82  12   0  17 0.00  0.0    0 10.4 21 120   M    M   0        29 110
 9  98  60  79   9   0  14 0.71  0.0    0  8.5 32 340   M    M   2 13     39 330
10 100  57  79   9   0  14 0.01  0.0    0  8.5 32 200   M    M   1 3      42 200
11  90  60  75   5   0  10 0.16  0.0    0 12.1 25  20   M    M   2 13     31  20
12  85  59  72   2   0   7    T  0.0    0  7.6 29  60   M    M   1 3      36  60
13  92  56  74   3   0   9 0.00  0.0    0  4.5 16 100   M    M   1        21  70
14  95  54  75   4   0  10 0.00  0.0    0 10.0 28  10   M    M   0        37  10
15  86  59  73   2   0   8    T  0.0    0  8.0 17  40   M    M   3        20  30
16  90  58  74   3   0   9 0.23  0.0    0  9.4 33 350   M    M   3 13     44 350
17  90  56  73   2   0   8 0.02  0.0    0  6.6 37 340   M    M   2 38     49 340
18  89  54  72   1   0   7 0.00  0.0    0 11.1 24 300   M    M   0        34 330
================================================================================
SM 1645  997         4 160  1.15     0.0 168.2          M       16
================================================================================
AV 91.4 55.4                               9.3 FASTST   M    M   1    MAX(MPH)
                                 MISC ---->  # 37 340               # 49  340
================================================================================
NOTES:
# LAST OF SEVERAL OCCURRENCES

COLUMN 17 PEAK WIND IN M.P.H.

PRELIMINARY LOCAL CLIMATOLOGICAL DATA (WS FORM: F-6) , PAGE 2

                                          STATION:  CASPER WY
                                          MONTH:    JULY
                                          YEAR:     2018
                                          LATITUDE:   42 55 N
                                          LONGITUDE: 106 28 W

[TEMPERATURE DATA]      [PRECIPITATION DATA]       SYMBOLS USED IN COLUMN 16

AVERAGE MONTHLY: 73.4   TOTAL FOR MONTH:   1.15    1 = FOG OR MIST
DPTR FM NORMAL:   3.6   DPTR FM NORMAL:    0.35    2 = FOG REDUCING VISIBILITY
HIGHEST:   100 ON 10, 7 GRTST 24HR  0.71 ON  9- 9      TO 1/4 MILE OR LESS
LOWEST:     40 ON  1                               3 = THUNDER
                        SNOW, ICE PELLETS, HAIL    4 = ICE PELLETS
                        TOTAL MONTH:   0.0 INCH    5 = HAIL
                        GRTST 24HR     0.0         6 = FREEZING RAIN OR DRIZZLE
                        GRTST DEPTH:   0           7 = DUSTSTORM OR SANDSTORM:
                                                       VSBY 1/2 MILE OR LESS
                                                   8 = SMOKE OR HAZE
[NO. OF DAYS WITH]      [WEATHER - DAYS WITH]      9 = BLOWING SNOW
                                                   X = TORNADO
MAX 32 OR BELOW:   0    0.01 INCH OR MORE:   6
MAX 90 OR ABOVE:  12    0.10 INCH OR MORE:   3
MIN 32 OR BELOW:   0    0.50 INCH OR MORE:   1
MIN  0 OR BELOW:   0    1.00 INCH OR MORE:   0

[HDD (BASE 65) ]
TOTAL THIS MO.     4    CLEAR  (SCALE 0-3)  18
DPTR FM NORMAL    -7    PTCLDY (SCALE 4-7)   0
TOTAL FM JUL 1     4    CLOUDY (SCALE 8-10)  0
DPTR FM NORMAL    -7

[CDD (BASE 65) ]
TOTAL THIS MO.   160
DPTR FM NORMAL    61    [PRESSURE DATA]
TOTAL FM JAN 1   230    HIGHEST SLP M ON M
DPTR FM NORMAL    74    LOWEST  SLP 29.75 ON  2

[REMARKS]
