000
CXUS54 KFWD 170730
CF6CPT
PRELIMINARY LOCAL CLIMATOLOGICAL DATA (WS FORM: F-6)

                                          STATION:   CLEBURNE
                                          MONTH:     JULY
                                          YEAR:      2018
                                          LATITUDE:   32 20 N
                                          LONGITUDE:  97 24 W

  TEMPERATURE IN F:       :PCPN:    SNOW:  WIND      :SUNSHINE: SKY     :PK WND
================================================================================
1   2   3   4   5  6A  6B    7    8   9   10  11  12  13   14  15   16   17  18
                                     12Z  AVG MX 2MIN
DY MAX MIN AVG DEP HDD CDD  WTR  SNW DPTH SPD SPD DIR MIN PSBL S-S WX    SPD DR
================================================================================

 1 104  75  90   8   0  25 0.00  0.0    0 14.0 17 140   M    M   1 18     24 170
 2 102  75  89   6   0  24 0.00  0.0    0  9.9 15 180   M    M   0 18     18 140
 3 102  73  88   5   0  23 0.00  0.0    0  8.4 27 110   M    M   0        36 110
 4  95  75  85   2   0  20 0.00  0.0    0 11.5 21  90   M    M   1        31  90
 5  97  72  85   2   0  20 0.00  0.0    0  6.2 17  60   M    M   4 3      27  60
 6  95  73  84   1   0  19    M  0.0    0  7.0 18 140   M    M   1 3      25 140
 7  95  73  84   1   0  19 0.00  0.0    0  7.3 16 100   M    M   2        20  80
 8  95  73  84   1   0  19 0.00  0.0    0  6.1 14 150   M    M   2        28 150
 9  93  73  83   0   0  18 0.00  0.0    0  6.9 14 110   M    M   3 13     20 170
10  93  73  83   0   0  18 0.00  0.0    0  7.3 13  60   M    M   1 3      16 240
11  97  73  85   2   0  20 0.00  0.0    0  7.3 14 300   M    M   0 3      14 190
12  97  73  85   1   0  20 0.00  0.0    0  8.9 18 110   M    M   2 3      29 110
13  99  73  86   2   0  21 0.00  0.0    0  8.2 12 150   M    M   0        18 140
14 100  77  89   5   0  24 0.00  0.0    0  8.9 13 140   M    M   0        23 140
15 100  77  89   5   0  24 0.00  0.0    0  9.9 17 140   M    M   0        23 140
16 102  77  90   6   0  25 0.00  0.0    0  8.0 10 160   M    M   0 8      17 160
================================================================================
SM 1566 1185         0 339  0.00     0.0 135.8          M       17
================================================================================
AV 97.9 74.1                               8.5 FASTST   M    M   1    MAX(MPH)
                                 MISC ---->  # 27 110               # 36  110
================================================================================
NOTES:
# LAST OF SEVERAL OCCURRENCES

COLUMN 17 PEAK WIND IN M.P.H.

PRELIMINARY LOCAL CLIMATOLOGICAL DATA (WS FORM: F-6) , PAGE 2

                                          STATION:  CLEBURNE
                                          MONTH:    JULY
                                          YEAR:     2018
                                          LATITUDE:   32 20 N
                                          LONGITUDE:  97 24 W

[TEMPERATURE DATA]      [PRECIPITATION DATA]       SYMBOLS USED IN COLUMN 16

AVERAGE MONTHLY: 86.0   TOTAL FOR MONTH:   0.00    1 = FOG OR MIST
DPTR FM NORMAL:   2.7   DPTR FM NORMAL:   -1.16    2 = FOG REDUCING VISIBILITY
HIGHEST:   104 ON  1    GRTST 24HR  0.00 ON 16-16      TO 1/4 MILE OR LESS
LOWEST:     72 ON  5                               3 = THUNDER
                        SNOW, ICE PELLETS, HAIL    4 = ICE PELLETS
                        TOTAL MONTH:   0.0 INCH    5 = HAIL
                        GRTST 24HR     0.0         6 = FREEZING RAIN OR DRIZZLE
                        GRTST DEPTH:   0           7 = DUSTSTORM OR SANDSTORM:
                                                       VSBY 1/2 MILE OR LESS
                                                   8 = SMOKE OR HAZE
[NO. OF DAYS WITH]      [WEATHER - DAYS WITH]      9 = BLOWING SNOW
                                                   X = TORNADO
MAX 32 OR BELOW:   0    0.01 INCH OR MORE:   0
MAX 90 OR ABOVE:  16    0.10 INCH OR MORE:   0
MIN 32 OR BELOW:   0    0.50 INCH OR MORE:   0
MIN  0 OR BELOW:   0    1.00 INCH OR MORE:   0

[HDD (BASE 65) ]
TOTAL THIS MO.     0    CLEAR  (SCALE 0-3)  14
DPTR FM NORMAL     0    PTCLDY (SCALE 4-7)   2
TOTAL FM JUL 1     0    CLOUDY (SCALE 8-10)  0
DPTR FM NORMAL     0

[CDD (BASE 65) ]
TOTAL THIS MO.   339
DPTR FM NORMAL    48    [PRESSURE DATA]
TOTAL FM JAN 1  1449    HIGHEST SLP M ON M
DPTR FM NORMAL   346    LOWEST  SLP M ON M

[REMARKS]
