000
CXUS52 KILM 221000
CF6CRE
PRELIMINARY LOCAL CLIMATOLOGICAL DATA (WS FORM: F-6)

                                          STATION:   N.MYRTLE BEACH SOUTH CAROLINA
                                          MONTH:     SEPTEMBER
                                          YEAR:      2018
                                          LATITUDE:   33 49 N
                                          LONGITUDE:  78 43 W

  TEMPERATURE IN F:       :PCPN:    SNOW:  WIND      :SUNSHINE: SKY     :PK WND
================================================================================
1   2   3   4   5  6A  6B    7    8   9   10  11  12  13   14  15   16   17  18
                                     12Z  AVG MX 2MIN
DY MAX MIN AVG DEP HDD CDD  WTR  SNW DPTH SPD SPD DIR MIN PSBL S-S WX    SPD DR
================================================================================

 1  87  74  81   3   0  16 0.00    M    M  5.0 13 150   M    M   1 1      16 140
 2  88  75  82   4   0  17 0.55    M    M  6.4 15 120   M    M   1 13     19  80
 3  89  74  82   4   0  17 0.00    M    M  6.9 16 100   M    M   2 3      21  90
 4  88  74  81   3   0  16 0.00    M    M  5.5 13 120   M    M   1 18     16 120
 5  88  75  82   4   0  17 0.00    M    M  7.3 16 100   M    M   1 1      21 140
 6  88  73  81   4   0  16 0.12    M    M  5.3 17  50   M    M   1 13     22  50
 7  89  73  81   4   0  16 0.00    M    M  5.1 12 130   M    M   1 3      16 110
 8  88  73  81   4   0  16 0.00    M    M  6.8 13 160   M    M   2        17 140
 9  86  74  80   3   0  15 0.00    M    M  5.9 14 150   M    M   1        18 150
10  87  74  81   4   0  16 0.00    M    M  5.0 14 160   M    M   2 3      18 160
11  89  74  82   6   0  17 0.00    M    M  5.2 13 100   M    M   2 3      18 100
12  90  75  83   7   0  18    T    M    M  6.9 18 100   M    M   3 3      23 100
13  86  76  81   5   0  16 0.09    M    M 12.6 23 320   M    M   6 1      41 290
14  82  76  79   3   0  14 5.71    M    M 23.9 35 190   M    M   9 1      59 320
15  80  76  78   2   0  13 3.72    M    M 17.8 30 160   M    M  10        42 150
16  83  77  80   5   0  15 1.95    M    M 16.7 25 120   M    M   9 13     40 120
17  85  78  82   7   0  17 0.21    M    M 12.7 25 200   M    M   4 3      30 200
18  87  75  81   6   0  16 0.01    M    M 10.1 18 210   M    M   4 3      22 210
19  87  72  80   5   0  15 0.00    M    M  3.0 12 180   M    M   2        14 160
20  87  72  80   6   0  15 0.00    M    M  6.5 16 100   M    M   1 18     23 110
21  84  70  77   3   0  12 0.00    M    M  5.5 12 140   M    M   3 1      16  70
================================================================================
SM 1818 1560         0 330 12.36    M    180.1          M       66
================================================================================
AV 86.6 74.3                               8.6 FASTST   M    M   3    MAX(MPH)
                                 MISC ---->  # 35 190               # 59  320
================================================================================
NOTES:
# LAST OF SEVERAL OCCURRENCES

COLUMN 17 PEAK WIND IN M.P.H.

PRELIMINARY LOCAL CLIMATOLOGICAL DATA (WS FORM: F-6) , PAGE 2

                                          STATION:  N.MYRTLE BEACH SOUTH CAROLINA
                                          MONTH:    SEPTEMBER
                                          YEAR:     2018
                                          LATITUDE:   33 49 N
                                          LONGITUDE:  78 43 W

[TEMPERATURE DATA]      [PRECIPITATION DATA]       SYMBOLS USED IN COLUMN 16

AVERAGE MONTHLY: 80.4   TOTAL FOR MONTH:  12.36    1 = FOG OR MIST
DPTR FM NORMAL:   4.1   DPTR FM NORMAL:    7.77    2 = FOG REDUCING VISIBILITY
HIGHEST:    90 ON 12    GRTST 24HR  5.71 ON 14-14      TO 1/4 MILE OR LESS
LOWEST:     70 ON 21                               3 = THUNDER
                        SNOW, ICE PELLETS, HAIL    4 = ICE PELLETS
                        TOTAL MONTH:    M          5 = HAIL
                        GRTST 24HR    M  ON   M    6 = FREEZING RAIN OR DRIZZLE
                        GRTST DEPTH:  M  ON   M    7 = DUSTSTORM OR SANDSTORM:
                                                       VSBY 1/2 MILE OR LESS
                                                   8 = SMOKE OR HAZE
[NO. OF DAYS WITH]      [WEATHER - DAYS WITH]      9 = BLOWING SNOW
                                                   X = TORNADO
MAX 32 OR BELOW:   0    0.01 INCH OR MORE:   8
MAX 90 OR ABOVE:   1    0.10 INCH OR MORE:   6
MIN 32 OR BELOW:   0    0.50 INCH OR MORE:   4
MIN  0 OR BELOW:   0    1.00 INCH OR MORE:   3

[HDD (BASE 65) ]
TOTAL THIS MO.     0    CLEAR  (SCALE 0-3)  15
DPTR FM NORMAL     0    PTCLDY (SCALE 4-7)   3
TOTAL FM JUL 1     0    CLOUDY (SCALE 8-10)  3
DPTR FM NORMAL     0

[CDD (BASE 65) ]
TOTAL THIS MO.   330
DPTR FM NORMAL    92    [PRESSURE DATA]
TOTAL FM JAN 1  2047    HIGHEST SLP  0.00 ON 15
DPTR FM NORMAL   333    LOWEST  SLP  0.00 ON 15

[REMARKS]
