000
CXUS52 KILM 241000
CF6CRE
PRELIMINARY LOCAL CLIMATOLOGICAL DATA (WS FORM: F-6)

                                          STATION:   N.MYRTLE BEACH SOUTH CAROLINA
                                          MONTH:     JUNE
                                          YEAR:      2018
                                          LATITUDE:   33 49 N
                                          LONGITUDE:  78 43 W

  TEMPERATURE IN F:       :PCPN:    SNOW:  WIND      :SUNSHINE: SKY     :PK WND
================================================================================
1   2   3   4   5  6A  6B    7    8   9   10  11  12  13   14  15   16   17  18
                                     12Z  AVG MX 2MIN
DY MAX MIN AVG DEP HDD CDD  WTR  SNW DPTH SPD SPD DIR MIN PSBL S-S WX    SPD DR
================================================================================

 1  90  75  83   9   0  18 0.00    M    M  8.1 17 200   M    M   2 1      22 200
 2  89  72  81   7   0  16 0.12    M    M  7.4 23 220   M    M   1 13     27 220
 3  85  71  78   4   0  13    T    M    M  8.9 18 220   M    M   1 1      23 210
 4  89  73  81   7   0  16 0.00    M    M  7.1 15 360   M    M   1        20  20
 5  85  69  77   2   0  12 0.00    M    M  5.9 10 160   M    M   0        14 360
 6  86  63  75   0   0  10 0.00    M    M  7.9 16 210   M    M   0        21 210
 7  84  70  77   2   0  12 0.00    M    M  5.8 15 160   M    M   1 1      19 180
 8  85  68  77   2   0  12    T    M    M  6.3 17 110   M    M   4 1      23 110
 9  84  73  79   3   0  14    T    M    M  7.3 15 140   M    M   2        19 120
10  86  72  79   3   0  14 0.00    M    M  8.0 20 220   M    M   2        24 190
11  89  71  80   4   0  15 1.06    M    M 10.6 23 210   M    M   2 13     29 210
12  76  71  74  -2   0   9 0.56    M    M  7.9 17  50   M    M   9 13     22  40
13  83  69  76   0   0  11 0.00    M    M  8.4 17 220   M    M   6 12     22 220
14  86  71  79   2   0  14 1.61    M    M 10.0 22 220   M    M   1 13     30 230
15  87  73  80   3   0  15    T    M    M  6.4 13 100   M    M   3 3      17 140
16  85  73  79   2   0  14 0.00    M    M  7.2 15 120   M    M   2 1      21  90
17  85  78  82   5   0  17 0.00    M    M 10.8 18 200   M    M   3        22 190
18  87  75  81   3   0  16 0.45    M    M 11.6 24 220   M    M   1 1      31 220
19  92  76  84   6   0  19 0.00    M    M 10.4 21 220   M    M   0        28 230
20  91  75  83   5   0  18 0.97    M    M  9.2 25 210   M    M   1 13     30 220
21  88  76  82   4   0  17 0.03    M    M  5.8 14 200   M    M   1 13     17 210
22  91  79  85   7   0  20    T    M    M 11.5 23 200   M    M   0        30 200
23  87  78  83   4   0  18    T    M    M 12.5 23 210   M    M   1        29 220
================================================================================
SM 1990 1671         0 340  4.80    M    195.0          M       44
================================================================================
AV 86.5 72.7                               8.5 FASTST   M    M   2    MAX(MPH)
                                 MISC ---->  # 25 210               # 31  220
================================================================================
NOTES:
# LAST OF SEVERAL OCCURRENCES

COLUMN 17 PEAK WIND IN M.P.H.

PRELIMINARY LOCAL CLIMATOLOGICAL DATA (WS FORM: F-6) , PAGE 2

                                          STATION:  N.MYRTLE BEACH SOUTH CAROLINA
                                          MONTH:    JUNE
                                          YEAR:     2018
                                          LATITUDE:   33 49 N
                                          LONGITUDE:  78 43 W

[TEMPERATURE DATA]      [PRECIPITATION DATA]       SYMBOLS USED IN COLUMN 16

AVERAGE MONTHLY: 79.6   TOTAL FOR MONTH:   4.80    1 = FOG OR MIST
DPTR FM NORMAL:   3.4   DPTR FM NORMAL:    1.29    2 = FOG REDUCING VISIBILITY
HIGHEST:    92 ON 19    GRTST 24HR  1.61 ON 14-14      TO 1/4 MILE OR LESS
LOWEST:     63 ON  6                               3 = THUNDER
                        SNOW, ICE PELLETS, HAIL    4 = ICE PELLETS
                        TOTAL MONTH:    M          5 = HAIL
                        GRTST 24HR    M  ON   M    6 = FREEZING RAIN OR DRIZZLE
                        GRTST DEPTH:  M  ON   M    7 = DUSTSTORM OR SANDSTORM:
                                                       VSBY 1/2 MILE OR LESS
                                                   8 = SMOKE OR HAZE
[NO. OF DAYS WITH]      [WEATHER - DAYS WITH]      9 = BLOWING SNOW
                                                   X = TORNADO
MAX 32 OR BELOW:   0    0.01 INCH OR MORE:   7
MAX 90 OR ABOVE:   4    0.10 INCH OR MORE:   6
MIN 32 OR BELOW:   0    0.50 INCH OR MORE:   4
MIN  0 OR BELOW:   0    1.00 INCH OR MORE:   2

[HDD (BASE 65) ]
TOTAL THIS MO.     0    CLEAR  (SCALE 0-3)  19
DPTR FM NORMAL     0    PTCLDY (SCALE 4-7)   3
TOTAL FM JUL 1  2338    CLOUDY (SCALE 8-10)  1
DPTR FM NORMAL  -109

[CDD (BASE 65) ]
TOTAL THIS MO.   340
DPTR FM NORMAL    82    [PRESSURE DATA]
TOTAL FM JAN 1   655    HIGHEST SLP  0.00 ON 21
DPTR FM NORMAL   185    LOWEST  SLP 29.73 ON  2

[REMARKS]
