000
CXUS52 KJAX 220800
CF6CRG
PRELIMINARY LOCAL CLIMATOLOGICAL DATA (WS FORM: F-6)

                                          STATION:   CRAIG MUNI ARPT FL
                                          MONTH:     SEPTEMBER
                                          YEAR:      2018
                                          LATITUDE:   30 19 N
                                          LONGITUDE:  81 31 W

  TEMPERATURE IN F:       :PCPN:    SNOW:  WIND      :SUNSHINE: SKY     :PK WND
================================================================================
1   2   3   4   5  6A  6B    7    8   9   10  11  12  13   14  15   16   17  18
                                     12Z  AVG MX 2MIN
DY MAX MIN AVG DEP HDD CDD  WTR  SNW DPTH SPD SPD DIR MIN PSBL S-S WX    SPD DR
================================================================================

 1  88  75  82   2   0  17 0.01  0.0    0  6.3 16 110   M    M   2 1      22 110
 2  88  74  81   1   0  16 0.06  0.0    0  5.9 17  50   M    M   2 138    25 110
 3  88  76  82   2   0  17 0.14  0.0    0  6.8 22  90   M    M   5 138    29  90
 4  88  76  82   2   0  17 0.09  0.0    0  8.4 20  90   M    M   3 138    28 110
 5  88  74  81   1   0  16    T  0.0    0  7.2 15  90   M    M   2        20 100
 6  88  74  81   1   0  16 0.05  0.0    0  6.1 17  80   M    M   3 1      23  80
 7  88  72  80   0   0  15 0.17  0.0    0  4.2 18 110   M    M   1 1      23 110
 8  88  72  80   0   0  15    T  0.0    0  3.7 13  90   M    M   2        16  90
 9  89  72  81   1   0  16 0.00  0.0    0  3.9 13 140   M    M   3        16 150
10  90  71  81   1   0  16 0.14  0.0    0  3.5 13 140   M    M   2 13     17 130
11  89  71  80   1   0  15 0.00  0.0    0  3.5 12  90   M    M   1 1      14 130
12  89  73  81   2   0  16    T  0.0    0  5.4 16  80   M    M   2        20  70
13  92  76  84   5   0  19 0.43  0.0    0  4.3 13  80   M    M   2 1      17  40
14  95  76  86   7   0  21 0.00  0.0    0  7.2 16 310   M    M   0        20 300
15  95  79  87   8   0  22 0.00  0.0    0 10.1 20 260   M    M   2        26 250
16  96  77  87   8   0  22 0.02  0.0    0  7.7 20 230   M    M   2 3      24 200
17  91  78  85   7   0  20 0.02  0.0    0  6.1 17 140   M    M   2 13     23 140
18  95  78  87   9   0  22 0.00  0.0    0  4.8 13 120   M    M   2         M  M
19  95  77  86   8   0  21 0.77  0.0    0  4.6 10  90   M    M   1 123    31 220
20  89  73  81   3   0  16 0.00  0.0    0  6.8 16  70   M    M   1        22  60
21  88  73  81   3   0  16    T  0.0    0  6.1 17 100   M    M   2        24 110
================================================================================
SM 1897 1567         0 371  1.90     0.0 122.6          M       42
================================================================================
AV 90.3 74.6                               5.8 FASTST   M    M   2    MAX(MPH)
                                 MISC ---->  # 22  90               # 31  220
================================================================================
NOTES:
# LAST OF SEVERAL OCCURRENCES

COLUMN 17 PEAK WIND IN M.P.H.

PRELIMINARY LOCAL CLIMATOLOGICAL DATA (WS FORM: F-6) , PAGE 2

                                          STATION:  CRAIG MUNI ARPT FL
                                          MONTH:    SEPTEMBER
                                          YEAR:     2018
                                          LATITUDE:   30 19 N
                                          LONGITUDE:  81 31 W

[TEMPERATURE DATA]      [PRECIPITATION DATA]       SYMBOLS USED IN COLUMN 16

AVERAGE MONTHLY: 82.5   TOTAL FOR MONTH:   1.90    1 = FOG OR MIST
DPTR FM NORMAL:   3.2   DPTR FM NORMAL:   -3.15    2 = FOG REDUCING VISIBILITY
HIGHEST:    96 ON 16    GRTST 24HR  0.77 ON 19-19      TO 1/4 MILE OR LESS
LOWEST:     71 ON 11,10                            3 = THUNDER
                        SNOW, ICE PELLETS, HAIL    4 = ICE PELLETS
                        TOTAL MONTH:   0.0 INCH    5 = HAIL
                        GRTST 24HR     0.0         6 = FREEZING RAIN OR DRIZZLE
                        GRTST DEPTH:   0           7 = DUSTSTORM OR SANDSTORM:
                                                       VSBY 1/2 MILE OR LESS
                                                   8 = SMOKE OR HAZE
[NO. OF DAYS WITH]      [WEATHER - DAYS WITH]      9 = BLOWING SNOW
                                                   X = TORNADO
MAX 32 OR BELOW:   0    0.01 INCH OR MORE:  11
MAX 90 OR ABOVE:   8    0.10 INCH OR MORE:   5
MIN 32 OR BELOW:   0    0.50 INCH OR MORE:   1
MIN  0 OR BELOW:   0    1.00 INCH OR MORE:   0

[HDD (BASE 65) ]
TOTAL THIS MO.     0    CLEAR  (SCALE 0-3)  20
DPTR FM NORMAL     0    PTCLDY (SCALE 4-7)   1
TOTAL FM JUL 1     0    CLOUDY (SCALE 8-10)  0
DPTR FM NORMAL     0

[CDD (BASE 65) ]
TOTAL THIS MO.   371
DPTR FM NORMAL    73    [PRESSURE DATA]
TOTAL FM JAN 1  2568    HIGHEST SLP 30.15 ON  4
DPTR FM NORMAL   349    LOWEST  SLP 29.75 ON 15

[REMARKS]
