000
CXUS54 KCRP 191300
CF6CRP
PRELIMINARY LOCAL CLIMATOLOGICAL DATA (WS FORM: F-6)

                                          STATION:   CORPUS CHRISTI
                                          MONTH:     OCTOBER
                                          YEAR:      2018
                                          LATITUDE:   27 46 N
                                          LONGITUDE:  97 30 W

  TEMPERATURE IN F:       :PCPN:    SNOW:  WIND      :SUNSHINE: SKY     :PK WND
================================================================================
1   2   3   4   5  6A  6B    7    8   9   10  11  12  13   14  15   16   17  18
                                     12Z  AVG MX 2MIN
DY MAX MIN AVG DEP HDD CDD  WTR  SNW DPTH SPD SPD DIR MIN PSBL S-S WX    SPD DR
================================================================================

 1  87  74  81   3   0  16 0.18  0.0    0  8.0 18  70   M    M   7 13     21  70
 2  90  75  83   5   0  18    T  0.0    0  8.0 17 150   M    M   4 3      21  80
 3  89  76  83   5   0  18 0.00  0.0    0  7.1 16 140   M    M   3        20 130
 4  89  73  81   4   0  16 0.00  0.0    0  8.2 17 130   M    M   3        22 130
 5  89  75  82   5   0  17 0.01  0.0    0  8.7 18 130   M    M   3        23 140
 6  89  76  83   6   0  18    T  0.0    0  9.5 21 130   M    M   4        28 150
 7  88  76  82   5   0  17 0.21  0.0    0 12.7 28 150   M    M   5 13     35 150
 8  89  74  82   6   0  17 0.04  0.0    0 12.6 29 150   M    M   7        35 150
 9  88  75  82   6   0  17 0.23  0.0    0 10.1 21 150   M    M   6 13     28 130
10  89  73  81   5   0  16 0.00  0.0    0  9.4 17  50   M    M   6        21  40
11  84  71  78   2   0  13 0.00  0.0    0 13.6 22  80   M    M   5        28  80
12  87  72  80   4   0  15 0.00  0.0    0 11.3 20 130   M    M   4        26 130
13  88  78  83   8   0  18 0.68  0.0    0 15.4 28 150   M    M   4 18     36 170
14  88  78  83   8   0  18 0.00  0.0    0 13.0 22 150   M    M   4        26 160
15  83  50  67  -8   0   2 0.56  0.0    0 17.1 31  10   M    M   9 13     38  20
16  57  49  53 -22  12   0 0.06  0.0    0 15.5 25 330   M    M  10 1      30 330
17  63  53  58 -16   7   0 0.09  0.0    0 13.0 20 360   M    M  10 1      24 360
18  65  57  61 -13   4   0 0.04  0.0    0 13.4 21 360   M    M  10 1      23  10
================================================================================
SM 1502 1255        23 236  2.10     0.0 206.6          M      104
================================================================================
AV 83.4 69.7                              11.5 FASTST   M    M   6    MAX(MPH)
                                 MISC ---->  # 31  10               # 38   20
================================================================================
NOTES:
# LAST OF SEVERAL OCCURRENCES

COLUMN 17 PEAK WIND IN M.P.H.

PRELIMINARY LOCAL CLIMATOLOGICAL DATA (WS FORM: F-6) , PAGE 2

                                          STATION:  CORPUS CHRISTI
                                          MONTH:    OCTOBER
                                          YEAR:     2018
                                          LATITUDE:   27 46 N
                                          LONGITUDE:  97 30 W

[TEMPERATURE DATA]      [PRECIPITATION DATA]       SYMBOLS USED IN COLUMN 16

AVERAGE MONTHLY: 76.6   TOTAL FOR MONTH:   2.10    1 = FOG OR MIST
DPTR FM NORMAL:   0.5   DPTR FM NORMAL:   -0.06    2 = FOG REDUCING VISIBILITY
HIGHEST:    90 ON  2    GRTST 24HR  0.68 ON 13-13      TO 1/4 MILE OR LESS
LOWEST:     49 ON 16                               3 = THUNDER
                        SNOW, ICE PELLETS, HAIL    4 = ICE PELLETS
                        TOTAL MONTH:   0.0 INCH    5 = HAIL
                        GRTST 24HR     0.0         6 = FREEZING RAIN OR DRIZZLE
                        GRTST DEPTH:   0           7 = DUSTSTORM OR SANDSTORM:
                                                       VSBY 1/2 MILE OR LESS
                                                   8 = SMOKE OR HAZE
[NO. OF DAYS WITH]      [WEATHER - DAYS WITH]      9 = BLOWING SNOW
                                                   X = TORNADO
MAX 32 OR BELOW:   0    0.01 INCH OR MORE:  10
MAX 90 OR ABOVE:   1    0.10 INCH OR MORE:   5
MIN 32 OR BELOW:   0    0.50 INCH OR MORE:   2
MIN  0 OR BELOW:   0    1.00 INCH OR MORE:   0

[HDD (BASE 65) ]
TOTAL THIS MO.    23    CLEAR  (SCALE 0-3)   3
DPTR FM NORMAL    23    PTCLDY (SCALE 4-7)  11
TOTAL FM JUL 1    23    CLOUDY (SCALE 8-10)  4
DPTR FM NORMAL    23

[CDD (BASE 65) ]
TOTAL THIS MO.   236
DPTR FM NORMAL    32    [PRESSURE DATA]
TOTAL FM JAN 1  3506    HIGHEST SLP M ON M
DPTR FM NORMAL   259    LOWEST  SLP 29.60 ON  9

[REMARKS]
