298
CXUS54 KFWD 200730
CF6CRS
PRELIMINARY LOCAL CLIMATOLOGICAL DATA (WS FORM: F-6)

                                          STATION:   CORSICANA
                                          MONTH:     OCTOBER
                                          YEAR:      2018
                                          LATITUDE:   32  1 N
                                          LONGITUDE:  96 24 W

  TEMPERATURE IN F:       :PCPN:    SNOW:  WIND      :SUNSHINE: SKY     :PK WND
================================================================================
1   2   3   4   5  6A  6B    7    8   9   10  11  12  13   14  15   16   17  18
                                     12Z  AVG MX 2MIN
DY MAX MIN AVG DEP HDD CDD  WTR  SNW DPTH SPD SPD DIR MIN PSBL S-S WX    SPD DR
================================================================================

 1  87  71  79   7   0  14 0.05  0.0    0  6.7 24 140   M    M   6        31 130
 2  88  70  79   7   0  14 0.00  0.0    0  5.8 13 130   M    M   4 1      15 140
 3  91  72  82  10   0  17 0.00  0.0    0  9.7 18 180   M    M   3 1      24 210
 4  90  73  82  10   0  17 0.00  0.0    0  7.4 14 150   M    M   2        18 180
 5  90  72  81  10   0  16 0.00  0.0    0  9.7 16 160   M    M   3 1      21 210
 6  90  73  82  11   0  17 0.00  0.0    0  9.2 16 150   M    M   5 1      21 140
 7  89  72  81  10   0  16 1.16  0.0    0  9.7 18 160   M    M   5 13     22 140
 8  85  71  78   8   0  13 0.47  0.0    0   M   M   M   M    M   3 3       M  M
 9  78  63  71   1   0   6 0.86  0.0    0   M   M   M   M    M   7 3       M  M
10  76  59  68  -2   0   3 0.00  0.0    0   M   M   M   M    M   4         M  M
11  75  54  65  -5   0   0 0.00  0.0    0  7.4 13  40   M    M   1        17  30
12  81  61  71   2   0   6    T  0.0    0   M   M   M   M    M   7         M  M
13  78  63  71   2   0   6 1.16  0.0    0   M   M   M   M    M  10 3       M  M
14  86  61  74   5   0   9 0.14  0.0    0   M   M   M   M    M   7 3       M  M
15   M   M   M   M   M   M 0.89  0.0    0   M   M   M   M    M   7         M  M
16   M   M   M   M   M   M    M  0.0    0   M   M   M   M    M   4         M  M
17  54  51  53 -15  12   0 0.49  0.0    0   M   M   M   M    M   9         M  M
18  65  53  59  -9   6   0    T  0.0    0   M   M   M   M    M   2         M  M
19  62  59  61  -6   4   0 0.88  0.0    0   M   M   M   M    M   5         M  M
================================================================================
SM 1365 1098        22 154  6.10     0.0  65.6          M       94
================================================================================
AV 80.3 64.6                               8.2 FASTST   M    M   5    MAX(MPH)
                                 MISC ---->  # 24 140               # 31  130
================================================================================
NOTES:
# LAST OF SEVERAL OCCURRENCES

COLUMN 17 PEAK WIND IN M.P.H.

PRELIMINARY LOCAL CLIMATOLOGICAL DATA (WS FORM: F-6) , PAGE 2

                                          STATION:  CORSICANA
                                          MONTH:    OCTOBER
                                          YEAR:     2018
                                          LATITUDE:   32  1 N
                                          LONGITUDE:  96 24 W

[TEMPERATURE DATA]      [PRECIPITATION DATA]       SYMBOLS USED IN COLUMN 16

AVERAGE MONTHLY: 72.4   TOTAL FOR MONTH:   6.10    1 = FOG OR MIST
DPTR FM NORMAL:   2.6   DPTR FM NORMAL:    3.71    2 = FOG REDUCING VISIBILITY
HIGHEST:    91 ON  3    GRTST 24HR  1.16 ON 13-13      TO 1/4 MILE OR LESS
LOWEST:     51 ON 17                               3 = THUNDER
                        SNOW, ICE PELLETS, HAIL    4 = ICE PELLETS
                        TOTAL MONTH:   0.0 INCH    5 = HAIL
                        GRTST 24HR     0.0         6 = FREEZING RAIN OR DRIZZLE
                        GRTST DEPTH:   0           7 = DUSTSTORM OR SANDSTORM:
                                                       VSBY 1/2 MILE OR LESS
                                                   8 = SMOKE OR HAZE
[NO. OF DAYS WITH]      [WEATHER - DAYS WITH]      9 = BLOWING SNOW
                                                   X = TORNADO
MAX 32 OR BELOW:   0    0.01 INCH OR MORE:   9
MAX 90 OR ABOVE:   4    0.10 INCH OR MORE:   8
MIN 32 OR BELOW:   0    0.50 INCH OR MORE:   5
MIN  0 OR BELOW:   0    1.00 INCH OR MORE:   2

[HDD (BASE 65) ]
TOTAL THIS MO.    22    CLEAR  (SCALE 0-3)   4
DPTR FM NORMAL     0    PTCLDY (SCALE 4-7)  13
TOTAL FM JUL 1    22    CLOUDY (SCALE 8-10)  2
DPTR FM NORMAL    -3

[CDD (BASE 65) ]
TOTAL THIS MO.   154
DPTR FM NORMAL    43    [PRESSURE DATA]
TOTAL FM JAN 1  3048    HIGHEST SLP M ON M
DPTR FM NORMAL   502    LOWEST  SLP 29.62 ON  9

[REMARKS]
