000
CXUS54 KFWD 180730
CF6CRS
PRELIMINARY LOCAL CLIMATOLOGICAL DATA (WS FORM: F-6)

                                          STATION:   CORSICANA
                                          MONTH:     JULY
                                          YEAR:      2018
                                          LATITUDE:   32  1 N
                                          LONGITUDE:  96 24 W

  TEMPERATURE IN F:       :PCPN:    SNOW:  WIND      :SUNSHINE: SKY     :PK WND
================================================================================
1   2   3   4   5  6A  6B    7    8   9   10  11  12  13   14  15   16   17  18
                                     12Z  AVG MX 2MIN
DY MAX MIN AVG DEP HDD CDD  WTR  SNW DPTH SPD SPD DIR MIN PSBL S-S WX    SPD DR
================================================================================

 1 102  74  88   6   0  23 0.00  0.0    0 11.5 18 160   M    M   5 18     26 190
 2 100  74  87   5   0  22 0.00  0.0    0  8.0 15 150   M    M   0 1      20 160
 3 103  74  89   7   0  24 0.00  0.0    0  7.7 29 110   M    M   0        38 120
 4  92  73  83   0   0  18 0.00  0.0    0  8.8 24  80   M    M   3        31  80
 5  98  71  85   2   0  20 0.00  0.0    0  4.2 15  60   M    M   1 1      20  60
 6  96  71  84   1   0  19 0.19  0.0    0  5.6 32  60   M    M   2 138    52  70
 7  95  73  84   1   0  19 0.00  0.0    0  5.9 14  80   M    M   1 1      22  90
 8  93  73  83   0   0  18 0.03  0.0    0  4.9 26  70   M    M   1 13     38  80
 9  91  73  82  -1   0  17    T  0.0    0  5.7 15 170   M    M   5 13     20 160
10  93  73  83   0   0  18 0.35  0.0    0  6.3 20 160   M    M   4 13     24 160
11  96  74  85   2   0  20 0.00  0.0    0  5.8 18 250   M    M   3 3      22 250
12  96  74  85   2   0  20 1.15  0.0    0  5.9 36 160   M    M   3 38     49 160
13  95  73  84   1   0  19 0.00  0.0    0  8.7 15 200   M    M   1        19 200
14  96  75  86   3   0  21 0.00  0.0    0  8.6 16 160   M    M   0 1      22 150
15  97  76  87   3   0  22 0.00  0.0    0  9.5 17 150   M    M   1        23 160
16 100  76  88   4   0  23 0.00  0.0    0  8.8 16 180   M    M   5 18     24 200
17 102  74  88   4   0  23 0.00  0.0    0  9.0 16 220   M    M   2 8      21 240
================================================================================
SM 1645 1251         0 346  1.72     0.0 124.9          M       37
================================================================================
AV 96.8 73.6                               7.3 FASTST   M    M   2    MAX(MPH)
                                 MISC ---->  # 36 160               # 52   70
================================================================================
NOTES:
# LAST OF SEVERAL OCCURRENCES

COLUMN 17 PEAK WIND IN M.P.H.

PRELIMINARY LOCAL CLIMATOLOGICAL DATA (WS FORM: F-6) , PAGE 2

                                          STATION:  CORSICANA
                                          MONTH:    JULY
                                          YEAR:     2018
                                          LATITUDE:   32  1 N
                                          LONGITUDE:  96 24 W

[TEMPERATURE DATA]      [PRECIPITATION DATA]       SYMBOLS USED IN COLUMN 16

AVERAGE MONTHLY: 85.2   TOTAL FOR MONTH:   1.72    1 = FOG OR MIST
DPTR FM NORMAL:   2.2   DPTR FM NORMAL:    0.32    2 = FOG REDUCING VISIBILITY
HIGHEST:   103 ON  3    GRTST 24HR  1.15 ON 12-12      TO 1/4 MILE OR LESS
LOWEST:     71 ON  6, 5                            3 = THUNDER
                        SNOW, ICE PELLETS, HAIL    4 = ICE PELLETS
                        TOTAL MONTH:   0.0 INCH    5 = HAIL
                        GRTST 24HR     0.0         6 = FREEZING RAIN OR DRIZZLE
                        GRTST DEPTH:   0           7 = DUSTSTORM OR SANDSTORM:
                                                       VSBY 1/2 MILE OR LESS
                                                   8 = SMOKE OR HAZE
[NO. OF DAYS WITH]      [WEATHER - DAYS WITH]      9 = BLOWING SNOW
                                                   X = TORNADO
MAX 32 OR BELOW:   0    0.01 INCH OR MORE:   4
MAX 90 OR ABOVE:  17    0.10 INCH OR MORE:   3
MIN 32 OR BELOW:   0    0.50 INCH OR MORE:   1
MIN  0 OR BELOW:   0    1.00 INCH OR MORE:   1

[HDD (BASE 65) ]
TOTAL THIS MO.     0    CLEAR  (SCALE 0-3)  13
DPTR FM NORMAL     0    PTCLDY (SCALE 4-7)   4
TOTAL FM JUL 1     0    CLOUDY (SCALE 8-10)  0
DPTR FM NORMAL     0

[CDD (BASE 65) ]
TOTAL THIS MO.   346
DPTR FM NORMAL    40    [PRESSURE DATA]
TOTAL FM JAN 1  1482    HIGHEST SLP M ON M
DPTR FM NORMAL   299    LOWEST  SLP 29.81 ON  1

[REMARKS]
