000
CXUS51 KRLX 161133
CF6CRW
PRELIMINARY LOCAL CLIMATOLOGICAL DATA (WS FORM: F-6)

                                          STATION:   CHARLESTON WV
                                          MONTH:     JULY
                                          YEAR:      2018
                                          LATITUDE:   38 22 N
                                          LONGITUDE:  81 36 W

  TEMPERATURE IN F:       :PCPN:    SNOW:  WIND      :SUNSHINE: SKY     :PK WND
================================================================================
1   2   3   4   5  6A  6B    7    8   9   10  11  12  13   14  15   16   17  18
                                     12Z  AVG MX 2MIN
DY MAX MIN AVG DEP HDD CDD  WTR  SNW DPTH SPD SPD DIR MIN PSBL S-S WX    SPD DR
================================================================================

 1  94  69  82   7   0  17 0.42  0.0    0  2.8 31 190   M    M   4 13     40 200
 2  90  70  80   5   0  15 0.00  0.0    0  3.8 28 140   M    M   8 13     36 150
 3  92  70  81   6   0  16 0.00  0.0    0  1.1  8 330   M    M   6        11 330
 4  95  70  83   8   0  18 0.41  0.0    0  3.3 26 110   M    M   4 138    33 120
 5  93  68  81   6   0  16 0.44  0.0    0  2.7 31 130   M    M   5 123    53 120
 6  80  66  73  -2   0   8 0.57  0.0    0  1.9  9  30   M    M   8 13     14  30
 7  84  61  73  -3   0   8 0.00  0.0    0  4.4 10  20   M    M   2 1      14  10
 8  86  61  74  -2   0   9 0.00  0.0    0  1.8  8  90   M    M   3 12     12  80
 9  87  61  74  -2   0   9 0.00  0.0    0  1.2  9 300   M    M   2 2      15 300
10  90  65  78   2   0  13 0.00  0.0    0  2.1 13 310   M    M   3 1      20 300
11  86  66  76   0   0  11 0.00  0.0    0  2.9 13 320   M    M   4 1      17 310
12  87  61  74  -2   0   9 0.00  0.0    0  2.2 10  10   M    M   3 12     14  40
13  90  66  78   2   0  13 0.00  0.0    0  3.4  9  70   M    M   4 1      12 110
14  93  68  81   5   0  16 0.00  0.0    0  2.2 10 210   M    M   2 1      14 230
15  89  71  80   4   0  15 0.00  0.0    0  2.7  9 290   M    M   6 1      13 290
================================================================================
SM 1336  993         0 193  1.84     0.0  38.5          M       64
================================================================================
AV 89.1 66.2                               2.6 FASTST   M    M   4    MAX(MPH)
                                 MISC ---->  # 31 190               # 53  120
================================================================================
NOTES:
# LAST OF SEVERAL OCCURRENCES

COLUMN 17 PEAK WIND IN M.P.H.

PRELIMINARY LOCAL CLIMATOLOGICAL DATA (WS FORM: F-6) , PAGE 2

                                          STATION:  CHARLESTON WV
                                          MONTH:    JULY
                                          YEAR:     2018
                                          LATITUDE:   38 22 N
                                          LONGITUDE:  81 36 W

[TEMPERATURE DATA]      [PRECIPITATION DATA]       SYMBOLS USED IN COLUMN 16

AVERAGE MONTHLY: 77.6   TOTAL FOR MONTH:   1.84    1 = FOG OR MIST
DPTR FM NORMAL:   2.0   DPTR FM NORMAL:   -0.48    2 = FOG REDUCING VISIBILITY
HIGHEST:    95 ON  4    GRTST 24HR  0.57 ON  6- 6      TO 1/4 MILE OR LESS
LOWEST:     61 ON 12, 9                            3 = THUNDER
                        SNOW, ICE PELLETS, HAIL    4 = ICE PELLETS
                        TOTAL MONTH:   0.0 INCH    5 = HAIL
                        GRTST 24HR     0.0         6 = FREEZING RAIN OR DRIZZLE
                        GRTST DEPTH:   0           7 = DUSTSTORM OR SANDSTORM:
                                                       VSBY 1/2 MILE OR LESS
                                                   8 = SMOKE OR HAZE
[NO. OF DAYS WITH]      [WEATHER - DAYS WITH]      9 = BLOWING SNOW
                                                   X = TORNADO
MAX 32 OR BELOW:   0    0.01 INCH OR MORE:   4
MAX 90 OR ABOVE:   8    0.10 INCH OR MORE:   4
MIN 32 OR BELOW:   0    0.50 INCH OR MORE:   1
MIN  0 OR BELOW:   0    1.00 INCH OR MORE:   0

[HDD (BASE 65) ]
TOTAL THIS MO.     0    CLEAR  (SCALE 0-3)   6
DPTR FM NORMAL     0    PTCLDY (SCALE 4-7)   9
TOTAL FM JUL 1     0    CLOUDY (SCALE 8-10)  0
DPTR FM NORMAL     0

[CDD (BASE 65) ]
TOTAL THIS MO.   193
DPTR FM NORMAL    35    [PRESSURE DATA]
TOTAL FM JAN 1   734    HIGHEST SLP M ON M
DPTR FM NORMAL   246    LOWEST  SLP 29.96 ON M

[REMARKS]
