000
CXUS52 KFFC 161110
CF6CSG
PRELIMINARY LOCAL CLIMATOLOGICAL DATA (WS FORM: F-6)

                                          STATION:   COLUMBUS
                                          MONTH:     AUGUST
                                          YEAR:      2018
                                          LATITUDE:   32 31 N
                                          LONGITUDE:  84 56 W

  TEMPERATURE IN F:       :PCPN:    SNOW:  WIND      :SUNSHINE: SKY     :PK WND
================================================================================
1   2   3   4   5  6A  6B    7    8   9   10  11  12  13   14  15   16   17  18
                                     12Z  AVG MX 2MIN
DY MAX MIN AVG DEP HDD CDD  WTR  SNW DPTH SPD SPD DIR MIN PSBL S-S WX    SPD DR
================================================================================

 1  79  72  76  -7   0  11 0.99  0.0    0  6.1 17 220   M    M   7 1      29 210
 2  80  72  76  -7   0  11 0.82  0.0    0  5.9 14 230   M    M   9 1      17 130
 3  90  73  82   0   0  17 0.00  0.0    0  2.9  9 230   M    M   5        13 250
 4  91  72  82   0   0  17 0.00  0.0    0  3.0 12 160   M    M   3        14 160
 5  95  74  85   3   0  20    T  0.0    0  2.7 14 140   M    M   2 3      19 150
 6  97  75  86   4   0  21    T  0.0    0  3.5 13 230   M    M   1        17 320
 7  91  73  82   0   0  17 0.02  0.0    0  3.9 17 220   M    M   0 3      21 220
 8  93  72  83   1   0  18    T  0.0    0  4.7 21 330   M    M   1 3      27 340
 9  94  74  84   2   0  19 0.10  0.0    0  5.1 23 350   M    M   3 3      30 330
10  91  72  82   0   0  17 0.01  0.0    0  5.1 12 200   M    M   5 3      16 360
11  90  74  82   0   0  17    T  0.0    0  5.2 20 310   M    M   6 3      24 320
12  96  72  84   2   0  19 0.00  0.0    0  3.6 17  50   M    M   2 13     25  40
13  94  73  84   2   0  19 0.00  0.0    0  2.7 10 330   M    M   1 3      15 300
14  90  73  82   0   0  17 2.35  0.0    0  3.1 22 230   M    M   1 13     33 210
15  94  73  84   2   0  19 0.00  0.0    0  3.1 10 220   M    M   1 1      14 200
================================================================================
SM 1365 1094         0 259  4.29     0.0  60.6          M       47
================================================================================
AV 91.0 72.9                               4.0 FASTST   M    M   3    MAX(MPH)
                                 MISC ---->  # 23 350               # 33  210
================================================================================
NOTES:
# LAST OF SEVERAL OCCURRENCES

COLUMN 17 PEAK WIND IN M.P.H.

PRELIMINARY LOCAL CLIMATOLOGICAL DATA (WS FORM: F-6) , PAGE 2

                                          STATION:  COLUMBUS
                                          MONTH:    AUGUST
                                          YEAR:     2018
                                          LATITUDE:   32 31 N
                                          LONGITUDE:  84 56 W

[TEMPERATURE DATA]      [PRECIPITATION DATA]       SYMBOLS USED IN COLUMN 16

AVERAGE MONTHLY: 82.0   TOTAL FOR MONTH:   4.29    1 = FOG OR MIST
DPTR FM NORMAL:  -0.2   DPTR FM NORMAL:    2.40    2 = FOG REDUCING VISIBILITY
HIGHEST:    97 ON  6    GRTST 24HR  2.35 ON 14-14      TO 1/4 MILE OR LESS
LOWEST:     72 ON 12,10                            3 = THUNDER
                        SNOW, ICE PELLETS, HAIL    4 = ICE PELLETS
                        TOTAL MONTH:   0.0 INCH    5 = HAIL
                        GRTST 24HR     0.0         6 = FREEZING RAIN OR DRIZZLE
                        GRTST DEPTH:   0           7 = DUSTSTORM OR SANDSTORM:
                                                       VSBY 1/2 MILE OR LESS
                                                   8 = SMOKE OR HAZE
[NO. OF DAYS WITH]      [WEATHER - DAYS WITH]      9 = BLOWING SNOW
                                                   X = TORNADO
MAX 32 OR BELOW:   0    0.01 INCH OR MORE:   6
MAX 90 OR ABOVE:  13    0.10 INCH OR MORE:   4
MIN 32 OR BELOW:   0    0.50 INCH OR MORE:   3
MIN  0 OR BELOW:   0    1.00 INCH OR MORE:   1

[HDD (BASE 65) ]
TOTAL THIS MO.     0    CLEAR  (SCALE 0-3)  10
DPTR FM NORMAL     0    PTCLDY (SCALE 4-7)   4
TOTAL FM JUL 1     0    CLOUDY (SCALE 8-10)  1
DPTR FM NORMAL     0

[CDD (BASE 65) ]
TOTAL THIS MO.   259
DPTR FM NORMAL     0    [PRESSURE DATA]
TOTAL FM JAN 1  1824    HIGHEST SLP M ON M
DPTR FM NORMAL   217    LOWEST  SLP 29.89 ON 10

[REMARKS]
