384
CXUS54 KOUN 170700
CF6CSM
PRELIMINARY LOCAL CLIMATOLOGICAL DATA (WS FORM: F-6)

                                          STATION:   CLINTON
                                          MONTH:     AUGUST
                                          YEAR:      2018
                                          LATITUDE:   35 20 N
                                          LONGITUDE:  99 12 W

  TEMPERATURE IN F:       :PCPN:    SNOW:  WIND      :SUNSHINE: SKY     :PK WND
================================================================================
1   2   3   4   5  6A  6B    7    8   9   10  11  12  13   14  15   16   17  18
                                     12Z  AVG MX 2MIN
DY MAX MIN AVG DEP HDD CDD  WTR  SNW DPTH SPD SPD DIR MIN PSBL S-S WX    SPD DR
================================================================================

 1  88  63  76  -7   0  11 0.00  0.0    0  6.1 14 110   M    M   2        18 160
 2  93  69  81  -2   0  16 0.00  0.0    0 11.8 20 180   M    M   1        27 160
 3  97  71  84   1   0  19 0.00  0.0    0 17.3 26 170   M    M   0        33 160
 4  94  73  84   1   0  19 0.02  0.0    0 17.0 26 170   M    M   4        32 170
 5  98  72  85   2   0  20 0.00  0.0    0 15.7 24 180   M    M   0        30 170
 6  96  74  85   2   0  20 0.00  0.0    0 15.9 25 180   M    M   0        33 190
 7  98  74  86   3   0  21 0.00  0.0    0  9.8 22  80   M    M   3        27  80
 8  84  65  75  -8   0  10 0.35  0.0    0 11.8 35  20   M    M   3 13     43  10
 9  91  68  80  -2   0  15 0.00  0.0    0  6.5 13 120   M    M   0 1      16 140
10  93  70  82   0   0  17    T  0.0    0  6.1 20 270   M    M   1 3      24 260
11  91  68  80  -2   0  15 0.00  0.0    0  6.7 21 350   M    M   0 3      32  10
12  86  69  78  -4   0  13 0.00  0.0    0  8.1 26  70   M    M   1        31  70
13  80  70  75  -7   0  10    T  0.0    0  9.6 18 180   M    M   5        21 170
14  93  66  80  -2   0  15 1.30  0.0    0 10.9 23  10   M    M   5 123    32 200
15  87  69  78  -4   0  13 0.00  0.0    0  7.2 18 190   M    M   1        22 180
16  90  73  82   1   0  17 0.04  0.0    0  8.7 17 180   M    M   1 3      22 190
================================================================================
SM 1459 1114         0 251  1.71     0.0 169.2          M       27
================================================================================
AV 91.2 69.6                              10.6 FASTST   M    M   2    MAX(MPH)
                                 MISC ---->  # 35  20               # 43   10
================================================================================
NOTES:
# LAST OF SEVERAL OCCURRENCES

COLUMN 17 PEAK WIND IN M.P.H.

PRELIMINARY LOCAL CLIMATOLOGICAL DATA (WS FORM: F-6) , PAGE 2

                                          STATION:  CLINTON
                                          MONTH:    AUGUST
                                          YEAR:     2018
                                          LATITUDE:   35 20 N
                                          LONGITUDE:  99 12 W

[TEMPERATURE DATA]      [PRECIPITATION DATA]       SYMBOLS USED IN COLUMN 16

AVERAGE MONTHLY: 80.4   TOTAL FOR MONTH:   1.71    1 = FOG OR MIST
DPTR FM NORMAL:  -2.0   DPTR FM NORMAL:    0.27    2 = FOG REDUCING VISIBILITY
HIGHEST:    98 ON  7, 5 GRTST 24HR  1.30 ON 14-14      TO 1/4 MILE OR LESS
LOWEST:     63 ON  1                               3 = THUNDER
                        SNOW, ICE PELLETS, HAIL    4 = ICE PELLETS
                        TOTAL MONTH:   0.0 INCH    5 = HAIL
                        GRTST 24HR     0.0         6 = FREEZING RAIN OR DRIZZLE
                        GRTST DEPTH:   0           7 = DUSTSTORM OR SANDSTORM:
                                                       VSBY 1/2 MILE OR LESS
                                                   8 = SMOKE OR HAZE
[NO. OF DAYS WITH]      [WEATHER - DAYS WITH]      9 = BLOWING SNOW
                                                   X = TORNADO
MAX 32 OR BELOW:   0    0.01 INCH OR MORE:   4
MAX 90 OR ABOVE:  11    0.10 INCH OR MORE:   2
MIN 32 OR BELOW:   0    0.50 INCH OR MORE:   1
MIN  0 OR BELOW:   0    1.00 INCH OR MORE:   1

[HDD (BASE 65) ]
TOTAL THIS MO.     0    CLEAR  (SCALE 0-3)  13
DPTR FM NORMAL     0    PTCLDY (SCALE 4-7)   3
TOTAL FM JUL 1     0    CLOUDY (SCALE 8-10)  0
DPTR FM NORMAL     0

[CDD (BASE 65) ]
TOTAL THIS MO.   251
DPTR FM NORMAL   -27    [PRESSURE DATA]
TOTAL FM JAN 1  1718    HIGHEST SLP M ON M
DPTR FM NORMAL   301    LOWEST  SLP 29.81 ON 14

[REMARKS]
