000
CXUS56 KTFX 191205
CF6CTB
PRELIMINARY LOCAL CLIMATOLOGICAL DATA (WS FORM: F-6)

                                          STATION:   CUT BANK MT
                                          MONTH:     JULY
                                          YEAR:      2018
                                          LATITUDE:   48 37 N
                                          LONGITUDE: 112 23 W

  TEMPERATURE IN F:       :PCPN:    SNOW:  WIND      :SUNSHINE: SKY     :PK WND
================================================================================
1   2   3   4   5  6A  6B    7    8   9   10  11  12  13   14  15   16   17  18
                                     12Z  AVG MX 2MIN
DY MAX MIN AVG DEP HDD CDD  WTR  SNW DPTH SPD SPD DIR MIN PSBL S-S WX    SPD DR
================================================================================

 1  72  47  60  -1   5   0 0.00    M    0 16.2 30 270   M    M   2        37 240
 2  68  40  54  -8  11   0 0.00    M    0 18.3 38 260   M    M   1        46 250
 3  63  37  50 -12  15   0    T    M    0 10.5 22 330   M    M   6        28 280
 4  71  39  55  -7  10   0 0.00    M    0 10.2 17 340   M    M   2        24 320
 5  83  45  64   2   1   0 0.00    M    0  9.4 21 130   M    M   0        28 140
 6  96  51  74  11   0   9 0.00    M    0 15.7 43 250   M    M   0        51 250
 7  82  51  67   4   0   2 0.00    M    0 16.4 37 250   M    M   0        44 250
 8  82  41  62  -1   3   0 0.00    M    0  6.0 13 180   M    M   0        17  10
 9  92  45  69   6   0   4 0.00    M    0  4.7 17 180   M    M   0        23 180
10  90  52  71   7   0   6 0.00    M    0 13.1 38 260   M    M   1        48 250
11  78  48  63  -1   2   0 0.00    M    0  6.9 16 290   M    M   4        20 320
12  84  49  67   3   0   2 0.00    M    0  7.3 16 210   M    M   1        23 260
13  92  50  71   7   0   6 0.00    M    0 11.4 26 250   M    M   0        35 260
14  70  50  60  -4   5   0    T    M    0 11.5 29 350   M    M   5 18     36 350
15  85  47  66   1   0   1 0.00    M    0  6.4 13  40   M    M   0        17 140
16  91  47  69   4   0   4 0.00    M    0  5.6 15 220   M    M   0 8      21 240
17  94  53  74   9   0   9 0.00    M    0  5.9 21 160   M    M   1 8      27 160
18  91  58  75  10   0  10 0.00    M    0  9.7 24 260   M    M   0        28 360
================================================================================
SM 1484  850        52  53    T     M    185.2          M       23
================================================================================
AV 82.4 47.2                              10.3 FASTST   M    M   1    MAX(MPH)
                                 MISC ---->  # 43 250               # 51  250
================================================================================
NOTES:
# LAST OF SEVERAL OCCURRENCES

COLUMN 17 PEAK WIND IN M.P.H.

PRELIMINARY LOCAL CLIMATOLOGICAL DATA (WS FORM: F-6) , PAGE 2

                                          STATION:  CUT BANK MT
                                          MONTH:    JULY
                                          YEAR:     2018
                                          LATITUDE:   48 37 N
                                          LONGITUDE: 112 23 W

[TEMPERATURE DATA]      [PRECIPITATION DATA]       SYMBOLS USED IN COLUMN 16

AVERAGE MONTHLY: 64.8   TOTAL FOR MONTH:      T    1 = FOG OR MIST
DPTR FM NORMAL:   1.4   DPTR FM NORMAL:   -0.83    2 = FOG REDUCING VISIBILITY
HIGHEST:    96 ON  6    GRTST 24HR    T  ON 14-14      TO 1/4 MILE OR LESS
LOWEST:     37 ON  3                               3 = THUNDER
                        SNOW, ICE PELLETS, HAIL    4 = ICE PELLETS
                        TOTAL MONTH:    M          5 = HAIL
                        GRTST 24HR    M  ON   M    6 = FREEZING RAIN OR DRIZZLE
                        GRTST DEPTH:   0           7 = DUSTSTORM OR SANDSTORM:
                                                       VSBY 1/2 MILE OR LESS
                                                   8 = SMOKE OR HAZE
[NO. OF DAYS WITH]      [WEATHER - DAYS WITH]      9 = BLOWING SNOW
                                                   X = TORNADO
MAX 32 OR BELOW:   0    0.01 INCH OR MORE:   0
MAX 90 OR ABOVE:   7    0.10 INCH OR MORE:   0
MIN 32 OR BELOW:   0    0.50 INCH OR MORE:   0
MIN  0 OR BELOW:   0    1.00 INCH OR MORE:   0

[HDD (BASE 65) ]
TOTAL THIS MO.    52    CLEAR  (SCALE 0-3)  15
DPTR FM NORMAL   -10    PTCLDY (SCALE 4-7)   3
TOTAL FM JUL 1    52    CLOUDY (SCALE 8-10)  0
DPTR FM NORMAL   -10

[CDD (BASE 65) ]
TOTAL THIS MO.    53
DPTR FM NORMAL    20    [PRESSURE DATA]
TOTAL FM JAN 1    64    HIGHEST SLP M ON M
DPTR FM NORMAL    14    LOWEST  SLP 29.71 ON  2

[REMARKS]
