000
CXUS55 KCAE 201400
CF6CUB
PRELIMINARY LOCAL CLIMATOLOGICAL DATA (WS FORM: F-6)

                                          STATION:   HAMILTON - OWENS AIRPORT SC
                                          MONTH:     NOVEMBER
                                          YEAR:      2018
                                          LATITUDE:   33 58 N
                                          LONGITUDE:  80 59 W

  TEMPERATURE IN F:       :PCPN:    SNOW:  WIND      :SUNSHINE: SKY     :PK WND
================================================================================
1   2   3   4   5  6A  6B    7    8   9   10  11  12  13   14  15   16   17  18
                                     12Z  AVG MX 2MIN
DY MAX MIN AVG DEP HDD CDD  WTR  SNW DPTH SPD SPD DIR MIN PSBL S-S WX    SPD DR
================================================================================

 1  80  57  69   9   0   4 0.01  0.0    0  5.0 15 170   M    M   3 1      21 190
 2  70  54  62   2   3   0 0.84  0.0    0  8.5 24 280   M    M   6 12     32 280
 3  64  46  55  -4  10   0 0.00  0.0    0  4.5 16 270   M    M   0 18     22 260
 4  68  43  56  -3   9   0 0.18    M    M  2.4  9  70   M    M   4 1      14  50
 5  69  60  65   6   0   0 0.15    M    M  0.7 12 290   M    M   9 1      17 300
 6  82  59  71  12   0   6 0.02    M    M  4.5 18 310   M    M   6 12     25 300
 7  77  52  65   7   0   0 0.75    M    M  1.1  9 160   M    M   3 13     15  60
 8  70  62  66   8   0   1 0.00    M    M  2.4  9  70   M    M   8 1      13  70
 9  62  58  60   2   5   0 0.08    M    M  2.1  8 290   M    M  10 18     12  70
10  61  42  52  -6  13   0 0.00    M    M  4.6 10 320   M    M   3        15 310
11  57  36  47 -10  18   0 0.00    M    M  3.7  8  40   M    M   2        14  70
12  50  45  48  -9  17   0 1.18    M    0  3.1 10  60   M    M   9 13     14  70
13  56  46  51  -6  14   0 0.93    M    M  1.6  8 320   M    M  10 138    11 310
14  54  43  49  -7  16   0 0.15    M    M  5.1 10  50   M    M  10 1      19  40
15  45  40  43 -13  22   0 1.33    M    M  6.9 18 280   M    M   9 1      26 290
16  58  35  47  -9  18   0 0.00    M    M  4.8 16 260   M    M   2 1      23 280
17  64  35  50  -6  15   0 0.00    M    M  0.7  8 150   M    M   0 1      11 160
18  65  41  53  -2  12   0 0.00    M    M  0.2  6 160   M    M   6 1       9 160
19  65  50  58   3   7   0 0.00    M    M  1.7  9 270   M    M   6 1      12 280
================================================================================
SM 1217  904       179  11  5.62     0.0  63.6          M      106
================================================================================
AV 64.1 47.6                               3.3 FASTST   M    M   6    MAX(MPH)
                                 MISC ---->  # 24 280               # 32  280
================================================================================
NOTES:
# LAST OF SEVERAL OCCURRENCES

COLUMN 17 PEAK WIND IN M.P.H.

PRELIMINARY LOCAL CLIMATOLOGICAL DATA (WS FORM: F-6) , PAGE 2

                                          STATION:  HAMILTON - OWENS AIRPORT SC
                                          MONTH:    NOVEMBER
                                          YEAR:     2018
                                          LATITUDE:   33 58 N
                                          LONGITUDE:  80 59 W

[TEMPERATURE DATA]      [PRECIPITATION DATA]       SYMBOLS USED IN COLUMN 16

AVERAGE MONTHLY: 55.8   TOTAL FOR MONTH:   5.62    1 = FOG OR MIST
DPTR FM NORMAL:  -1.7   DPTR FM NORMAL:    3.80    2 = FOG REDUCING VISIBILITY
HIGHEST:    82 ON  6    GRTST 24HR  1.33 ON 15-15      TO 1/4 MILE OR LESS
LOWEST:     35 ON 17,16                            3 = THUNDER
                        SNOW, ICE PELLETS, HAIL    4 = ICE PELLETS
                        TOTAL MONTH:   0.0 INCH    5 = HAIL
                        GRTST 24HR     0.0         6 = FREEZING RAIN OR DRIZZLE
                        GRTST DEPTH:   0           7 = DUSTSTORM OR SANDSTORM:
                                                       VSBY 1/2 MILE OR LESS
                                                   8 = SMOKE OR HAZE
[NO. OF DAYS WITH]      [WEATHER - DAYS WITH]      9 = BLOWING SNOW
                                                   X = TORNADO
MAX 32 OR BELOW:   0    0.01 INCH OR MORE:  11
MAX 90 OR ABOVE:   0    0.10 INCH OR MORE:   8
MIN 32 OR BELOW:   0    0.50 INCH OR MORE:   5
MIN  0 OR BELOW:   0    1.00 INCH OR MORE:   2

[HDD (BASE 65) ]
TOTAL THIS MO.   179    CLEAR  (SCALE 0-3)   5
DPTR FM NORMAL    26    PTCLDY (SCALE 4-7)   8
TOTAL FM JUL 1   272    CLOUDY (SCALE 8-10)  6
DPTR FM NORMAL    30

[CDD (BASE 65) ]
TOTAL THIS MO.    11
DPTR FM NORMAL     0    [PRESSURE DATA]
TOTAL FM JAN 1  2781    HIGHEST SLP M ON M
DPTR FM NORMAL   528    LOWEST  SLP 29.67 ON  2

[REMARKS]
