000
CXUS53 KUNR 190945
CF6CUT
PRELIMINARY LOCAL CLIMATOLOGICAL DATA (WS FORM: F-6)

                                          STATION:   CUSTER COUNTY AIRPORT SD
                                          MONTH:     OCTOBER
                                          YEAR:      2018
                                          LATITUDE:   43 43 N
                                          LONGITUDE: 103 37 W

  TEMPERATURE IN F:       :PCPN:    SNOW:  WIND      :SUNSHINE: SKY     :PK WND
================================================================================
1   2   3   4   5  6A  6B    7    8   9   10  11  12  13   14  15   16   17  18
                                     12Z  AVG MX 2MIN
DY MAX MIN AVG DEP HDD CDD  WTR  SNW DPTH SPD SPD DIR MIN PSBL S-S WX    SPD DR
================================================================================

 1  62  36  49   1  16   0 0.02    M    M  3.7 12 160   M    M   4 12     17 140
 2  74  41  58  11   7   0 0.00    M    M  6.7 15 260   M    M   0        21 270
 3  66  28  47   0  18   0 0.00    M    M 10.0 25 250   M    M   2        38 240
 4  48  27  38  -8  27   0 0.33    M    M  4.8 13 200   M    M   5 16     19 190
 5  49  26  38  -8  27   0 0.02    M    M  4.0 12 340   M    M   4 1      18 350
 6  47  23  35 -11  30   0 0.00    M    M  6.4 14 110   M    M   4        21 150
 7  36  30  33 -12  32   0 0.02    M    M  7.6 15  80   M    M  10 12     22  70
 8  33  28  31 -14  34   0 0.28    M    M  3.8 13  30   M    M  10 1      17  30
 9  34  25  30 -15  35   0    T    M    M  6.3 15  30   M    M  10 18     23  20
10  32  23  28 -16  37   0 0.01    M    M  6.0 15  20   M    M  10 1      21  20
11  40  16  28 -16  37   0 0.01    M    M  3.4 10 290   M    M   6 1      14 140
12  49  22  36  -8  29   0 0.00    M    M  8.2 23 270   M    M   0        28 280
13  41  17  29 -14  36   0 0.57    M    M  6.9 15 360   M    M   8 128    21 330
14  24   7  16 -27  49   0    T    M    M  6.0 17 280   M    M   5        21 280
15  42  12  27 -16  38   0 0.00    M    M  9.1 20 270   M    M   0        26 290
16  54  31  43   0  22   0 0.00    M    M  7.5 17 290   M    M   2        25 290
17  58  32  45   3  20   0 0.00    M    M  3.9 12 280   M    M   0        17 280
18  63  34  49   7  16   0 0.00    M    M  6.8 18 270   M    M   0        28 270
================================================================================
SM  852  458       510   0  1.26    M    111.1          M       80
================================================================================
AV 47.3 25.4                               6.2 FASTST   M    M   4    MAX(MPH)
                                 MISC ---->  # 25 250               # 38  240
================================================================================
NOTES:
# LAST OF SEVERAL OCCURRENCES

COLUMN 17 PEAK WIND IN M.P.H.

PRELIMINARY LOCAL CLIMATOLOGICAL DATA (WS FORM: F-6) , PAGE 2

                                          STATION:  CUSTER COUNTY AIRPORT SD
                                          MONTH:    OCTOBER
                                          YEAR:     2018
                                          LATITUDE:   43 43 N
                                          LONGITUDE: 103 37 W

[TEMPERATURE DATA]      [PRECIPITATION DATA]       SYMBOLS USED IN COLUMN 16

AVERAGE MONTHLY: 36.4   TOTAL FOR MONTH:   1.26    1 = FOG OR MIST
DPTR FM NORMAL:  -8.2   DPTR FM NORMAL:    0.21    2 = FOG REDUCING VISIBILITY
HIGHEST:    74 ON  2    GRTST 24HR  0.57 ON 13-13      TO 1/4 MILE OR LESS
LOWEST:      7 ON 14                               3 = THUNDER
                        SNOW, ICE PELLETS, HAIL    4 = ICE PELLETS
                        TOTAL MONTH:    M          5 = HAIL
                        GRTST 24HR    M  ON   M    6 = FREEZING RAIN OR DRIZZLE
                        GRTST DEPTH:  M  ON   M    7 = DUSTSTORM OR SANDSTORM:
                                                       VSBY 1/2 MILE OR LESS
                                                   8 = SMOKE OR HAZE
[NO. OF DAYS WITH]      [WEATHER - DAYS WITH]      9 = BLOWING SNOW
                                                   X = TORNADO
MAX 32 OR BELOW:   2    0.01 INCH OR MORE:   8
MAX 90 OR ABOVE:   0    0.10 INCH OR MORE:   3
MIN 32 OR BELOW:  15    0.50 INCH OR MORE:   1
MIN  0 OR BELOW:   0    1.00 INCH OR MORE:   0

[HDD (BASE 65) ]
TOTAL THIS MO.   510    CLEAR  (SCALE 0-3)   7
DPTR FM NORMAL   142    PTCLDY (SCALE 4-7)   7
TOTAL FM JUL 1   913    CLOUDY (SCALE 8-10)  4
DPTR FM NORMAL    59

[CDD (BASE 65) ]
TOTAL THIS MO.     0
DPTR FM NORMAL     0    [PRESSURE DATA]
TOTAL FM JAN 1   197    HIGHEST SLP M ON M
DPTR FM NORMAL    20    LOWEST  SLP 29.17 ON  3

[REMARKS]
