000
CXUS51 KILN 160540
CF6CVG
PRELIMINARY LOCAL CLIMATOLOGICAL DATA (WS FORM: F-6)

                                          STATION:   CINCINNATI OH
                                          MONTH:     NOVEMBER
                                          YEAR:      2018
                                          LATITUDE:   39  2 N
                                          LONGITUDE:  84 40 W

  TEMPERATURE IN F:       :PCPN:    SNOW:  WIND      :SUNSHINE: SKY     :PK WND
================================================================================
1   2   3   4   5  6A  6B    7    8   9   10  11  12  13   14  15   16   17  18
                                     12Z  AVG MX 2MIN
DY MAX MIN AVG DEP HDD CDD  WTR  SNW DPTH SPD SPD DIR MIN PSBL S-S WX    SPD DR
================================================================================

 1  64  48  56   5   9   0 1.99  0.0    0 10.2 24 180   M    M  10 1      32 190
 2  48  41  45  -5  20   0 0.05  0.0    0  8.0 18 270   M    M  10 1      24 280
 3  57  32  45  -5  20   0 0.00  0.0    0  4.9 12 130   M    M   4 1      14 120
 4  62  44  53   3  12   0 0.11  0.0    0 12.5 26 180   M    M   9        37 160
 5  60  50  55   6  10   0 0.83  0.0    0 10.1 20 130   M    M  10 1      25 140
 6  61  51  56   7   9   0 0.21  0.0    0 13.4 26 230   M    M   5 1      38 230
 7  54  37  46  -3  19   0 0.00  0.0    0  7.0 15 270   M    M   3        20 330
 8  43  32  38 -10  27   0 0.00  0.0    0  9.8 16  70   M    M   7        19  70
 9  45  31  38 -10  27   0 0.24    T    0 12.0 25 290   M    M  10 18     30 280
10  36  22  29 -19  36   0    T  0.1    0  8.6 26 290   M    M   3        33 290
11  45  23  34 -13  31   0 0.00  0.0    0  5.1 14 130   M    M   4        17 110
12  43  28  36 -11  29   0 0.02    T    0  4.7 12 340   M    M   9 14     14 340
13  39  27  33 -13  32   0 0.02    T    0  9.7 16 350   M    M   9 18     23 340
14  32  24  28 -18  37   0 0.13    T    0 11.6 20  40   M    M  10 146    24  50
15  35  31  33 -13  32   0 0.84  0.2    T  9.8 23  50   M    M  10 146    28  40
================================================================================
SM  724  521       350   0  4.44     0.3 137.4          M      113
================================================================================
AV 48.3 34.7                               9.2 FASTST   M    M   8    MAX(MPH)
                                 MISC ---->  # 26 180               # 38  230
================================================================================
NOTES:
# LAST OF SEVERAL OCCURRENCES

COLUMN 17 PEAK WIND IN M.P.H.

PRELIMINARY LOCAL CLIMATOLOGICAL DATA (WS FORM: F-6) , PAGE 2

                                          STATION:  CINCINNATI OH
                                          MONTH:    NOVEMBER
                                          YEAR:     2018
                                          LATITUDE:   39  2 N
                                          LONGITUDE:  84 40 W

[TEMPERATURE DATA]      [PRECIPITATION DATA]       SYMBOLS USED IN COLUMN 16

AVERAGE MONTHLY: 41.5   TOTAL FOR MONTH:   4.44    1 = FOG OR MIST
DPTR FM NORMAL:  -6.8   DPTR FM NORMAL:    2.83    2 = FOG REDUCING VISIBILITY
HIGHEST:    64 ON  1    GRTST 24HR  1.99 ON  1- 1      TO 1/4 MILE OR LESS
LOWEST:     22 ON 10                               3 = THUNDER
                        SNOW, ICE PELLETS, HAIL    4 = ICE PELLETS
                        TOTAL MONTH:   0.3 INCH    5 = HAIL
                        GRTST 24HR   0.2 ON 15-15  6 = FREEZING RAIN OR DRIZZLE
                        GRTST DEPTH:   T           7 = DUSTSTORM OR SANDSTORM:
                                                       VSBY 1/2 MILE OR LESS
                                                   8 = SMOKE OR HAZE
[NO. OF DAYS WITH]      [WEATHER - DAYS WITH]      9 = BLOWING SNOW
                                                   X = TORNADO
MAX 32 OR BELOW:   1    0.01 INCH OR MORE:  10
MAX 90 OR ABOVE:   0    0.10 INCH OR MORE:   7
MIN 32 OR BELOW:   9    0.50 INCH OR MORE:   3
MIN  0 OR BELOW:   0    1.00 INCH OR MORE:   1

[HDD (BASE 65) ]
TOTAL THIS MO.   350    CLEAR  (SCALE 0-3)   2
DPTR FM NORMAL    97    PTCLDY (SCALE 4-7)   4
TOTAL FM JUL 1   709    CLOUDY (SCALE 8-10)  9
DPTR FM NORMAL    94

[CDD (BASE 65) ]
TOTAL THIS MO.     0
DPTR FM NORMAL     0    [PRESSURE DATA]
TOTAL FM JAN 1  1640    HIGHEST SLP 30.58 ON 14
DPTR FM NORMAL   519    LOWEST  SLP 29.47 ON  1

[REMARKS]
