000
CXUS54 KHGX 161415
CF6CXO
PRELIMINARY LOCAL CLIMATOLOGICAL DATA (WS FORM: F-6)

                                          STATION:   CONROE
                                          MONTH:     OCTOBER
                                          YEAR:      2018
                                          LATITUDE:   30 21 N
                                          LONGITUDE:  95 25 W

  TEMPERATURE IN F:       :PCPN:    SNOW:  WIND      :SUNSHINE: SKY     :PK WND
================================================================================
1   2   3   4   5  6A  6B    7    8   9   10  11  12  13   14  15   16   17  18
                                     12Z  AVG MX 2MIN
DY MAX MIN AVG DEP HDD CDD  WTR  SNW DPTH SPD SPD DIR MIN PSBL S-S WX    SPD DR
================================================================================

 1  86  70  78   5   0  13 0.44  0.0    0  3.0 24 170   M    M   3 1      31 180
 2  90  68  79   6   0  14 0.01  0.0    0  1.6 14 220   M    M   4 13     18 240
 3  90  70  80   7   0  15 0.00  0.0    0  3.5 10 160   M    M   6 123    13 190
 4  92  72  82  10   0  17 0.00  0.0    0  1.7  9 130   M    M   5 12     11 130
 5  90  72  81   9   0  16 0.00  0.0    0  4.4 16 150   M    M   5 12     19 140
 6  91  72  82  10   0  17 0.00  0.0    0  4.5 14 140   M    M   1 1      17 130
 7  89  74  82  10   0  17    T  0.0    0  6.1 21 130   M    M   2 138    27 130
 8  87  72  80   9   0  15 0.11  0.0    0  6.0 23 150   M    M   4 138    27 150
 9  87  68  78   7   0  13 2.43  0.0    0  6.1 22  80   M    M   6 13     30 340
10  80  64  72   1   0   7 0.03  0.0    0  4.7 16 350   M    M   3 1      22 330
11  79  59  69  -1   0   4 0.00  0.0    0  4.4 13  30   M    M   2        20  10
12  84  56  70   0   0   5 0.00  0.0    0  5.1 14 140   M    M   1        18 150
13  90  68  79   9   0  14 0.00  0.0    0  9.7 25 170   M    M   6        35 170
14  91  71  81  12   0  16 0.00  0.0    0  7.5 17 210   M    M   3        22 220
15  74  52  63  -6   2   0 0.57  0.0    0  8.2 20 340   M    M   8 13     29 330
================================================================================
SM 1300 1008         2 183  3.59     0.0  76.5          M       59
================================================================================
AV 86.7 67.2                               5.1 FASTST   M    M   4    MAX(MPH)
                                 MISC ---->  # 25 170               # 35  170
================================================================================
NOTES:
# LAST OF SEVERAL OCCURRENCES

COLUMN 17 PEAK WIND IN M.P.H.

PRELIMINARY LOCAL CLIMATOLOGICAL DATA (WS FORM: F-6) , PAGE 2

                                          STATION:  CONROE
                                          MONTH:    OCTOBER
                                          YEAR:     2018
                                          LATITUDE:   30 21 N
                                          LONGITUDE:  95 25 W

[TEMPERATURE DATA]      [PRECIPITATION DATA]       SYMBOLS USED IN COLUMN 16

AVERAGE MONTHLY: 76.9   TOTAL FOR MONTH:   3.59    1 = FOG OR MIST
DPTR FM NORMAL:   5.7   DPTR FM NORMAL:    1.66    2 = FOG REDUCING VISIBILITY
HIGHEST:    92 ON  4    GRTST 24HR  2.43 ON  9- 9      TO 1/4 MILE OR LESS
LOWEST:     52 ON 15                               3 = THUNDER
                        SNOW, ICE PELLETS, HAIL    4 = ICE PELLETS
                        TOTAL MONTH:   0.0 INCH    5 = HAIL
                        GRTST 24HR     0.0         6 = FREEZING RAIN OR DRIZZLE
                        GRTST DEPTH:   0           7 = DUSTSTORM OR SANDSTORM:
                                                       VSBY 1/2 MILE OR LESS
                                                   8 = SMOKE OR HAZE
[NO. OF DAYS WITH]      [WEATHER - DAYS WITH]      9 = BLOWING SNOW
                                                   X = TORNADO
MAX 32 OR BELOW:   0    0.01 INCH OR MORE:   6
MAX 90 OR ABOVE:   7    0.10 INCH OR MORE:   4
MIN 32 OR BELOW:   0    0.50 INCH OR MORE:   2
MIN  0 OR BELOW:   0    1.00 INCH OR MORE:   1

[HDD (BASE 65) ]
TOTAL THIS MO.     2    CLEAR  (SCALE 0-3)   6
DPTR FM NORMAL    -8    PTCLDY (SCALE 4-7)   9
TOTAL FM JUL 1     2    CLOUDY (SCALE 8-10)  0
DPTR FM NORMAL   -10

[CDD (BASE 65) ]
TOTAL THIS MO.   183
DPTR FM NORMAL    80    [PRESSURE DATA]
TOTAL FM JAN 1  2959    HIGHEST SLP M ON M
DPTR FM NORMAL   445    LOWEST  SLP 29.65 ON  9

[REMARKS]
