000
CXUS55 KCYS 181000
CF6CYS
PRELIMINARY LOCAL CLIMATOLOGICAL DATA (WS FORM: F-6)

                                          STATION:   CHEYENNE WYOMING AIRPORT
                                          MONTH:     JULY
                                          YEAR:      2018
                                          LATITUDE:   41  9 N
                                          LONGITUDE: 104 49 W

  TEMPERATURE IN F:       :PCPN:    SNOW:  WIND      :SUNSHINE: SKY     :PK WND
================================================================================
1   2   3   4   5  6A  6B    7    8   9   10  11  12  13   14  15   16   17  18
                                     12Z  AVG MX 2MIN
DY MAX MIN AVG DEP HDD CDD  WTR  SNW DPTH SPD SPD DIR MIN PSBL S-S WX    SPD DR
================================================================================

 1  82  42  62  -5   3   0 0.00  0.0    0  8.7 17 210   M    M   0        22 200
 2  90  52  71   3   0   6 0.00  0.0    0  8.7 20 270   M    M   0 8      27 290
 3  86  58  72   4   0   7 0.02  0.0    0 10.1 31 140   M    M   1 3      42 160
 4  85  57  71   3   0   6 0.02    T    0 10.5 32 150   M    M   0 35     41 190
 5  82  54  68   0   0   3 0.00  0.0    0 12.3 25 170   M    M   1 8      32 170
 6  88  55  72   4   0   7 0.00  0.0    0 10.8 21 190   M    M   0        31 170
 7  94  56  75   6   0  10 0.00  0.0    0  8.1 18 300   M    M   0 3      26 120
 8  93  60  77   8   0  12 0.00  0.0    0  9.2 20  30   M    M   0        28  30
 9  91  58  75   6   0  10 0.00  0.0    0 12.2 23 150   M    M   0        31 160
10  94  55  75   6   0  10 0.00  0.0    0 10.5 18 150   M    M   0        24 160
11  94  58  76   7   0  11 0.00  0.0    0  8.3 18 120   M    M   0        24 350
12  81  58  70   0   0   5 0.05  0.0    0 10.4 28 280   M    M   2 13     33 280
13  88  55  72   2   0   7    T  0.0    0  8.9 17 160   M    M   2        24 160
14  92  57  75   5   0  10 0.00  0.0    0 10.4 21 160   M    M   0        25 170
15  68  58  63  -7   2   0 0.24  0.0    0 11.0 20 360   M    M   6 1      26 360
16  84  57  71   1   0   6 0.01  0.0    0  8.1 25  10   M    M   3 1      38  10
17  86  55  71   1   0   6 0.11  0.0    0  9.4 26 180   M    M   1 13     37 230
================================================================================
SM 1478  945         5 116  0.45    T    167.6          M       16
================================================================================
AV 86.9 55.6                               9.9 FASTST   M    M   1    MAX(MPH)
                                 MISC ---->  # 32 150               # 42  160
================================================================================
NOTES:
# LAST OF SEVERAL OCCURRENCES

COLUMN 17 PEAK WIND IN M.P.H.

PRELIMINARY LOCAL CLIMATOLOGICAL DATA (WS FORM: F-6) , PAGE 2

                                          STATION:  CHEYENNE WYOMING AIRPORT
                                          MONTH:    JULY
                                          YEAR:     2018
                                          LATITUDE:   41  9 N
                                          LONGITUDE: 104 49 W

[TEMPERATURE DATA]      [PRECIPITATION DATA]       SYMBOLS USED IN COLUMN 16

AVERAGE MONTHLY: 71.3   TOTAL FOR MONTH:   0.45    1 = FOG OR MIST
DPTR FM NORMAL:   2.3   DPTR FM NORMAL:   -0.62    2 = FOG REDUCING VISIBILITY
HIGHEST:    94 ON 11,10 GRTST 24HR  0.32 ON 30- 1      TO 1/4 MILE OR LESS
LOWEST:     42 ON  1                               3 = THUNDER
                        SNOW, ICE PELLETS, HAIL    4 = ICE PELLETS
                        TOTAL MONTH:    T          5 = HAIL
                        GRTST 24HR    T  ON  4- 4  6 = FREEZING RAIN OR DRIZZLE
                        GRTST DEPTH:   0           7 = DUSTSTORM OR SANDSTORM:
                                                       VSBY 1/2 MILE OR LESS
                                                   8 = SMOKE OR HAZE
[NO. OF DAYS WITH]      [WEATHER - DAYS WITH]      9 = BLOWING SNOW
                                                   X = TORNADO
MAX 32 OR BELOW:   0    0.01 INCH OR MORE:   6
MAX 90 OR ABOVE:   7    0.10 INCH OR MORE:   2
MIN 32 OR BELOW:   0    0.50 INCH OR MORE:   0
MIN  0 OR BELOW:   0    1.00 INCH OR MORE:   0

[HDD (BASE 65) ]
TOTAL THIS MO.     5    CLEAR  (SCALE 0-3)  16
DPTR FM NORMAL   -12    PTCLDY (SCALE 4-7)   1
TOTAL FM JUL 1     5    CLOUDY (SCALE 8-10)  0
DPTR FM NORMAL   -12

[CDD (BASE 65) ]
TOTAL THIS MO.   116
DPTR FM NORMAL    35    [PRESSURE DATA]
TOTAL FM JAN 1   218    HIGHEST SLP M ON M
DPTR FM NORMAL    87    LOWEST  SLP 29.71 ON  3

[REMARKS]
