000
CXUS54 KFWD 170730
CF6DAL
PRELIMINARY LOCAL CLIMATOLOGICAL DATA (WS FORM: F-6)

                                          STATION:   DALLAS LOVE FIELD
                                          MONTH:     OCTOBER
                                          YEAR:      2018
                                          LATITUDE:   32 50 N
                                          LONGITUDE:  96 51 W

  TEMPERATURE IN F:       :PCPN:    SNOW:  WIND      :SUNSHINE: SKY     :PK WND
================================================================================
1   2   3   4   5  6A  6B    7    8   9   10  11  12  13   14  15   16   17  18
                                     12Z  AVG MX 2MIN
DY MAX MIN AVG DEP HDD CDD  WTR  SNW DPTH SPD SPD DIR MIN PSBL S-S WX    SPD DR
================================================================================

 1  87  73  80   7   0  15 0.00  0.0    0  9.6 16 150   M    M   7 1      22 140
 2  87  71  79   6   0  14 0.00  0.0    0  9.5 16 150   M    M   7        22 160
 3  91  75  83  11   0  18 0.00  0.0    0 11.9 22 170   M    M   3        26 160
 4  91  75  83  11   0  18 0.00  0.0    0 10.4 16 170   M    M   2        22 140
 5  91  75  83  11   0  18 0.00  0.0    0 12.5 20 160   M    M   2        27 150
 6  90  75  83  11   0  18 0.06  0.0    0 11.3 23 170   M    M   7 3      29 160
 7  90  75  83  12   0  18 0.09  0.0    0 13.3 30 130   M    M   7 138    37 130
 8  86  69  78   7   0  13 2.07  0.0    0 10.9 38 210   M    M   9 135    62 220
 9  76  64  70   0   0   5 2.50  0.0    0  8.8 23 310   M    M   9 138    32 300
10  75  60  68  -2   0   3 0.00  0.0    0  8.2 20 340   M    M   4 1      27 350
11  75  55  65  -5   0   0 0.00  0.0    0  6.7 14  10   M    M   3        24  40
12  71  62  67  -3   0   2 1.32  0.0    0  7.2 15 120   M    M   9 1      20 150
13  70  62  66  -3   0   1 2.53  0.0    0  8.0 20 290   M    M  10 13     30 280
14  82  51  67  -2   0   2 0.13  0.0    0  8.7 23 350   M    M   9 1      30 350
15  51  42  47 -22  18   0 2.02    M    0 13.6 25 360   M    M  10 13     32 360
16  53  46  50 -18  15   0 1.67    M    0  8.4 17  30   M    M  10 1      23  10
================================================================================
SM 1266 1030        33 145 12.39     0.0 159.0          M      108
================================================================================
AV 79.1 64.4                               9.9 FASTST   M    M   7    MAX(MPH)
                                 MISC ---->  # 38 210               # 62  220
================================================================================
NOTES:
# LAST OF SEVERAL OCCURRENCES

COLUMN 17 PEAK WIND IN M.P.H.

PRELIMINARY LOCAL CLIMATOLOGICAL DATA (WS FORM: F-6) , PAGE 2

                                          STATION:  DALLAS LOVE FIELD
                                          MONTH:    OCTOBER
                                          YEAR:     2018
                                          LATITUDE:   32 50 N
                                          LONGITUDE:  96 51 W

[TEMPERATURE DATA]      [PRECIPITATION DATA]       SYMBOLS USED IN COLUMN 16

AVERAGE MONTHLY: 71.8   TOTAL FOR MONTH:  12.39    1 = FOG OR MIST
DPTR FM NORMAL:   1.1   DPTR FM NORMAL:   10.16    2 = FOG REDUCING VISIBILITY
HIGHEST:    91 ON  5, 4 GRTST 24HR  2.53 ON 13-13      TO 1/4 MILE OR LESS
LOWEST:     42 ON 15                               3 = THUNDER
                        SNOW, ICE PELLETS, HAIL    4 = ICE PELLETS
                        TOTAL MONTH:   0.0 INCH    5 = HAIL
                        GRTST 24HR     0.0         6 = FREEZING RAIN OR DRIZZLE
                        GRTST DEPTH:   0           7 = DUSTSTORM OR SANDSTORM:
                                                       VSBY 1/2 MILE OR LESS
                                                   8 = SMOKE OR HAZE
[NO. OF DAYS WITH]      [WEATHER - DAYS WITH]      9 = BLOWING SNOW
                                                   X = TORNADO
MAX 32 OR BELOW:   0    0.01 INCH OR MORE:   9
MAX 90 OR ABOVE:   5    0.10 INCH OR MORE:   7
MIN 32 OR BELOW:   0    0.50 INCH OR MORE:   6
MIN  0 OR BELOW:   0    1.00 INCH OR MORE:   6

[HDD (BASE 65) ]
TOTAL THIS MO.    33    CLEAR  (SCALE 0-3)   3
DPTR FM NORMAL    16    PTCLDY (SCALE 4-7)   6
TOTAL FM JUL 1    33    CLOUDY (SCALE 8-10)  7
DPTR FM NORMAL    11

[CDD (BASE 65) ]
TOTAL THIS MO.   145
DPTR FM NORMAL    39    [PRESSURE DATA]
TOTAL FM JAN 1  3425    HIGHEST SLP M ON M
DPTR FM NORMAL   574    LOWEST  SLP 29.62 ON  9

[REMARKS]
