000
CXUS51 KILN 220546
CF6DAY
PRELIMINARY LOCAL CLIMATOLOGICAL DATA (WS FORM: F-6)

                                          STATION:   DAYTON OH
                                          MONTH:     OCTOBER
                                          YEAR:      2018
                                          LATITUDE:   39 54 N
                                          LONGITUDE:  84 12 W

  TEMPERATURE IN F:       :PCPN:    SNOW:  WIND      :SUNSHINE: SKY     :PK WND
================================================================================
1   2   3   4   5  6A  6B    7    8   9   10  11  12  13   14  15   16   17  18
                                     12Z  AVG MX 2MIN
DY MAX MIN AVG DEP HDD CDD  WTR  SNW DPTH SPD SPD DIR MIN PSBL S-S WX    SPD DR
================================================================================

 1  83  59  71  12   0   6 0.00  0.0    0  7.6 16 210   M    M   5        22 200
 2  80  68  74  15   0   9 0.04  0.0    0  8.9 22 230   M    M   8 13     31 240
 3  83  64  74  16   0   9    T  0.0    0 10.2 18 190   M    M   5 1      23 190
 4  76  57  67   9   0   2 0.02  0.0    0 12.1 20  60   M    M   8 1      24  60
 5  75  52  64   6   1   0 0.05  0.0    0  8.1 16 210   M    M   7 13     20 200
 6  86  69  78  21   0  13 0.00  0.0    0 10.8 21 220   M    M   5 1      25 210
 7  86  65  76  19   0  11 0.00  0.0    0  6.9 15 190   M    M   2 1      23 120
 8  86  68  77  21   0  12 0.00  0.0    0  8.2 15 210   M    M   3        18 210
 9  83  68  76  20   0  11 0.00  0.0    0 10.0 17 200   M    M   2        22 150
10  76  66  71  15   0   6 0.02  0.0    0 10.7 20 170   M    M   7 1      24 170
11  70  44  57   2   8   0    T  0.0    0 14.5 24 310   M    M   5        29 310
12  53  37  45 -10  20   0 0.11  0.0    0  8.1 15 250   M    M   5 1      17 240
13  51  38  45 -10  20   0 0.00  0.0    0  7.7 18 300   M    M   7        23 290
14  57  44  51  -3  14   0 0.05  0.0    0  8.5 15 150   M    M  10 1      19 150
15  54  37  46  -8  19   0 0.08  0.0    0 10.3 20 290   M    M  10 1      24 300
16  54  33  44 -10  21   0 0.00  0.0    0  7.9 14 230   M    M   6        23 250
17  57  36  47  -7  18   0 0.00  0.0    0 13.2 25 300   M    M   1        33 300
18  55  29  42 -11  23   0 0.00  0.0    0  3.4  9 320   M    M   1        12 300
19  55  34  45  -8  20   0 0.11  0.0    0 10.4 23 250   M    M   6 1      27 250
20  60  35  48  -4  17   0    T  0.0    0 19.6 37 320   M    M   8 1      50 320
21  48  31  40 -12  25   0 0.00  0.0    0  7.8 17 330   M    M   4        23 330
================================================================================
SM 1428 1034       206  79  0.48     0.0 204.9          M      115
================================================================================
AV 68.0 49.2                               9.8 FASTST   M    M   5    MAX(MPH)
                                 MISC ---->  # 37 320               # 50  320
================================================================================
NOTES:
# LAST OF SEVERAL OCCURRENCES

COLUMN 17 PEAK WIND IN M.P.H.

PRELIMINARY LOCAL CLIMATOLOGICAL DATA (WS FORM: F-6) , PAGE 2

                                          STATION:  DAYTON OH
                                          MONTH:    OCTOBER
                                          YEAR:     2018
                                          LATITUDE:   39 54 N
                                          LONGITUDE:  84 12 W

[TEMPERATURE DATA]      [PRECIPITATION DATA]       SYMBOLS USED IN COLUMN 16

AVERAGE MONTHLY: 58.6   TOTAL FOR MONTH:   0.48    1 = FOG OR MIST
DPTR FM NORMAL:   3.1   DPTR FM NORMAL:   -1.52    2 = FOG REDUCING VISIBILITY
HIGHEST:    86 ON  8, 7 GRTST 24HR  0.11 ON 19-19      TO 1/4 MILE OR LESS
LOWEST:     29 ON 18                               3 = THUNDER
                        SNOW, ICE PELLETS, HAIL    4 = ICE PELLETS
                        TOTAL MONTH:   0.0 INCH    5 = HAIL
                        GRTST 24HR     0.0         6 = FREEZING RAIN OR DRIZZLE
                        GRTST DEPTH:   0           7 = DUSTSTORM OR SANDSTORM:
                                                       VSBY 1/2 MILE OR LESS
                                                   8 = SMOKE OR HAZE
[NO. OF DAYS WITH]      [WEATHER - DAYS WITH]      9 = BLOWING SNOW
                                                   X = TORNADO
MAX 32 OR BELOW:   0    0.01 INCH OR MORE:   8
MAX 90 OR ABOVE:   0    0.10 INCH OR MORE:   2
MIN 32 OR BELOW:   2    0.50 INCH OR MORE:   0
MIN  0 OR BELOW:   0    1.00 INCH OR MORE:   0

[HDD (BASE 65) ]
TOTAL THIS MO.   206    CLEAR  (SCALE 0-3)   5
DPTR FM NORMAL    -5    PTCLDY (SCALE 4-7)  13
TOTAL FM JUL 1   253    CLOUDY (SCALE 8-10)  3
DPTR FM NORMAL   -48

[CDD (BASE 65) ]
TOTAL THIS MO.    79
DPTR FM NORMAL    69    [PRESSURE DATA]
TOTAL FM JAN 1  1354    HIGHEST SLP 30.58 ON 18
DPTR FM NORMAL   463    LOWEST  SLP 29.72 ON 10

[REMARKS]
