000
CXUS51 KILN 190606
CF6DAY
PRELIMINARY LOCAL CLIMATOLOGICAL DATA (WS FORM: F-6)

                                          STATION:   DAYTON OH
                                          MONTH:     JULY
                                          YEAR:      2018
                                          LATITUDE:   39 54 N
                                          LONGITUDE:  84 12 W

  TEMPERATURE IN F:       :PCPN:    SNOW:  WIND      :SUNSHINE: SKY     :PK WND
================================================================================
1   2   3   4   5  6A  6B    7    8   9   10  11  12  13   14  15   16   17  18
                                     12Z  AVG MX 2MIN
DY MAX MIN AVG DEP HDD CDD  WTR  SNW DPTH SPD SPD DIR MIN PSBL S-S WX    SPD DR
================================================================================

 1  93  72  83   9   0  18 0.15  0.0    0  9.5 35 200   M    M   3 3      42 210
 2  90  73  82   8   0  17 0.00  0.0    0  7.1 14 140   M    M   5 3      17 170
 3  89  69  79   5   0  14 1.19  0.0    0  4.7 39 220   M    M   7 13     46 210
 4  92  71  82   8   0  17 0.20  0.0    0  3.5 39 310   M    M   6 13     45 320
 5  92  73  83   9   0  18 0.00  0.0    0  6.4 23 270   M    M   6 138    30 270
 6  81  59  70  -4   0   5 0.00  0.0    0 11.6 22  20   M    M   5 1      27  40
 7  79  55  67  -7   0   2 0.00  0.0    0  8.9 18  80   M    M   0        22  70
 8  86  55  71  -3   0   6 0.00  0.0    0  4.2  9 360   M    M   1        13  10
 9  89  67  78   4   0  13 0.00  0.0    0  6.6 13 270   M    M   2        19 280
10  91  70  81   7   0  16 0.01  0.0    0  7.3 17 340   M    M   4 13     33 320
11  83  65  74   0   0   9 0.00  0.0    0  9.2 17  30   M    M   4        21  40
12  83  59  71  -3   0   6 0.00  0.0    0  7.2 15  50   M    M   3        19  20
13  89  63  76   2   0  11 0.00  0.0    0  4.2 12  30   M    M   2        15  10
14  90  66  78   4   0  13 0.00  0.0    0  4.6 10 240   M    M   5        15 220
15  90  72  81   7   0  16    T  0.0    0  4.9 22 260   M    M   8        27 260
16  86  71  79   5   0  14 0.28  0.0    0  6.3 21 240   M    M   8 18     25 240
17  86  67  77   3   0  12 0.00  0.0    0  9.5 18 300   M    M   3        23 320
18  83  58  71  -3   0   6 0.00  0.0    0  6.2 13  80   M    M   2        16  80
================================================================================
SM 1572 1185         0 213  1.83     0.0 121.9          M       74
================================================================================
AV 87.3 65.8                               6.8 FASTST   M    M   4    MAX(MPH)
                                 MISC ---->  # 39 220               # 46  210
================================================================================
NOTES:
# LAST OF SEVERAL OCCURRENCES

COLUMN 17 PEAK WIND IN M.P.H.

PRELIMINARY LOCAL CLIMATOLOGICAL DATA (WS FORM: F-6) , PAGE 2

                                          STATION:  DAYTON OH
                                          MONTH:    JULY
                                          YEAR:     2018
                                          LATITUDE:   39 54 N
                                          LONGITUDE:  84 12 W

[TEMPERATURE DATA]      [PRECIPITATION DATA]       SYMBOLS USED IN COLUMN 16

AVERAGE MONTHLY: 76.6   TOTAL FOR MONTH:   1.83    1 = FOG OR MIST
DPTR FM NORMAL:   2.6   DPTR FM NORMAL:   -0.71    2 = FOG REDUCING VISIBILITY
HIGHEST:    93 ON  1    GRTST 24HR  1.19 ON  3- 3      TO 1/4 MILE OR LESS
LOWEST:     55 ON  8, 7                            3 = THUNDER
                        SNOW, ICE PELLETS, HAIL    4 = ICE PELLETS
                        TOTAL MONTH:   0.0 INCH    5 = HAIL
                        GRTST 24HR     0.0         6 = FREEZING RAIN OR DRIZZLE
                        GRTST DEPTH:   0           7 = DUSTSTORM OR SANDSTORM:
                                                       VSBY 1/2 MILE OR LESS
                                                   8 = SMOKE OR HAZE
[NO. OF DAYS WITH]      [WEATHER - DAYS WITH]      9 = BLOWING SNOW
                                                   X = TORNADO
MAX 32 OR BELOW:   0    0.01 INCH OR MORE:   5
MAX 90 OR ABOVE:   7    0.10 INCH OR MORE:   4
MIN 32 OR BELOW:   0    0.50 INCH OR MORE:   1
MIN  0 OR BELOW:   0    1.00 INCH OR MORE:   1

[HDD (BASE 65) ]
TOTAL THIS MO.     0    CLEAR  (SCALE 0-3)   7
DPTR FM NORMAL     0    PTCLDY (SCALE 4-7)  11
TOTAL FM JUL 1     0    CLOUDY (SCALE 8-10)  0
DPTR FM NORMAL     0

[CDD (BASE 65) ]
TOTAL THIS MO.   213
DPTR FM NORMAL    51    [PRESSURE DATA]
TOTAL FM JAN 1   677    HIGHEST SLP 30.35 ON  7
DPTR FM NORMAL   255    LOWEST  SLP 29.86 ON 16

[REMARKS]
